-- https://www.phpmyadmin.net/
--

START TRANSACTION;



--
-- Database: `anjumana_main`
--

-- --------------------------------------------------------

--
-- Table structure for table `addresses`
--

CREATE TABLE `addresses` (
  `id` bigint(20) UNSIGNED NOT NULL,
  `user_id` bigint(20) UNSIGNED NOT NULL,
  `address_line_1` varchar(191) NOT NULL,
  `address_line_2` varchar(191) DEFAULT NULL,
  `city` varchar(191) NOT NULL,
  `postal_code` varchar(191) NOT NULL,
  `state` varchar(191) NOT NULL,
  `country` varchar(191) NOT NULL,
  `created_at` timestamp NULL DEFAULT NULL,
  `updated_at` timestamp NULL DEFAULT NULL
) ENGINE=InnoDB DEFAULT CHARSET=utf8mb4 COLLATE=utf8mb4_unicode_ci;

--
-- Dumping data for table `addresses`
--

INSERT INTO `addresses` (`id`, `user_id`, `address_line_1`, `address_line_2`, `city`, `postal_code`, `state`, `country`, `created_at`, `updated_at`) VALUES
(2, 1, '-', '', '-', '-', '-', 'AD', '2025-02-02 22:42:10', '2025-02-02 22:42:10');

-- --------------------------------------------------------

--
-- Table structure for table `bims`
--

CREATE TABLE `bims` (
  `id` bigint(20) UNSIGNED NOT NULL,
  `name` varchar(191) NOT NULL,
  `description` text DEFAULT NULL,
  `created_at` timestamp NULL DEFAULT NULL,
  `updated_at` timestamp NULL DEFAULT NULL
) ENGINE=InnoDB DEFAULT CHARSET=utf8mb4 COLLATE=utf8mb4_unicode_ci;

--
-- Dumping data for table `bims`
--

INSERT INTO `bims` (`id`, `name`, `description`, `created_at`, `updated_at`) VALUES
(6, '৪৫/১ T.C নাহিদ -৫৬৪০ তার', 'মেসাস আঞ্জমান টেক্স ', '2025-02-17 09:31:38', '2025-02-17 09:31:38'),
(7, '৩০/১ নাইচ-৮৮০০ তার', 'মেসাস নোমান টেক্স ', '2025-02-17 09:32:14', '2025-02-17 09:32:14'),
(8, '৩০/১ আকবার -৮৫৫০ তার', 'মেসাস I.W.T টেক্স ', '2025-02-17 09:32:46', '2025-02-17 09:32:46'),
(9, '৪৫/১ T.C S.A -৩৭৫০ তার', 'মেসাস A.R টেক্স ', '2025-02-17 09:33:33', '2025-02-17 09:33:33'),
(10, '৪৫/১ T.C কুমিল্লা -৪২৩০ তার', 'মেসাস A.R টেক্স ', '2025-02-17 09:40:04', '2025-02-17 09:40:04'),
(11, '২০/১-আকিজ -৩৩৬০ তার', 'মেসাস মিডল্যান্ড টেক্স ', '2025-02-17 09:41:57', '2025-02-17 09:41:57'),
(12, '৩০/১ সুফিয়া -৮৮০০ তার', 'মেসাস ইয়ামিন টেক্স ', '2025-02-17 09:43:26', '2025-02-17 09:43:26'),
(13, 'sumanta paul bim', NULL, '2025-03-24 11:23:58', '2025-03-24 11:23:58');

-- --------------------------------------------------------

--
-- Table structure for table `bim_stocks`
--

CREATE TABLE `bim_stocks` (
  `id` bigint(20) UNSIGNED NOT NULL,
  `client_id` bigint(20) UNSIGNED DEFAULT NULL,
  `bim_id` bigint(20) UNSIGNED NOT NULL,
  `branch_id` bigint(20) UNSIGNED DEFAULT NULL,
  `branch_bim_stock_id` bigint(20) UNSIGNED DEFAULT NULL,
  `type` enum('in','out') NOT NULL,
  `quantities` int(11) NOT NULL,
  `details` text DEFAULT NULL,
  `created_at` timestamp NULL DEFAULT NULL,
  `updated_at` timestamp NULL DEFAULT NULL
) ENGINE=InnoDB DEFAULT CHARSET=utf8mb4 COLLATE=utf8mb4_unicode_ci;

--
-- Dumping data for table `bim_stocks`
--

INSERT INTO `bim_stocks` (`id`, `client_id`, `bim_id`, `branch_id`, `branch_bim_stock_id`, `type`, `quantities`, `details`, `created_at`, `updated_at`) VALUES
(24, 10, 13, NULL, NULL, 'in', 5000, NULL, '2025-03-24 11:24:00', '2025-03-24 11:24:41'),
(25, NULL, 13, 34, NULL, 'out', 3000, NULL, '2025-03-24 11:24:00', '2025-03-24 11:25:05');

-- --------------------------------------------------------

--
-- Table structure for table `branches`
--

CREATE TABLE `branches` (
  `id` bigint(20) UNSIGNED NOT NULL,
  `name` varchar(191) NOT NULL,
  `address` text DEFAULT NULL,
  `phone` varchar(191) DEFAULT NULL,
  `email` varchar(191) NOT NULL,
  `opening_date` date DEFAULT NULL,
  `status` enum('active','closed','under_renovation') NOT NULL DEFAULT 'active',
  `created_at` timestamp NULL DEFAULT NULL,
  `updated_at` timestamp NULL DEFAULT current_timestamp()
) ENGINE=InnoDB DEFAULT CHARSET=utf8mb4 COLLATE=utf8mb4_unicode_ci;

--
-- Dumping data for table `branches`
--

INSERT INTO `branches` (`id`, `name`, `address`, `phone`, `email`, `opening_date`, `status`, `created_at`, `updated_at`) VALUES
(34, 'test', 'tt', '767', 'ggf@jhjb.com', '2025-02-06', 'active', '2025-02-02 22:09:13', '2025-02-02 22:09:13'),
(35, 'মেসাস মিডলেন্ড টেক্স ', 'উওরা,ঢাকা ', '01741772778', 'Midland123@gamil.com', '2025-01-31', 'active', '2025-02-17 06:03:33', '2025-02-17 06:03:33'),
(36, 'মেসাস নোমান টেক্স', 'গাজীপুর ', '01713224806', 'Noman123@gamil.com', '2025-01-31', 'active', '2025-02-17 06:21:12', '2025-02-17 06:21:12'),
(37, 'মেসাস I.W.T টেক্স ', 'মাধবাদী', '01713224806', 'IWT123@Gamil.com', '2025-01-31', 'active', '2025-02-17 06:27:20', '2025-02-17 06:27:20'),
(38, 'মেসাস A.R টেক্সটাইল', 'মাধবাদী', '01713224806', 'AR123@Gamil.com', '2025-01-31', 'active', '2025-02-17 06:29:21', '2025-02-17 06:29:21'),
(43, 'মেসাস রুমাইশা টেক্সটাইল ', 'মাধবাদী ', '01713224806', 'Rumishe123@gamil.com', '2025-01-01', 'active', '2025-04-12 06:55:28', '2025-04-12 06:55:28');

-- --------------------------------------------------------

--
-- Table structure for table `branch_bim_stocks`
--

CREATE TABLE `branch_bim_stocks` (
  `id` bigint(20) UNSIGNED NOT NULL,
  `unit_id` bigint(20) UNSIGNED DEFAULT NULL,
  `bim_stock_id` bigint(20) UNSIGNED DEFAULT NULL,
  `bim_id` bigint(20) UNSIGNED NOT NULL,
  `branch_id` bigint(20) UNSIGNED NOT NULL,
  `type` enum('in','out') NOT NULL,
  `quantities` int(11) NOT NULL,
  `details` text DEFAULT NULL,
  `created_at` timestamp NULL DEFAULT NULL,
  `updated_at` timestamp NULL DEFAULT NULL
) ENGINE=InnoDB DEFAULT CHARSET=utf8mb4 COLLATE=utf8mb4_unicode_ci;

--
-- Dumping data for table `branch_bim_stocks`
--

INSERT INTO `branch_bim_stocks` (`id`, `unit_id`, `bim_stock_id`, `bim_id`, `branch_id`, `type`, `quantities`, `details`, `created_at`, `updated_at`) VALUES
(24, 9, NULL, 12, 36, 'in', 25000, NULL, '2025-03-22 00:20:00', '2025-03-22 00:24:35');

-- --------------------------------------------------------

--
-- Table structure for table `branch_cloth_stocks`
--

CREATE TABLE `branch_cloth_stocks` (
  `id` bigint(20) UNSIGNED NOT NULL,
  `unit_id` bigint(20) UNSIGNED DEFAULT NULL,
  `cloth_stock_id` bigint(20) UNSIGNED DEFAULT NULL,
  `cloth_id` bigint(20) UNSIGNED NOT NULL,
  `branch_id` bigint(20) UNSIGNED NOT NULL,
  `type` enum('in','out') NOT NULL,
  `quantities` bigint(20) NOT NULL,
  `details` text DEFAULT NULL,
  `created_at` timestamp NULL DEFAULT NULL,
  `updated_at` timestamp NULL DEFAULT NULL
) ENGINE=InnoDB DEFAULT CHARSET=utf8mb4 COLLATE=utf8mb4_unicode_ci;

--
-- Dumping data for table `branch_cloth_stocks`
--

INSERT INTO `branch_cloth_stocks` (`id`, `unit_id`, `cloth_stock_id`, `cloth_id`, `branch_id`, `type`, `quantities`, `details`, `created_at`, `updated_at`) VALUES
(49, 10, NULL, 15, 36, 'in', 6817, NULL, '2025-06-18 04:48:00', '2025-06-18 04:50:39'),
(50, 24, NULL, 15, 36, 'in', 15098, NULL, '2025-06-18 04:50:00', '2025-06-18 04:51:37'),
(53, NULL, 61, 15, 36, 'out', 1000, NULL, '2025-06-18 04:59:00', '2025-06-18 05:00:01'),
(54, 10, NULL, 15, 36, 'out', 1000, NULL, '2025-06-18 05:01:00', '2025-06-18 05:01:35'),
(55, 16, NULL, 15, 36, 'in', 500, NULL, '2025-06-21 07:47:00', '2025-06-21 08:05:24'),
(56, 16, NULL, 16, 36, 'out', 400, NULL, '2025-06-21 07:51:00', '2025-06-21 07:52:55');

-- --------------------------------------------------------

--
-- Table structure for table `branch_user`
--

CREATE TABLE `branch_user` (
  `id` bigint(20) UNSIGNED NOT NULL,
  `branch_id` bigint(20) UNSIGNED NOT NULL,
  `user_id` bigint(20) UNSIGNED NOT NULL,
  `created_at` timestamp NULL DEFAULT current_timestamp(),
  `updated_at` timestamp NULL DEFAULT NULL
) ENGINE=InnoDB DEFAULT CHARSET=utf8mb4 COLLATE=utf8mb4_unicode_ci;

--
-- Dumping data for table `branch_user`
--

INSERT INTO `branch_user` (`id`, `branch_id`, `user_id`, `created_at`, `updated_at`) VALUES
(21, 35, 38, '2025-02-26 14:40:37', NULL),
(22, 35, 40, '2025-02-28 05:32:19', NULL),
(23, 36, 41, '2025-03-22 04:58:31', NULL),
(24, 36, 1, '2025-03-22 05:06:48', NULL);

-- --------------------------------------------------------

--
-- Table structure for table `branch_yarn_stocks`
--

CREATE TABLE `branch_yarn_stocks` (
  `id` bigint(20) UNSIGNED NOT NULL,
  `unit_id` bigint(20) UNSIGNED DEFAULT NULL,
  `yarn_stock_id` bigint(20) UNSIGNED DEFAULT NULL,
  `yarn_id` bigint(20) UNSIGNED NOT NULL,
  `branch_id` bigint(20) UNSIGNED NOT NULL,
  `type` enum('in','out') NOT NULL,
  `quantities` bigint(20) NOT NULL,
  `details` text DEFAULT NULL,
  `created_at` timestamp NULL DEFAULT NULL,
  `updated_at` timestamp NULL DEFAULT NULL
) ENGINE=InnoDB DEFAULT CHARSET=utf8mb4 COLLATE=utf8mb4_unicode_ci;

--
-- Dumping data for table `branch_yarn_stocks`
--

INSERT INTO `branch_yarn_stocks` (`id`, `unit_id`, `yarn_stock_id`, `yarn_id`, `branch_id`, `type`, `quantities`, `details`, `created_at`, `updated_at`) VALUES
(145, NULL, 160, 21, 36, 'in', 174, 'সাবেক ব্যালেন্স ', '2025-03-31 01:02:00', '2025-04-12 01:11:20'),
(148, NULL, 165, 20, 36, 'in', 571, NULL, '2025-03-31 08:52:00', '2025-04-11 08:53:10'),
(153, NULL, 172, 25, 36, 'in', 9, 'সাবেক ব্যালেন্স ', '2025-03-31 01:22:00', '2025-04-12 01:24:32'),
(154, NULL, 173, 22, 36, 'in', 20, 'সাবেক ব্যালেন্স', '2025-03-31 01:24:00', '2025-04-12 01:25:58'),
(156, NULL, 176, 31, 36, 'in', 40, 'সাবেক প্রবেশ ', '2025-03-31 01:35:00', '2025-05-19 05:25:39'),
(157, NULL, 178, 20, 36, 'in', 12, 'সাবেক প্রবেশ ', '2025-03-31 01:37:00', '2025-05-18 23:28:28'),
(158, NULL, 180, 33, 36, 'in', 55, 'সাবেক প্রবেশ ', '2025-03-31 01:58:00', '2025-05-19 05:26:10'),
(159, NULL, 182, 32, 36, 'in', 70, 'সাবেক প্রবেশ ', '2025-03-31 02:05:00', '2025-04-12 02:11:42'),
(165, NULL, 186, 34, 37, 'in', 53, 'সাবেক ব্যালেন্স ', '2025-03-31 04:57:00', '2025-04-12 04:58:11'),
(167, 16, NULL, 34, 36, 'out', 53, 'সুতা যাওয়া ', '2025-03-31 05:04:00', '2025-04-12 05:05:29'),
(168, NULL, 188, 35, 35, 'in', 1, 'সাবেক ব্যালেন্স ', '2025-03-31 05:51:00', '2025-04-12 05:59:21'),
(169, 17, NULL, 35, 36, 'in', 1, 'সুতা যাওয়া ', '2025-03-31 05:59:00', '2025-04-12 06:01:09'),
(170, NULL, 190, 38, 38, 'in', 106, 'সাবেক ব্যালেন্স ', '2025-03-31 06:14:00', '2025-04-12 06:18:32'),
(171, NULL, 192, 37, 38, 'in', 16, 'সাবেক ব্যালেন্স ', '2025-03-31 06:32:00', '2025-04-12 06:33:41'),
(172, NULL, 194, 36, 38, 'in', 72, 'সাবেক ব্যালেন্স ', '2025-03-31 06:35:00', '2025-04-12 06:36:34'),
(176, 9, NULL, 21, 36, 'out', 52, '14828', '2025-04-26 01:23:00', '2025-05-17 08:13:25'),
(177, 9, NULL, 22, 36, 'out', 52, '14872', '2025-04-30 01:28:00', '2025-05-17 08:13:41'),
(178, 9, NULL, 21, 36, 'out', 52, '14908', '2025-05-07 01:29:00', '2025-05-17 08:14:01'),
(179, 9, NULL, 21, 36, 'out', 52, '14943', '2025-05-11 01:29:00', '2025-05-17 08:14:19'),
(180, NULL, 201, 36, 38, 'in', 205, 'সাবেক প্রবেশ ', '2025-03-31 06:45:00', '2025-05-17 06:46:26'),
(181, NULL, 202, 30, 36, 'in', 20, 'সাবেক ব্যালেন্স', '2025-03-31 08:06:00', '2025-05-17 08:10:56'),
(183, NULL, 204, 22, 36, 'in', 37, '22964', '2025-04-22 23:10:00', '2025-05-18 23:12:11'),
(184, NULL, 205, 21, 36, 'in', 96, '23172', '2025-05-03 23:13:00', '2025-05-18 23:14:36'),
(185, NULL, 206, 21, 36, 'in', 80, '23454', '2025-05-13 23:14:00', '2025-05-18 23:15:45'),
(188, 10, NULL, 33, 36, 'out', 10, 'সুতা যাওয়া ', '2025-04-10 01:33:00', '2025-05-19 01:35:14'),
(189, 24, NULL, 33, 36, 'out', 5, '4914', '2025-04-09 01:36:00', '2025-05-19 01:37:17'),
(190, 24, NULL, 33, 36, 'out', 5, '3714', '2025-04-13 01:37:00', '2025-05-19 01:38:31'),
(191, 10, NULL, 32, 36, 'out', 6, '3745', '2025-04-15 02:00:00', '2025-05-19 02:01:30'),
(192, 24, NULL, 33, 36, 'out', 5, '3773', '2025-04-16 02:01:00', '2025-05-19 02:06:57'),
(193, 10, NULL, 32, 36, 'out', 5, '3838', '2025-04-19 02:06:00', '2025-05-19 02:07:59'),
(194, 24, NULL, 33, 36, 'out', 5, '3802', '2025-04-18 02:08:00', '2025-05-19 02:09:08'),
(195, 24, NULL, 33, 36, 'out', 5, '3860', '2025-04-20 02:09:00', '2025-05-19 02:10:17'),
(196, 10, NULL, 33, 36, 'out', 5, '3877', '2025-04-21 02:10:00', '2025-05-19 02:11:18'),
(197, 24, NULL, 33, 36, 'out', 5, '3907', '2025-04-22 02:11:00', '2025-05-19 02:12:32'),
(198, NULL, 208, 32, 36, 'in', 74, '22966', '2025-04-23 02:15:00', '2025-05-19 02:16:36'),
(199, 10, NULL, 32, 36, 'out', 20, '4929', '2025-04-23 02:18:00', '2025-05-19 02:24:01'),
(200, 24, NULL, 33, 36, 'out', 5, '3959', '2025-04-24 02:24:00', '2025-05-19 02:25:14'),
(201, 24, NULL, 33, 36, 'out', 5, '4003', '2025-04-27 02:25:00', '2025-05-19 02:26:37'),
(202, 24, NULL, 33, 36, 'out', 5, '4031', '2025-04-29 02:26:00', '2025-05-19 02:28:08'),
(203, 10, NULL, 32, 36, 'out', 5, 'সুতা যাওয়া ', '2025-04-30 02:28:00', '2025-05-19 02:30:06'),
(204, 10, NULL, 32, 36, 'out', 5, 'সুতা যাওয়া ', '2025-05-01 02:30:00', '2025-05-19 03:01:48'),
(205, 24, NULL, 31, 36, 'out', 20, '৪০৭৯', '2025-04-30 03:01:00', '2025-05-19 03:14:54'),
(206, 24, NULL, 31, 36, 'out', 5, '৪১২১', '2025-05-03 03:14:00', '2025-05-19 03:16:03'),
(207, NULL, 210, 33, 36, 'in', 49, '89279', '2025-05-04 04:32:00', '2025-05-19 04:33:42'),
(208, 10, NULL, 33, 36, 'out', 15, '4130', '2025-05-04 04:36:00', '2025-05-19 04:38:27'),
(209, 24, NULL, 31, 36, 'out', 10, '870', '2025-05-05 04:38:00', '2025-05-19 04:43:46'),
(210, 10, NULL, 33, 36, 'out', 10, NULL, '2025-05-09 04:46:00', '2025-05-19 04:47:16'),
(212, 24, NULL, 31, 36, 'out', 5, '৪১৮৩', '2025-05-06 04:50:00', '2025-05-19 04:51:26'),
(213, 24, NULL, 32, 36, 'out', 5, '৪২২০', '2025-05-08 04:51:00', '2025-05-19 04:52:23'),
(214, 24, NULL, 32, 36, 'out', 5, '৪২৭৯', '2025-05-11 04:52:00', '2025-05-19 04:53:13'),
(215, 10, NULL, 33, 36, 'out', 10, 'সুতা যাওয়া ', '2025-05-12 04:53:00', '2025-05-19 04:56:05'),
(216, 24, NULL, 32, 36, 'out', 5, '৪৩০৫', '2025-05-13 04:54:00', '2025-05-19 04:55:34'),
(217, 10, NULL, 33, 36, 'out', 10, 'সুতা যাওয়া ', '2025-05-15 04:57:00', '2025-05-19 04:58:50'),
(218, 24, NULL, 32, 36, 'out', 5, '৪৩৫৮', '2025-05-15 04:58:00', '2025-05-19 05:01:40'),
(219, NULL, 212, 33, 36, 'in', 50, '৯০৪৮৮', '2025-05-14 05:12:00', '2025-05-19 05:13:09'),
(221, NULL, 214, 21, 36, 'in', 51, '23744', '2025-05-25 03:30:00', '2025-05-31 03:31:17'),
(222, NULL, 216, 21, 36, 'in', 16, '23787', '2025-05-27 03:32:00', '2025-05-31 03:33:23'),
(223, NULL, 218, 32, 36, 'in', 58, '23787', '2025-05-27 03:37:00', '2025-05-31 03:38:05'),
(224, 9, NULL, 21, 36, 'out', 52, '15017', '2025-05-21 03:43:00', '2025-05-31 03:44:22'),
(225, 9, NULL, 21, 36, 'out', 52, '15051', '2025-05-26 03:44:00', '2025-05-31 03:45:16'),
(226, 10, NULL, 33, 36, 'out', 10, NULL, '2025-05-20 03:51:00', '2025-06-18 06:04:58'),
(227, 10, NULL, 33, 36, 'out', 10, NULL, '2025-05-22 03:57:00', '2025-06-18 06:08:45'),
(228, 24, NULL, 32, 36, 'out', 5, NULL, '2025-03-20 03:58:00', '2025-06-18 04:31:23'),
(229, 24, NULL, 20, 36, 'out', 586, NULL, '2025-04-03 04:17:00', '2025-06-18 04:25:33'),
(230, 10, NULL, 33, 36, 'out', 15, NULL, '2025-05-28 06:10:00', '2025-06-18 06:11:08'),
(231, NULL, 220, 33, 36, 'in', 422, 'সাবেক ব্যালেন্স ', '2025-03-28 06:58:00', '2025-06-18 06:59:05'),
(232, 10, NULL, 33, 36, 'out', 422, 'সাবেক ব্যালেন্স ', '2025-03-28 07:00:00', '2025-06-18 07:01:22');

-- --------------------------------------------------------

--
-- Table structure for table `chemicals`
--

CREATE TABLE `chemicals` (
  `id` bigint(20) UNSIGNED NOT NULL,
  `name` varchar(191) NOT NULL,
  `description` text DEFAULT NULL,
  `created_at` timestamp NULL DEFAULT NULL,
  `updated_at` timestamp NULL DEFAULT NULL
) ENGINE=InnoDB DEFAULT CHARSET=utf8mb4 COLLATE=utf8mb4_unicode_ci;

--
-- Dumping data for table `chemicals`
--

INSERT INTO `chemicals` (`id`, `name`, `description`, `created_at`, `updated_at`) VALUES
(4, 'jb', 'nb', '2025-02-04 03:36:34', NULL),
(5, '২.মোম (WAX)', '', '2025-02-05 08:13:09', '2025-02-16 12:10:54'),
(6, '১.বালি (BARLEY)', '', '2025-02-05 08:14:37', '2025-02-16 12:09:43'),
(7, '৩.ডালডা (DALDA)', '', '2025-02-05 08:16:31', '2025-02-16 12:14:06'),
(8, '৪.গাম (GAMA)', NULL, '2025-02-16 12:14:50', '2025-02-16 12:14:50'),
(9, '৫.সাগু (SAGU)', NULL, '2025-02-16 12:15:53', '2025-02-16 12:15:53'),
(10, '৬.পি.ভি.জ ( P.V.Z )', NULL, '2025-02-16 12:24:40', '2025-02-16 12:24:40'),
(11, '৭. জেইলি (JEILI )', NULL, '2025-02-16 12:26:55', '2025-02-16 12:26:55'),
(12, '৮. জেলেডিন (JELETHINA)', NULL, '2025-02-16 12:29:23', '2025-03-09 06:40:30');

-- --------------------------------------------------------

--
-- Table structure for table `chemical_stocks`
--

CREATE TABLE `chemical_stocks` (
  `id` bigint(20) UNSIGNED NOT NULL,
  `client_id` bigint(20) UNSIGNED DEFAULT NULL,
  `chemical_id` bigint(20) UNSIGNED NOT NULL,
  `type` enum('in','out') NOT NULL,
  `quantities` bigint(20) NOT NULL,
  `details` text DEFAULT NULL,
  `created_at` timestamp NULL DEFAULT NULL,
  `updated_at` timestamp NULL DEFAULT NULL
) ENGINE=InnoDB DEFAULT CHARSET=utf8mb4 COLLATE=utf8mb4_unicode_ci;

--
-- Dumping data for table `chemical_stocks`
--

INSERT INTO `chemical_stocks` (`id`, `client_id`, `chemical_id`, `type`, `quantities`, `details`, `created_at`, `updated_at`) VALUES
(14, 85, 5, 'in', 113, 'সাবেক ব্যালেন্স ', '2025-02-28 06:29:00', '2025-03-09 06:31:10'),
(15, 85, 6, 'in', 1150, 'সাবেক ব্যালেন্স ', '2025-02-28 05:02:00', '2025-03-09 06:28:22'),
(16, 85, 7, 'in', 54, 'সাবেক ব্যালেন্স ', '2025-02-28 06:31:00', '2025-03-09 06:32:00'),
(17, 85, 8, 'in', 10, 'সাবেক ব্যালেন্স ', '2025-02-28 06:32:00', '2025-03-09 06:38:22'),
(18, 85, 9, 'in', 85, 'সাবেক ব্যালেন্স ', '2025-02-28 06:38:00', '2025-03-09 06:39:53'),
(19, 85, 12, 'in', 9, 'সাবেক ব্যালেন্স ', '2025-02-28 06:40:00', '2025-03-09 06:41:31'),
(20, 85, 10, 'in', 79, 'সাবেক ব্যালেন্স ', '2025-02-28 06:41:00', '2025-03-09 06:42:15'),
(21, 85, 11, 'in', 180, 'সাবেক ব্যালেন্স ', '2025-02-28 06:42:00', '2025-03-09 06:42:54'),
(22, 85, 6, 'in', 1000, '', '2025-03-02 04:35:00', '2025-03-17 04:40:30'),
(23, 85, 7, 'in', 80, NULL, '2025-03-02 04:41:00', '2025-03-17 04:41:53'),
(24, 85, 6, 'in', 500, NULL, '2025-03-03 04:41:00', '2025-03-17 04:50:01'),
(25, 85, 6, 'in', 75, NULL, '2025-03-03 04:50:00', '2025-03-17 04:50:44'),
(26, 85, 6, 'in', 1000, NULL, '2025-03-04 04:50:00', '2025-03-17 04:51:07'),
(27, 85, 5, 'in', 150, NULL, '2025-03-04 04:51:00', '2025-03-17 04:52:20'),
(28, 85, 7, 'in', 80, NULL, '2025-03-04 04:52:00', '2025-03-17 04:52:58'),
(29, 85, 9, 'in', 75, NULL, '2025-03-04 04:52:00', '2025-03-17 04:53:24'),
(30, 85, 6, 'in', 625, NULL, '2025-03-05 04:53:00', '2025-03-17 04:54:38'),
(31, 85, 6, 'in', 1500, NULL, '2025-03-06 04:54:00', '2025-03-17 05:09:53'),
(32, 85, 6, 'in', 500, NULL, '2025-03-09 05:09:00', '2025-03-17 05:10:39'),
(33, 85, 5, 'in', 100, NULL, '2025-03-09 05:10:00', '2025-03-17 05:22:46'),
(34, 85, 9, 'in', 125, NULL, '2025-03-09 05:22:00', '2025-03-17 05:23:05'),
(35, 85, 7, 'in', 80, NULL, '2025-03-09 05:23:00', '2025-03-17 05:23:26'),
(36, 85, 6, 'in', 1000, NULL, '2025-03-10 05:23:00', '2025-03-17 05:24:31'),
(37, 85, 6, 'in', 500, NULL, '2025-03-11 05:24:00', '2025-03-17 05:25:15'),
(38, 85, 6, 'in', 500, NULL, '2025-03-12 05:25:00', '2025-03-17 05:25:44'),
(39, 85, 5, 'in', 50, NULL, '2025-03-12 05:25:00', '2025-03-17 05:26:26'),
(40, 85, 7, 'in', 80, NULL, '2025-03-12 05:26:00', '2025-03-17 05:27:17'),
(41, 85, 6, 'in', 1000, NULL, '2025-03-13 05:27:00', '2025-03-17 05:27:57'),
(42, 85, 5, 'in', 100, NULL, '2025-03-14 05:27:00', '2025-03-17 05:28:23'),
(43, 85, 6, 'in', 1000, NULL, '2025-03-15 05:29:00', '2025-03-17 05:31:12'),
(44, 85, 7, 'in', 32, NULL, '2025-03-15 05:31:00', '2025-03-17 05:31:53'),
(45, 132, 10, 'in', 200, NULL, '2025-03-01 05:31:00', '2025-03-17 05:34:37'),
(46, 132, 12, 'in', 200, NULL, '2025-03-01 05:34:00', '2025-03-17 05:35:32'),
(47, 132, 11, 'in', 250, NULL, '2025-03-01 05:35:00', '2025-03-17 05:36:03'),
(48, 132, 12, 'in', 200, NULL, '2025-03-08 05:36:00', '2025-03-17 05:36:40'),
(49, 132, 11, 'in', 250, NULL, '2025-03-08 05:36:00', '2025-03-17 05:37:05'),
(50, 132, 11, 'in', 250, NULL, '2025-03-19 00:06:00', '2025-04-23 00:07:39'),
(51, 132, 10, 'in', 160, NULL, '2025-03-24 00:07:00', '2025-04-23 00:10:42'),
(52, 132, 12, 'in', 100, NULL, '2025-03-24 00:10:00', '2025-04-23 00:11:29'),
(53, 132, 11, 'in', 250, NULL, '2025-03-24 00:11:00', '2025-04-23 00:11:52'),
(54, 85, 6, 'in', 875, '9311', '2025-03-23 00:24:00', '2025-04-23 00:26:45'),
(55, 85, 5, 'in', 100, '9209', '2025-03-17 00:13:00', '2025-04-23 00:23:16'),
(56, 85, 7, 'in', 80, '9209', '2025-03-17 00:13:00', '2025-04-23 00:22:51'),
(57, 85, 6, 'in', 1000, '9227', '2025-03-18 00:14:00', '2025-04-23 00:22:28'),
(58, 85, 6, 'in', 1000, '9246', '2025-03-19 00:14:00', '2025-04-23 00:21:58'),
(59, 85, 7, 'in', 80, '9246', '2025-03-19 00:17:00', '2025-04-23 00:21:42'),
(60, 85, 9, 'in', 100, '9246', '2025-03-19 00:17:00', '2025-04-23 00:21:01'),
(61, 85, 6, 'in', 1000, '9294', '2025-03-22 00:18:00', '2025-04-23 00:20:37'),
(62, 85, 5, 'in', 100, '9311', '2025-03-23 00:44:00', '2025-04-23 00:46:21'),
(63, 85, 9, 'in', 100, '9311', '2025-03-23 00:46:00', '2025-04-23 00:48:05'),
(64, 85, 7, 'in', 48, '9311', '2025-03-23 00:48:00', '2025-04-23 00:49:38'),
(65, 85, 6, 'in', 875, '9326', '2025-03-24 00:49:00', '2025-04-23 00:50:37'),
(66, 85, 7, 'in', 32, '9326', '2025-03-24 00:50:00', '2025-04-23 00:51:46'),
(67, 85, 6, 'in', 1000, '9344', '2025-03-25 00:51:00', '2025-04-23 00:52:27'),
(68, 85, 5, 'in', 100, '9344', '2025-03-25 00:52:00', '2025-04-23 00:53:09'),
(69, 85, 7, 'in', 80, '9344', '2025-03-25 00:53:00', '2025-04-23 00:53:40'),
(70, 141, 6, 'in', 500, '৪৯৪২', '2025-03-26 01:00:00', '2025-04-23 01:01:33'),
(71, 141, 6, 'in', 1000, NULL, '2025-03-27 01:01:00', '2025-04-23 01:02:47'),
(72, 141, 7, 'in', 48, NULL, '2025-03-27 01:02:00', '2025-04-23 01:03:44'),
(73, 141, 9, 'in', 25, NULL, '2025-03-27 01:03:00', '2025-04-23 01:04:10'),
(74, 85, 6, 'in', 500, '৯৩৭০', '2025-03-27 01:04:00', '2025-04-23 01:04:46'),
(75, 85, 6, 'in', 500, '9264', '2025-03-20 06:31:00', '2025-05-10 06:32:36'),
(76, 141, 6, 'out', 1500, 'মাসিক খরচের হিসাব ', '2025-03-31 06:40:00', '2025-05-10 06:41:30'),
(77, 141, 7, 'out', 48, 'মাসিক খরচের হিসাব ', '2025-03-31 06:41:00', '2025-05-10 06:42:39'),
(78, 141, 9, 'out', 25, 'মাসিক খরচের হিসাব ', '2025-03-31 06:42:00', '2025-05-10 06:43:34'),
(79, 85, 10, 'out', 79, 'মাসিক খরচের হিসাব ', '2025-03-31 06:48:00', '2025-05-10 06:50:43'),
(80, 85, 11, 'out', 180, 'মাসিক খরচের হিসাব ', '2025-03-31 06:50:00', '2025-05-10 06:51:47'),
(81, 85, 12, 'out', 9, 'মাসিক খরচের হিসাব ', '2025-03-31 06:51:00', '2025-05-10 06:53:09'),
(82, 132, 10, 'out', 216, 'মাসিক খরচের হিসাব ', '2025-05-10 06:53:00', '2025-05-10 06:54:45'),
(83, 132, 11, 'out', 858, 'মাসিক খরচের হিসাব ', '2025-03-31 06:56:00', '2025-05-10 06:59:34'),
(84, 132, 12, 'out', 462, 'মাসিক খরচের হিসাব ', '2025-03-31 06:59:00', '2025-05-10 07:01:44'),
(85, 85, 6, 'out', 16412, 'মাসিক খরচের হিসাব ', '2025-03-31 07:02:00', '2025-05-10 07:16:45'),
(86, 85, 5, 'out', 806, 'মাসিক খরচের হিসাব ', '2025-03-31 07:04:00', '2025-05-10 07:17:37'),
(87, 85, 7, 'out', 684, 'মাসিক খরচের হিসাব ', '2025-03-31 07:08:00', '2025-05-10 07:09:14'),
(88, 85, 9, 'out', 463, 'মাসিক খরচের হিসাব ', '2025-03-31 07:09:00', '2025-05-10 07:20:34'),
(89, 85, 8, 'out', 10, 'মাসিক খরচের হিসাব ', '2025-03-31 07:21:00', '2025-05-10 07:22:18'),
(90, 132, 12, 'in', 100, '৭৮', '2025-04-13 07:23:00', '2025-05-10 07:30:27'),
(91, 132, 11, 'in', 250, '৭৮', '2025-04-13 07:30:00', '2025-05-10 07:31:40'),
(92, 132, 10, 'in', 200, '৮৬', '2025-04-20 07:31:00', '2025-05-10 07:36:04'),
(93, 132, 11, 'in', 250, '৮৬', '2025-04-20 07:36:00', '2025-05-10 07:37:07'),
(94, 132, 12, 'in', 100, '৮৬১', '2025-04-24 07:37:00', '2025-05-10 07:38:07'),
(95, 132, 12, 'in', 100, '৯৩', '2025-04-29 07:38:00', '2025-05-10 07:38:38');

-- --------------------------------------------------------

--
-- Table structure for table `clients`
--

CREATE TABLE `clients` (
  `id` bigint(20) UNSIGNED NOT NULL,
  `first_name` varchar(191) NOT NULL,
  `last_name` varchar(191) NOT NULL,
  `email` varchar(191) NOT NULL,
  `phone` varchar(191) DEFAULT NULL,
  `address` varchar(191) DEFAULT NULL,
  `created_at` timestamp NULL DEFAULT NULL,
  `updated_at` timestamp NULL DEFAULT NULL
) ENGINE=InnoDB DEFAULT CHARSET=utf8mb4 COLLATE=utf8mb4_unicode_ci;

--
-- Dumping data for table `clients`
--

INSERT INTO `clients` (`id`, `first_name`, `last_name`, `email`, `phone`, `address`, `created_at`, `updated_at`) VALUES
(10, 'test', '567', 'support@spngolds.com', '56', '56', '2025-02-02 22:19:50', '2025-02-02 22:19:50'),
(11, 'মেসাস আঞ্জমান আরা ', 'টেক্সটাইল ', 'rakibuddin016859@gamil.com', '01713224806', 'Birampur,Madhabdi', '2025-02-04 06:29:22', '2025-02-04 06:37:54'),
(12, 'মেসাস নোমান ', 'টেক্স ', 'noman123@email.com', '01713224806', 'Madhabdi', '2025-02-04 06:34:00', '2025-02-04 06:34:00'),
(13, 'মেসাস A.R', 'টেক্স', 'AR123@email.com', '01713224806', 'Madhabdi', '2025-02-04 06:37:28', '2025-02-04 06:37:28'),
(14, 'মেসাস I.W.T', 'টেক্সটাইল( নিটিং চাজ বাবদ)', 'IWT123@Email.com', '01713224806', 'Madhabdi', '2025-02-04 06:39:34', '2025-05-26 01:24:04'),
(15, 'মেসাস মিডল্যান্ড ', 'টেক্সটাইল', 'Midland123@email.com', '01741772778', 'Madhabdi', '2025-02-04 06:45:01', '2025-02-04 06:45:01'),
(16, 'মেসাস তিশা ', 'টেক্সটাইল', 'Tisha123@gamil.com', '01794627417', 'Madhabdi', '2025-02-04 06:48:39', '2025-02-04 06:48:39'),
(17, 'মেসাস বিসমিল্লাহ ', 'টেক্সটাইল', 'Bismillah123@gamil.com', '01719299443', 'Madhabdi', '2025-02-04 06:55:31', '2025-02-04 06:55:31'),
(18, 'মেসাস গোমতি ', 'টেক্সটাইল', 'Gomit123@gamil.com', '01927149638', 'Madhabdi', '2025-02-04 07:04:15', '2025-02-04 07:04:15'),
(19, 'মেসাস এস এস ', 'টেক্সটাইল', 'SS123@gamil.com', '01741248402', 'Madhabdi', '2025-02-04 07:07:40', '2025-02-04 07:07:40'),
(20, 'মেসাস মাহিদ ', 'টেক্সটাইল', 'Mahid123@gamil.com', '01811433588', 'Madhabdi', '2025-02-04 07:10:59', '2025-02-04 07:10:59'),
(21, 'মেসাস মায়ের দোয়া', 'টেক্সটাইল', 'Mayerdoya123@gamil.com', '01938893034', 'Madhabdi', '2025-02-04 07:13:47', '2025-02-04 07:13:47'),
(22, 'মেসাস সায়মা ', 'টেক্সটাইল', 'Sayima123@gamil.com', '01717414406', 'Madhabdi ', '2025-02-04 07:15:58', '2025-02-04 07:15:58'),
(23, 'মেসাস হালিমা ', 'টেক্সটাইল', 'Halime123@gamil.com', '01716063147', 'Madhabdi', '2025-02-04 07:18:20', '2025-02-04 07:18:20'),
(24, 'মেসাস তুশিরা ', 'টেক্সটাইল', 'Tushera123@gamil.com', '01976598727', 'Madhabdi ', '2025-02-04 07:23:17', '2025-02-04 07:23:17'),
(25, 'মেসাস বিসমিল্লাহ', 'টেক্সটাইল (৩)', 'Tushera456@gamil.com', '01976598727', 'Madhabdi', '2025-02-04 07:26:50', '2025-02-04 07:26:50'),
(26, 'মেসাস আরাফাত ', 'টেক্সটাইল', 'Arafat123@gamil.com', '01703590670', 'Madhbdi', '2025-02-04 07:34:14', '2025-02-04 07:34:14'),
(27, 'মেসাস সুমি ', 'টেক্সটাইল', 'Sumi123@gamil.com', '01913302961', 'Madhabdi ', '2025-02-04 07:36:09', '2025-02-04 07:36:09'),
(28, 'মেসাস আওলাদ', 'টেক্সটাইল', 'Aulad123@gamil.com', '01726733692', 'Madhabdi', '2025-02-04 07:38:56', '2025-02-04 07:38:56'),
(29, 'মেসাস মাশরাফি ', 'টেক্সটাইল', 'Masrife123@gamil.com', '01716608094', 'Madhabdi', '2025-02-04 07:44:18', '2025-02-04 07:44:18'),
(30, 'মেসাস নিয়ামতপুরি ', 'টেক্সটাইল', 'Joynti123@gamil.com', '01791968428', 'Madhabdi', '2025-02-04 07:47:28', '2025-02-04 07:47:28'),
(31, 'মেসাস মিজান ', 'টেক্সটাইল', 'Mizan123@gamil.com', '01711621918', 'Madhabdi', '2025-02-04 07:49:13', '2025-02-04 07:49:13'),
(32, 'মেসাস নাঈমা ', 'টেক্সটাইল', 'Naima123@gamil.com', '01711927988', 'Madhabdi', '2025-02-04 07:51:01', '2025-02-04 07:51:01'),
(33, 'মেসাস আশরাফ ', 'টেক্সটাইল', 'Asheraf123@gamil.com', NULL, 'Madhbdi', '2025-02-04 08:03:21', '2025-02-04 08:03:21'),
(34, 'মেসাস হাসিবুর ', 'টেক্সটাইল', 'Hsabiur123@gamil.com', '01711139204', 'Madhabdi', '2025-02-04 08:26:59', '2025-02-04 08:26:59'),
(35, 'মেসাস ওবাইদুল্লা ', 'টেক্সটাইল', 'Obiadull123@gamil.com', '01760436772', 'Madhabdi', '2025-02-04 08:31:43', '2025-02-04 08:31:43'),
(36, 'মেসাস আনিকা', 'টেক্সটাইল', 'Anika123@gamil.com', NULL, 'Madhabdi', '2025-02-04 09:35:16', '2025-02-04 09:35:16'),
(37, 'মেসাস রাইশা ', 'টেক্সটাইল', 'Rasia123@gamil.com', '01315784467', 'Madhabdi', '2025-02-04 09:45:59', '2025-02-04 09:45:59'),
(38, 'মেসাস ইমন ', 'টেক্সটাইল', 'Emon123@gamil.com', '01834663661', 'Madhabdi', '2025-02-04 09:48:06', '2025-02-04 09:48:06'),
(39, 'মেসাস নিতু ', 'টেক্সটাইল', 'Nitu123@gamil.com', '01711621918', 'Madhabdi', '2025-02-04 09:51:15', '2025-02-04 09:51:15'),
(40, 'মেসাস জুয়েল ', 'টেক্সটাইল', 'Juwel123@gamil.com', '01794627417', 'Madhabdi', '2025-02-04 09:53:30', '2025-02-04 09:53:30'),
(41, 'মেসাস আলামিন(ইয়ামিন)', 'টেক্সটাইল', 'Alamin123@gamil.com', '01672251938', 'Madhabdi', '2025-02-04 10:41:00', '2025-02-04 10:41:00'),
(42, 'মেসাস সোহেল ', 'টেক্সটাইল', 'SOHEL123@gamil.com', '01382081310', 'Madhabdi', '2025-02-04 11:08:38', '2025-02-04 11:08:38'),
(43, 'মেসাস হাবিব', 'টেক্সটাইল', 'Habib123@gamil.com', '01614828093', 'Madhabdi', '2025-02-04 11:11:34', '2025-02-04 11:11:34'),
(44, 'মেসাস শহিদ', 'টেক্সটাইল', 'Sahid123@gamil.com', '01713811419', 'Madhabdi', '2025-02-04 11:14:54', '2025-02-04 11:14:54'),
(45, 'মেসাস জিষান', 'টেক্সটাইল', 'Jishan123@gamil.com', '01923379757', 'Madhabdi', '2025-02-04 11:17:00', '2025-02-04 11:17:00'),
(46, 'মেসাস সুভন', 'টেক্সটাইল', 'Sobhan123@gamil.com', NULL, 'DHAKA', '2025-02-04 11:18:47', '2025-02-04 11:18:47'),
(47, 'মেসাস আঃ জলিল', 'টেক্সটাইল', 'Jalil123@gamil.com', '01712294180', 'Madhabdi', '2025-02-04 11:21:46', '2025-02-04 11:21:46'),
(48, 'মেসাস জে বি এল ', 'টেক্সটাইল', 'JBL123@gamil.com', '01953901904', 'Madhabdi', '2025-02-04 11:24:08', '2025-02-04 11:24:08'),
(49, 'মেসাস ইয়াসমিন', 'টেক্সটাইল', 'Easmin123@gamil.com', '01725068618', 'Madhabdi', '2025-02-04 11:28:41', '2025-02-04 11:28:41'),
(50, 'মেসাস মিনহাজ', 'টেক্সটাইল', 'Mihanje123@gamil.com', '01981765442', 'Madhabdi', '2025-02-04 11:32:30', '2025-02-04 11:32:30'),
(51, 'মেসাস নুরুল হক মেম্বার ', 'টেক্সটাইল', 'Nural123@gamil.com', '01711005803', 'Madhabdi', '2025-02-04 11:43:12', '2025-02-04 11:43:12'),
(52, 'মেসাস বুশরা ', 'টেক্সটাইল', 'Busher123@gamil.com', '01914086124', 'Madhabdi', '2025-02-04 11:46:02', '2025-02-04 11:46:02'),
(53, 'মেসাস আব্দুল্লাহ ', 'টেক্সটাইল', 'Abdullah123@gamil.com', '01843282662', 'Madhabdi', '2025-02-04 11:49:15', '2025-02-04 11:49:15'),
(54, 'মেসাস ময়না নূর ', 'টেক্সটাইল', 'Moyna123@gamil.com', '01772800882', 'Madhabdi', '2025-02-04 11:52:39', '2025-02-04 11:52:39'),
(55, 'মেসাস ভাই ভাই ', 'টেক্সটাইল', 'Bahi123@gamil.com', '01720393286', 'Madhabdi', '2025-02-04 11:55:51', '2025-02-04 11:55:51'),
(56, 'মেসাস দেলোয়ার ', 'টেক্সটাইল', 'Delwer123@gamil.com', NULL, 'Madhabdi', '2025-02-04 12:31:38', '2025-02-04 12:31:38'),
(57, 'মেসাস শরিফ', 'টেক্সটাইল', 'Sarif123@gamil.com', '01712294180', 'Madhabdi', '2025-02-04 12:40:24', '2025-02-04 12:40:24'),
(58, 'মেসাস মোঃ আলী', 'টেক্সটাইল', 'Ali123@gamil.com', '01705265069', 'Madhabdi', '2025-02-04 12:46:42', '2025-02-04 12:46:42'),
(59, 'মেসাস E.P.Z', 'টেক্সটাইল', 'EPZ123@gamil.com', NULL, 'Madhabdi', '2025-02-04 12:54:33', '2025-02-04 12:54:33'),
(60, 'মেসাস লামিয়া ', 'টেক্সটাইল', 'Limaya123@gamil.com', NULL, 'Madhabdi', '2025-02-04 13:39:34', '2025-02-04 13:39:34'),
(61, 'মেসাস সাফা ', 'টেক্সটাইল', 'Safa123@gamil.com', '01642371572', 'Madhabdi', '2025-02-04 13:45:51', '2025-02-04 13:45:51'),
(62, 'মেসাস বিসমিল্লাহ', 'টেক্সটাইল/সবুজ (৪)', 'Bismillah456@gamil.com', '01915031199', 'Madhabdi', '2025-02-05 05:42:28', '2025-02-05 05:42:28'),
(63, 'মেসাস শাহাদৎ', 'টেক্সটাইল', 'Sahadata123@gamil.com', '01868870892', 'Madhabdi', '2025-02-05 05:54:33', '2025-02-05 05:54:33'),
(64, 'মেসাস আরিফ', 'টেক্সটাইল', 'Arif123@gamil.com', '01912684861', 'Madhabdi', '2025-02-05 05:58:06', '2025-02-05 05:58:06'),
(65, 'মেসাস মরিয়ম ', 'টেক্সটাইল (২)', 'Moriem123@gamil.com', '01728838130', 'Madhabdi', '2025-02-05 06:32:19', '2025-02-05 06:32:19'),
(66, 'মেসাস হজরত আলী', 'টেক্সটাইল', 'Harjat123@gamil.com', '01732624523', 'Madhabdi', '2025-02-05 06:35:54', '2025-02-05 06:35:54'),
(67, 'মেসাস ফজলুল হক', 'টেক্সটাইল', 'Fajula123@gamil.com', '01732624523', 'Madhabdi', '2025-02-05 06:38:11', '2025-02-05 06:38:11'),
(68, 'মেসাস রিফাত', 'টেক্সটাইল', 'Rifat123@gamil.com', '01675459275', 'Madhabdi', '2025-02-05 06:41:48', '2025-02-05 06:41:48'),
(69, 'মেসাস মাত্ব ', 'টেক্সটাইল', 'Matre123@gamil.com', '01711788567', 'Madhabdi', '2025-02-05 06:45:10', '2025-02-05 06:45:10'),
(70, 'মেসাস সালমান ', 'টেক্সটাইল', 'Salman123@gamil.com', '01722172061', 'Madhabdi', '2025-02-05 06:46:52', '2025-02-05 06:46:52'),
(71, 'মেসাস আফরোজা', 'টেক্সটাইল', 'Afroza123@gamil.com', '01817667678', 'Madhabdi', '2025-02-05 06:48:56', '2025-02-05 06:48:56'),
(72, 'মেসাস সনজিত', 'টেক্সটাইল', 'Sanjite123@gamil.com', '01817667678', 'Madhabdi', '2025-02-05 06:54:53', '2025-02-05 06:54:53'),
(73, 'মেসাস ইব্রাহিম ', 'টেক্সটাইল', 'Ebriham123@gamil.com', '01317378903', 'Madhabdi', '2025-02-05 07:17:48', '2025-02-05 07:17:48'),
(74, 'মেসাস মতিন', 'টেক্সটাইল', 'Mothin123@gamil.com', NULL, 'Madhabdi', '2025-02-05 07:19:30', '2025-02-05 07:19:30'),
(75, 'মেসাস বিসমিল্লাহ(মাওয়া)', 'টেক্সটাইল', 'mayuh123@gamil.com', '01799442453', 'Madhabdi', '2025-02-05 07:22:01', '2025-02-05 07:22:01'),
(76, 'মেসাস সায়েম', 'টেক্সটাইল', 'Sayam123@gamil.com', '01772800882', 'Madhabdi', '2025-02-05 07:24:42', '2025-02-05 07:24:42'),
(77, 'মেসাস তিশা', 'টেক্সটাইল', 'Tisha456@gamil.com', '01794627417', 'Madhabdi', '2025-02-05 07:27:47', '2025-02-05 07:27:47'),
(78, 'মেসাস নোমান', 'টেক্সটাইল', 'noman456@email.com', '01713224806', 'MAWNA,SREEPUR,GAZIPUR', '2025-02-05 07:32:44', '2025-02-05 07:34:05'),
(79, 'মেসাস মিডল্যান্ড', 'টেক্সটাইল', 'Midland456@email.com', '01741772778', 'Madhabdi', '2025-02-05 07:40:16', '2025-02-05 07:40:16'),
(80, 'M/S GOOD', 'TEXTILE', 'Good123@gamil.com', '01977917052', 'Madhabdi', '2025-02-05 07:49:43', '2025-02-05 07:52:00'),
(81, 'M/S BEST YARN', 'TRADING', 'BEST123@gamil.com', '01730961268', 'Madhabdi', '2025-02-05 08:01:52', '2025-02-05 08:01:52'),
(82, 'M/S ANANDA YARN', 'TRADING', 'Ananda123@gamil.com', '01733677728', 'Madhabdi', '2025-02-05 08:03:37', '2025-02-05 08:03:37'),
(83, 'M/S NICE', 'TRADERS', 'Nice123@gamil.com', '01960769657', 'Madhabdi', '2025-02-05 08:05:17', '2025-02-05 08:05:17'),
(84, 'মেসাস কাউছার ', 'টেক্সটাইল', 'kaswer123@gamil.com', NULL, 'Madhabdi', '2025-02-10 13:06:11', '2025-02-10 13:06:11'),
(85, 'মেসাস কামাল', 'এন্টারপ্রাইজ ', 'Kamal123@gamil.com', '01715870594', 'মাধবাদী ', '2025-02-18 11:15:43', '2025-02-18 11:15:43'),
(86, 'মেসাস মায়ের দোয়া ', 'ক্যামিকেলস ', 'Ponir123@gamil.com', '01982469562', 'মাধবাদী ', '2025-02-18 11:18:51', '2025-02-18 11:18:51'),
(87, 'মেসাস এইচ আর ', 'এন্টারপ্রাইজ', 'Rakib123@gamil.com', '01960047590', 'মাধবাদী ', '2025-02-18 11:22:58', '2025-02-18 11:25:23'),
(88, 'মেসাস কবির ', 'টেক্সটাইল', 'Kabir123@gamil.com', NULL, 'মাধবাদী ', '2025-02-19 05:30:54', '2025-02-19 05:30:54'),
(89, 'মেসাস ফারুক ', 'টেক্সটাইল', 'Faruk123@gamil.com', NULL, 'মাধবাদী ', '2025-02-19 05:32:46', '2025-02-19 05:32:46'),
(90, 'মেসাস ফাহাদ', 'টেক্সটাইল', 'Fahad123@gamil.com', NULL, 'মাধবাদী ', '2025-02-19 05:34:31', '2025-02-19 05:34:31'),
(91, 'মেসাস E.S ', 'টেক্সটাইল', 'E.S123@gamil.com', NULL, 'মাধবাদী ', '2025-02-19 05:36:02', '2025-02-19 05:36:02'),
(92, 'মেসাস গাফফার ', 'টেক্সটাইল', 'Gaffer123@gamil.com', NULL, 'মাধবাদী ', '2025-02-19 06:31:40', '2025-02-19 06:31:40'),
(93, 'মেসাস সাকিব ', 'টেক্সটাইল', 'Sakib123@gamil.com', NULL, 'মাধবাদী ', '2025-02-19 06:34:23', '2025-02-19 06:34:23'),
(94, 'মেসাস শুভ ', 'টেক্সটাইল', 'Shoba123@gamil.com', NULL, 'মাধবাদী ', '2025-02-19 07:19:03', '2025-02-19 07:19:03'),
(95, 'মেসাস জে আর এস ', 'টেক্সটাইল', 'JRS123@gamil.com', '01615035980', 'মাধবাদী ', '2025-02-22 07:34:49', '2025-02-22 07:34:49'),
(96, 'মেসাস ইয়ামিন', 'টেক্সটাইল', 'Eaymin123@gamil.com', NULL, 'মাধবাদী ', '2025-02-22 07:56:43', '2025-02-22 07:56:43'),
(97, 'মেসাস শিপন ', 'টেক্সটাইল', 'Sipen123@gamil.com', NULL, 'মাধবাদী ', '2025-02-22 11:05:35', '2025-02-22 11:05:35'),
(98, 'মেসাস রমিজ ', 'টেক্সটাইল', 'Ramij123@gamil.com', NULL, 'মাধবাদী ', '2025-02-22 11:11:00', '2025-02-22 11:11:00'),
(99, 'মেসাস মা', 'টেক্সটাইল', 'Maa123@gamil.com', NULL, 'মাধবাদী ', '2025-02-23 06:36:11', '2025-02-23 06:36:11'),
(100, 'মেসাস চোধুরী ', 'টেক্সটাইল', 'Chowdhury123@gamil.com', NULL, 'মাধবাদী ', '2025-02-23 08:11:25', '2025-02-23 08:11:25'),
(101, 'মেসাস আরমান ', 'টেক্সটাইল', 'Araman123@gamil.com', NULL, 'মাধবাদী ', '2025-02-23 10:18:44', '2025-02-23 10:18:44'),
(102, 'মেসাস একতা ', 'টেক্সটাইল', 'Akita123@gamil.com', NULL, 'মাধবাদী ', '2025-02-23 10:28:40', '2025-02-23 10:28:40'),
(103, 'মেসাস রুবেল ', 'টেক্সটাইল', 'Robal123@gamil.com', '01712106480', 'মাধবাদী ', '2025-02-23 11:10:48', '2025-02-23 11:10:48'),
(104, 'মেসাস তিন কন্যা ', 'টেক্সটাইল', 'tinekona123@gamil.com', NULL, 'মাধবাদী ', '2025-02-23 11:23:30', '2025-02-23 11:23:30'),
(105, 'মেসাস আদিল ', 'টেক্সটাইল', 'Adila123@gamil.com', NULL, 'মাধবাদী ', '2025-02-25 05:04:43', '2025-02-25 05:04:43'),
(106, 'মেসাস এস টি এস ', 'টেক্সটাইল', 'STS123@gamil.com', NULL, 'মাধবাদী ', '2025-02-25 05:59:31', '2025-02-25 05:59:31'),
(107, 'মেসাস শেরপুর ', 'টেক্সটাইল', 'Sarepure123@gamil.com', NULL, 'মাধবাদী ', '2025-02-25 06:46:17', '2025-02-25 06:46:17'),
(108, 'মেসাস আলামিন ', 'টেক্সটাইল', 'Aliman123@gamil.com', NULL, 'মাধবাদী ', '2025-02-25 06:50:06', '2025-02-25 06:50:06'),
(109, 'মেসাস বেনু', 'টেক্সটাইল', 'Banu123@gamil.com', NULL, 'মাধবাদী ', '2025-02-25 07:07:55', '2025-02-25 07:07:55'),
(110, 'মেসাস মনির ', 'টেক্সটাইল', 'Manir123@gamil.com', NULL, 'মাধবাদী ', '2025-02-25 07:32:57', '2025-02-25 07:32:57'),
(111, 'মেসাস শাহ-আলম ', 'টেক্সটাইল', 'Sahaalom123@gamil.com', NULL, 'মাধবাদী', '2025-02-25 07:51:34', '2025-02-25 07:51:34'),
(112, 'মেসাস জাকিরিয়া ', 'টেক্সটাইল', 'Jakaray123@gamil.com', NULL, 'মাধবাদী ', '2025-02-25 07:56:28', '2025-02-25 07:56:28'),
(113, 'মেসাস আনিশা ', 'টেক্সটাইল', 'Anisa123@gamil.com', NULL, 'মাধবাদী ', '2025-02-25 10:14:35', '2025-02-25 10:14:35'),
(114, 'মেসাস থ্রী স্টার ', 'টেক্সটাইল', 'Threestar123@gamil.com', NULL, 'মাধবাদী ', '2025-02-27 08:05:19', '2025-02-27 08:05:19'),
(115, 'মেসাস নাইচ ', 'টেডাস (রুমাইছা টেক্স)', 'Rakib41@gamil.com', '01741772778', 'MADHABDI ', '2025-03-02 07:44:28', '2025-04-15 06:43:18'),
(116, 'মেসাস সানোয়ার ', 'টেক্সটাইল', 'Sanaour123@gamil.com', NULL, 'মাধবাদী ', '2025-03-03 09:15:45', '2025-03-03 09:15:45'),
(117, 'মেসাস অনুকূল সাহা ', 'টেক্সটাইল( নিটিং চাজ)', 'Anukal123@gamil.com', NULL, 'মাধবাদী ', '2025-03-04 06:32:40', '2025-03-10 04:45:53'),
(118, 'মেসাস A.B ', 'টেডাস', 'AB123@gamil.com', '০১৭৪১৪৪৮৭৯৭', 'মাধবাদী ', '2025-03-04 07:40:40', '2025-03-04 07:40:40'),
(119, 'মেসাস আনন্দ ', 'ইয়ান টেডিং ', 'Anadea123@gamil.com', '০১৭২৭০১৫৭৭৬', 'মাধবাদী ', '2025-03-04 07:44:22', '2025-03-04 07:44:22'),
(120, 'মেসাস রুমাইসা ', 'টেক্সটাইল', 'Rumasa123@gamil.com', '01713224806', 'মাধবাদী ', '2025-03-04 07:49:52', '2025-03-04 07:49:52'),
(121, 'মেসাস I.W.T', '( সাইজিং বিল )', 'IWT456@Email.com', '01713224806', 'মাধবাদী ', '2025-03-05 06:03:21', '2025-03-05 06:03:21'),
(122, 'আঞ্জমান টেক্স', '(সাইজিং বিল) ', 'Rakib456@gamil.com', '01713224806', 'মাধবাদী', '2025-03-05 18:16:55', '2025-03-09 11:03:51'),
(123, 'নোমান টেক্স', '(সাইজিং বিল) ', 'Noman456@gamil.com', '01713224806', 'মাধবাদী', '2025-03-05 18:18:01', '2025-03-05 18:18:01'),
(124, 'A.R টেক্স', '(সাইজিং বিল) ', 'AR456@gamil.com', '01713224806', 'মাধবাদী', '2025-03-05 18:19:10', '2025-03-05 18:19:10'),
(125, 'রুমাইসা টেক্স', '(সাইজিং বিল) ', 'Rumesha123@gamil.com', '01713224806', 'মাধবাদী', '2025-03-05 18:20:31', '2025-03-05 18:20:31'),
(126, 'মেসাস জাকির ', 'টেক্সটাইল', 'Jakir123@gamil.com', NULL, 'মাধবাদী ', '2025-03-08 07:16:35', '2025-03-08 07:16:35'),
(127, 'মেসাস হুজাইবা ', 'টেক্সটাইল', 'Hajubia123@gamil.com', NULL, 'মাধবাদী ', '2025-03-11 13:07:53', '2025-03-11 13:07:53'),
(128, 'মেসাস তুহিন ', 'টেক্সটাইল', 'Thuin456@gamil.com', NULL, 'মাধবাদী ', '2025-03-11 13:23:27', '2025-03-11 13:23:27'),
(129, 'মেসাস ওহাব ', 'টেক্সটাইল', 'Oahab123@gamil.com', NULL, 'মাধবাদী ', '2025-03-11 13:27:45', '2025-03-11 13:27:45'),
(131, 'মেসাস আলি হোসেন ', 'টেক্সটাইল', 'Alihossan123@gamil.com', NULL, 'মাধবাদী ', '2025-03-12 05:12:48', '2025-03-12 05:12:48'),
(132, 'মেসাস মায়ের দোয়া', 'ক্যামিকেলস', 'Mayerdoya456@gamil.com', '01982469562', 'মাধবাদী ', '2025-03-12 06:01:19', '2025-03-12 06:01:19'),
(133, 'মেসাস আকাশ ', 'টেক্সটাইল', 'Aakas123@gamil.com', NULL, 'মাধবাদী ', '2025-03-16 10:11:00', '2025-03-16 10:11:00'),
(134, 'M/S NOMAN ', 'GROUP', 'noman789@email.com', '01713224806', 'MAWNA,SREEPUR,GAJIPUR', '2025-03-18 09:53:31', '2025-03-18 09:53:31'),
(135, 'মেসাস আলামিন', 'টেক্সটাইল( নোমান নিটিং চাজ)', 'Alamin456@gamil.com', '01672251938', 'Madhabdi', '2025-03-20 04:26:05', '2025-04-20 04:39:43'),
(136, 'মেসাস আঞ্জমান আরা', 'টেক্সটাইল( নোমান নিটিং চাজ)', 'Rakib789@gamil.com', '01713224806', 'Madhabdi', '2025-03-20 04:29:07', '2025-03-20 06:09:27'),
(137, 'মেসাস জহির', 'টেক্সটাইল', 'Jahir123@gamil.com', NULL, 'মাধবাদী ', '2025-03-23 07:45:24', '2025-03-23 07:45:24'),
(138, 'মেসাস বিপ্লব', 'টেক্সটাইল', 'Baplib123@gamil.com', NULL, 'মাধবাদী ', '2025-04-07 03:06:36', '2025-04-07 03:06:36'),
(139, 'মেসাস শিকদার ', 'টেক্সটাইল', 'Shikeder123@gamil.com', NULL, 'মাধবাদী ', '2025-04-12 06:47:25', '2025-04-12 06:47:25'),
(140, 'মেসাস রুমাইসা টেক্সটাইল', '(আঞ্জমান নিটি চাজ)', 'Rumasa789@gamil.com', '01713224806', 'মাধবাদী ', '2025-04-20 04:42:59', '2025-04-20 04:42:59'),
(141, 'মেসাস মদিনা ', 'এন্টারপ্রাইজ', 'Madina123@gamil.com', '01755254200', 'মাধবাদী', '2025-04-23 00:58:15', '2025-04-23 00:58:15'),
(142, 'মেসাস N.R টেক্স ', '(স্বপন বাবু)', 'N.R123@gamil.com', NULL, 'মাধবাদী ', '2025-05-18 00:28:59', '2025-05-18 00:28:59'),
(143, 'মেসাস সাদিয়া', 'টেক্সটাইল', 'Sidia123@gamil.com', NULL, 'মাধবাদী ', '2025-05-18 01:46:21', '2025-05-18 01:46:21'),
(144, 'মেসাস শাহ জালাল', 'এন্টারপ্রাইজ', 'Sahajalal123@gamil.com', NULL, 'মাধবাদী ', '2025-05-24 23:27:23', '2025-05-24 23:27:23'),
(145, 'A.R TEXTILE', '(কাপড় ডেলিভারি)', 'AR123@gamil.com', '01713224806', 'মাধবাদী ', '2025-05-24 23:46:16', '2025-05-24 23:46:16'),
(146, 'মেসাস তিশা', 'টেক্সটাতে(সুতার বাকি হিসাব )', 'Tisha789@gamil.com', NULL, 'মাধবাদী ', '2025-05-26 01:13:15', '2025-05-26 01:13:15'),
(147, 'মেসাস আবু-কাশেম ', 'টেক্সটাইল', 'Abu-kasam123@gamil.com', NULL, 'মাধবাদী ', '2025-05-26 08:09:21', '2025-05-26 08:09:21'),
(148, 'মেসাস শামীম ', 'টেক্সটাইল', 'Shamimr123@gamil.com', NULL, 'মাধবাদী ', '2025-05-26 23:49:40', '2025-05-26 23:49:40'),
(149, 'মেসাস নাসির', 'টেক্সটাইল', 'Nasir789@email.com', NULL, 'মাধবাদী ', '2025-05-27 01:33:12', '2025-05-27 01:33:12'),
(150, 'মেসাস হাজী সিরাজ ', 'টেক্সটাইল', 'HajiSarij123@gamil.com', NULL, 'মাধবাদী ', '2025-05-31 07:37:16', '2025-05-31 07:37:16'),
(151, 'মেসাস আরিফ', 'টেক্স(২)', 'Arif111@gamil.com', NULL, 'মাধবাদী ', '2025-06-15 07:04:29', '2025-06-15 07:05:47'),
(152, 'মেসাস নূর-ইসলাম ', 'টেক্সটাইল', 'NurIslam123@gamil.com', NULL, 'মাধবাদী ', '2025-06-20 22:57:58', '2025-06-20 22:57:58'),
(153, 'মেসাস মাহাবুব ', 'টেক্সটাইল', 'Mahabuba123@gamil.com', NULL, 'মাধবাদী ', '2025-06-28 07:41:39', '2025-06-28 07:41:39'),
(154, 'মেসাস ইউছূব ', 'টেক্সটাইল', 'Yuasaf123@gamil.com', NULL, 'মাধবাদী ', '2025-07-10 03:12:41', '2025-07-10 03:12:41');

-- --------------------------------------------------------

--
-- Table structure for table `client_types`
--

CREATE TABLE `client_types` (
  `id` bigint(20) UNSIGNED NOT NULL,
  `name` varchar(191) NOT NULL,
  `description` text DEFAULT NULL,
  `created_at` timestamp NULL DEFAULT current_timestamp(),
  `updated_at` timestamp NULL DEFAULT NULL
) ENGINE=InnoDB DEFAULT CHARSET=utf8mb4 COLLATE=utf8mb4_unicode_ci;

--
-- Dumping data for table `client_types`
--

INSERT INTO `client_types` (`id`, `name`, `description`, `created_at`, `updated_at`) VALUES
(1, 'Ledger', 'for ledger', '2025-01-10 19:25:18', '2025-01-13 03:56:51'),
(2, 'Yarn', 'assain for yarn', '2025-01-10 12:30:35', '2025-01-17 15:58:30'),
(3, 'Cloth', 'for cloth client', '2025-01-10 19:25:18', '2025-01-19 11:22:42'),
(4, 'BIM', 'bim', '2025-01-10 12:56:11', '2025-01-19 14:43:19'),
(5, 'Sizing Leadger', 'for sizing', '2025-01-31 08:45:21', NULL),
(10, 'chamical ', 'for chamical client', '2025-02-18 10:54:37', '2025-02-18 11:08:21'),
(11, 'Sizing Chemical Stock', 'Sizing chemical', '2025-02-28 03:41:03', '2025-02-28 03:41:03'),
(12, 'Sizing Yarn Stock', 'Sizing Yarn Stock', '2025-02-28 03:41:29', '2025-02-28 03:41:29'),
(13, 'Sizing BIM Stock', 'Sizing BIM Stock', '2025-02-28 03:41:48', '2025-02-28 03:41:48');

-- --------------------------------------------------------

--
-- Table structure for table `client_type_assigns`
--

CREATE TABLE `client_type_assigns` (
  `id` bigint(20) UNSIGNED NOT NULL,
  `client_type_id` bigint(20) UNSIGNED NOT NULL,
  `name` enum('debit','credit','cloth','yarn','ledger','bim','sizing_leadger','chamical','sizing_chemical','sizing_yarn','sizing_BIM') NOT NULL COMMENT 'Possible assignment types',
  `created_at` timestamp NULL DEFAULT NULL,
  `updated_at` timestamp NULL DEFAULT NULL
) ENGINE=InnoDB DEFAULT CHARSET=utf8mb4 COLLATE=utf8mb4_unicode_ci;

--
-- Dumping data for table `client_type_assigns`
--

INSERT INTO `client_type_assigns` (`id`, `client_type_id`, `name`, `created_at`, `updated_at`) VALUES
(1, 1, 'ledger', '2025-01-01 09:58:45', NULL),
(2, 2, 'yarn', '2024-12-31 22:21:30', NULL),
(3, 3, 'cloth', NULL, NULL),
(4, 4, 'bim', NULL, NULL),
(5, 5, 'sizing_leadger', NULL, NULL),
(6, 10, 'chamical', '2025-02-26 20:21:47', NULL),
(8, 11, 'sizing_chemical', '2025-02-05 09:46:50', NULL),
(9, 13, 'sizing_BIM', '2025-02-02 09:51:04', NULL),
(10, 12, 'sizing_yarn', '2025-02-05 09:51:20', NULL);

-- --------------------------------------------------------

--
-- Table structure for table `client_type_pivot`
--

CREATE TABLE `client_type_pivot` (
  `id` bigint(20) UNSIGNED NOT NULL,
  `client_id` bigint(20) UNSIGNED NOT NULL,
  `type_id` bigint(20) UNSIGNED NOT NULL,
  `created_at` timestamp NULL DEFAULT NULL,
  `updated_at` timestamp NULL DEFAULT NULL
) ENGINE=InnoDB DEFAULT CHARSET=utf8mb4 COLLATE=utf8mb4_unicode_ci;

--
-- Dumping data for table `client_type_pivot`
--

INSERT INTO `client_type_pivot` (`id`, `client_id`, `type_id`, `created_at`, `updated_at`) VALUES
(26, 10, 1, '2025-02-02 22:19:50', '2025-02-02 22:19:50'),
(27, 10, 2, '2025-02-02 22:19:50', '2025-02-02 22:19:50'),
(28, 10, 3, '2025-02-02 22:19:50', '2025-02-02 22:19:50'),
(29, 10, 4, '2025-02-02 22:19:50', '2025-02-02 22:19:50'),
(30, 10, 5, '2025-02-02 22:19:50', '2025-02-02 22:19:50'),
(31, 11, 5, '2025-02-04 06:29:22', '2025-02-04 06:29:22'),
(32, 12, 5, '2025-02-04 06:34:00', '2025-02-04 06:34:00'),
(33, 13, 5, '2025-02-04 06:37:28', '2025-02-04 06:37:28'),
(34, 14, 5, '2025-02-04 06:39:34', '2025-02-04 06:39:34'),
(35, 15, 5, '2025-02-04 06:45:01', '2025-02-04 06:45:01'),
(36, 16, 5, '2025-02-04 06:48:39', '2025-02-04 06:48:39'),
(37, 17, 5, '2025-02-04 06:55:31', '2025-02-04 06:55:31'),
(38, 18, 5, '2025-02-04 07:04:15', '2025-02-04 07:04:15'),
(39, 19, 5, '2025-02-04 07:07:40', '2025-02-04 07:07:40'),
(40, 20, 5, '2025-02-04 07:10:59', '2025-02-04 07:10:59'),
(41, 21, 5, '2025-02-04 07:13:47', '2025-02-04 07:13:47'),
(42, 22, 5, '2025-02-04 07:15:58', '2025-02-04 07:15:58'),
(43, 23, 5, '2025-02-04 07:18:20', '2025-02-04 07:18:20'),
(44, 24, 5, '2025-02-04 07:23:17', '2025-02-04 07:23:17'),
(45, 25, 5, '2025-02-04 07:26:50', '2025-02-04 07:26:50'),
(46, 26, 5, '2025-02-04 07:34:14', '2025-02-04 07:34:14'),
(47, 27, 5, '2025-02-04 07:36:09', '2025-02-04 07:36:09'),
(48, 28, 5, '2025-02-04 07:38:56', '2025-02-04 07:38:56'),
(49, 29, 5, '2025-02-04 07:44:18', '2025-02-04 07:44:18'),
(50, 30, 5, '2025-02-04 07:47:28', '2025-02-04 07:47:28'),
(51, 31, 5, '2025-02-04 07:49:13', '2025-02-04 07:49:13'),
(52, 32, 5, '2025-02-04 07:51:01', '2025-02-04 07:51:01'),
(53, 33, 5, '2025-02-04 08:03:21', '2025-02-04 08:03:21'),
(54, 34, 5, '2025-02-04 08:26:59', '2025-02-04 08:26:59'),
(55, 35, 5, '2025-02-04 08:31:43', '2025-02-04 08:31:43'),
(56, 36, 5, '2025-02-04 09:35:16', '2025-02-04 09:35:16'),
(57, 37, 5, '2025-02-04 09:45:59', '2025-02-04 09:45:59'),
(58, 38, 5, '2025-02-04 09:48:06', '2025-02-04 09:48:06'),
(59, 39, 5, '2025-02-04 09:51:15', '2025-02-04 09:51:15'),
(60, 40, 5, '2025-02-04 09:53:30', '2025-02-04 09:53:30'),
(61, 41, 5, '2025-02-04 10:41:00', '2025-02-04 10:41:00'),
(62, 42, 5, '2025-02-04 11:08:40', '2025-02-04 11:08:40'),
(63, 43, 5, '2025-02-04 11:11:34', '2025-02-04 11:11:34'),
(64, 44, 5, '2025-02-04 11:14:54', '2025-02-04 11:14:54'),
(65, 45, 5, '2025-02-04 11:17:00', '2025-02-04 11:17:00'),
(66, 46, 5, '2025-02-04 11:18:47', '2025-02-04 11:18:47'),
(67, 47, 5, '2025-02-04 11:21:46', '2025-02-04 11:21:46'),
(68, 48, 5, '2025-02-04 11:24:08', '2025-02-04 11:24:08'),
(69, 49, 5, '2025-02-04 11:28:41', '2025-02-04 11:28:41'),
(70, 50, 5, '2025-02-04 11:32:30', '2025-02-04 11:32:30'),
(71, 51, 5, '2025-02-04 11:43:12', '2025-02-04 11:43:12'),
(72, 52, 5, '2025-02-04 11:46:02', '2025-02-04 11:46:02'),
(73, 53, 5, '2025-02-04 11:49:15', '2025-02-04 11:49:15'),
(74, 54, 5, '2025-02-04 11:52:39', '2025-02-04 11:52:39'),
(75, 55, 5, '2025-02-04 11:55:51', '2025-02-04 11:55:51'),
(76, 56, 5, '2025-02-04 12:31:38', '2025-02-04 12:31:38'),
(77, 57, 5, '2025-02-04 12:40:24', '2025-02-04 12:40:24'),
(78, 58, 5, '2025-02-04 12:46:42', '2025-02-04 12:46:42'),
(79, 59, 5, '2025-02-04 12:54:48', '2025-02-04 12:54:48'),
(80, 60, 5, '2025-02-04 13:39:40', '2025-02-04 13:39:40'),
(81, 61, 5, '2025-02-04 13:45:51', '2025-02-04 13:45:51'),
(82, 62, 5, '2025-02-05 05:42:28', '2025-02-05 05:42:28'),
(83, 63, 5, '2025-02-05 05:54:33', '2025-02-05 05:54:33'),
(84, 64, 5, '2025-02-05 05:58:06', '2025-02-05 05:58:06'),
(85, 65, 5, '2025-02-05 06:32:19', '2025-02-05 06:32:19'),
(86, 66, 5, '2025-02-05 06:35:54', '2025-02-05 06:35:54'),
(87, 67, 5, '2025-02-05 06:38:11', '2025-02-05 06:38:11'),
(88, 68, 5, '2025-02-05 06:41:48', '2025-02-05 06:41:48'),
(89, 69, 5, '2025-02-05 06:45:10', '2025-02-05 06:45:10'),
(90, 70, 5, '2025-02-05 06:46:52', '2025-02-05 06:46:52'),
(91, 71, 5, '2025-02-05 06:48:56', '2025-02-05 06:48:56'),
(92, 72, 5, '2025-02-05 06:54:53', '2025-02-05 06:54:53'),
(93, 73, 5, '2025-02-05 07:17:48', '2025-02-05 07:17:48'),
(94, 74, 5, '2025-02-05 07:19:30', '2025-02-05 07:19:30'),
(95, 75, 5, '2025-02-05 07:22:01', '2025-02-05 07:22:01'),
(96, 76, 5, '2025-02-05 07:24:42', '2025-02-05 07:24:42'),
(97, 77, 3, '2025-02-05 07:27:47', '2025-02-05 07:27:47'),
(98, 78, 3, '2025-02-05 07:34:05', '2025-02-05 07:34:05'),
(99, 79, 3, '2025-02-05 07:40:16', '2025-02-05 07:40:16'),
(100, 80, 2, '2025-02-05 07:49:43', '2025-02-05 07:49:43'),
(101, 81, 2, '2025-02-05 08:01:52', '2025-02-05 08:01:52'),
(102, 82, 2, '2025-02-05 08:03:37', '2025-02-05 08:03:37'),
(103, 83, 2, '2025-02-05 08:05:17', '2025-02-05 08:05:17'),
(105, 84, 5, '2025-02-10 13:07:47', '2025-02-10 13:07:47'),
(107, 86, 10, '2025-02-18 11:18:51', '2025-02-18 11:18:51'),
(108, 87, 10, '2025-02-18 11:22:58', '2025-02-18 11:22:58'),
(109, 88, 5, '2025-02-19 05:30:54', '2025-02-19 05:30:54'),
(110, 89, 5, '2025-02-19 05:32:46', '2025-02-19 05:32:46'),
(111, 90, 5, '2025-02-19 05:34:31', '2025-02-19 05:34:31'),
(112, 91, 5, '2025-02-19 05:36:02', '2025-02-19 05:36:02'),
(113, 92, 5, '2025-02-19 06:31:40', '2025-02-19 06:31:40'),
(114, 93, 5, '2025-02-19 06:34:23', '2025-02-19 06:34:23'),
(115, 94, 5, '2025-02-19 07:19:03', '2025-02-19 07:19:03'),
(116, 95, 5, '2025-02-22 07:34:49', '2025-02-22 07:34:49'),
(117, 96, 5, '2025-02-22 07:56:43', '2025-02-22 07:56:43'),
(118, 97, 5, '2025-02-22 11:05:35', '2025-02-22 11:05:35'),
(119, 98, 5, '2025-02-22 11:11:00', '2025-02-22 11:11:00'),
(120, 99, 5, '2025-02-23 06:36:11', '2025-02-23 06:36:11'),
(121, 100, 5, '2025-02-23 08:11:25', '2025-02-23 08:11:25'),
(122, 101, 5, '2025-02-23 10:18:44', '2025-02-23 10:18:44'),
(123, 102, 5, '2025-02-23 10:28:40', '2025-02-23 10:28:40'),
(124, 103, 5, '2025-02-23 11:10:48', '2025-02-23 11:10:48'),
(125, 104, 5, '2025-02-23 11:23:30', '2025-02-23 11:23:30'),
(126, 105, 5, '2025-02-25 05:04:43', '2025-02-25 05:04:43'),
(127, 106, 5, '2025-02-25 05:59:31', '2025-02-25 05:59:31'),
(128, 107, 5, '2025-02-25 06:46:17', '2025-02-25 06:46:17'),
(129, 108, 5, '2025-02-25 06:50:06', '2025-02-25 06:50:06'),
(130, 109, 5, '2025-02-25 07:07:55', '2025-02-25 07:07:55'),
(131, 110, 5, '2025-02-25 07:32:57', '2025-02-25 07:32:57'),
(132, 111, 5, '2025-02-25 07:51:34', '2025-02-25 07:51:34'),
(133, 112, 5, '2025-02-25 07:56:28', '2025-02-25 07:56:28'),
(134, 113, 5, '2025-02-25 10:14:35', '2025-02-25 10:14:35'),
(135, 11, 1, '2025-02-26 14:32:01', '2025-02-26 14:32:01'),
(136, 114, 5, '2025-02-27 08:05:19', '2025-02-27 08:05:19'),
(139, 11, 3, '2025-02-27 08:06:11', '2025-02-27 08:06:11'),
(141, 13, 1, '2025-02-27 08:08:09', '2025-02-27 08:08:09'),
(142, 13, 2, '2025-02-27 08:08:09', '2025-02-27 08:08:09'),
(143, 13, 3, '2025-02-27 08:08:09', '2025-02-27 08:08:09'),
(144, 14, 1, '2025-02-27 08:10:05', '2025-02-27 08:10:05'),
(145, 14, 2, '2025-02-27 08:10:05', '2025-02-27 08:10:05'),
(146, 14, 3, '2025-02-27 08:10:05', '2025-02-27 08:10:05'),
(147, 15, 1, '2025-02-27 08:11:06', '2025-02-27 08:11:06'),
(148, 15, 2, '2025-02-27 08:11:06', '2025-02-27 08:11:06'),
(149, 15, 3, '2025-02-27 08:11:06', '2025-02-27 08:11:06'),
(150, 11, 2, '2025-02-27 08:11:24', '2025-02-27 08:11:24'),
(151, 85, 5, '2025-02-28 04:40:02', '2025-02-28 04:40:02'),
(152, 85, 11, '2025-02-28 04:40:02', '2025-02-28 04:40:02'),
(153, 12, 12, '2025-02-28 05:22:00', '2025-02-28 05:22:00'),
(154, 115, 1, '2025-03-02 07:44:28', '2025-03-02 07:44:28'),
(155, 115, 2, '2025-03-02 07:44:28', '2025-03-02 07:44:28'),
(156, 116, 5, '2025-03-03 09:15:45', '2025-03-03 09:15:45'),
(157, 117, 2, '2025-03-04 06:32:40', '2025-03-04 06:32:40'),
(158, 117, 3, '2025-03-04 06:32:40', '2025-03-04 06:32:40'),
(159, 117, 4, '2025-03-04 06:32:40', '2025-03-04 06:32:40'),
(160, 118, 1, '2025-03-04 07:40:40', '2025-03-04 07:40:40'),
(161, 118, 2, '2025-03-04 07:40:40', '2025-03-04 07:40:40'),
(162, 119, 1, '2025-03-04 07:44:22', '2025-03-04 07:44:22'),
(163, 119, 2, '2025-03-04 07:44:22', '2025-03-04 07:44:22'),
(164, 120, 1, '2025-03-04 07:49:52', '2025-03-04 07:49:52'),
(165, 120, 2, '2025-03-04 07:49:52', '2025-03-04 07:49:52'),
(166, 120, 3, '2025-03-04 07:49:52', '2025-03-04 07:49:52'),
(167, 120, 5, '2025-03-04 07:49:52', '2025-03-04 07:49:52'),
(168, 120, 12, '2025-03-04 07:49:52', '2025-03-04 07:49:52'),
(170, 121, 1, '2025-03-05 06:04:59', '2025-03-05 06:04:59'),
(171, 122, 1, '2025-03-05 18:16:55', '2025-03-05 18:16:55'),
(172, 123, 1, '2025-03-05 18:18:01', '2025-03-05 18:18:01'),
(173, 124, 1, '2025-03-05 18:19:10', '2025-03-05 18:19:10'),
(174, 125, 1, '2025-03-05 18:20:31', '2025-03-05 18:20:31'),
(175, 126, 5, '2025-03-08 07:16:35', '2025-03-08 07:16:35'),
(176, 117, 1, '2025-03-09 13:52:02', '2025-03-09 13:52:02'),
(185, 127, 5, '2025-03-11 13:07:53', '2025-03-11 13:07:53'),
(186, 128, 5, '2025-03-11 13:23:27', '2025-03-11 13:23:27'),
(187, 129, 5, '2025-03-11 13:27:45', '2025-03-11 13:27:45'),
(189, 131, 5, '2025-03-12 05:12:48', '2025-03-12 05:12:48'),
(190, 132, 5, '2025-03-12 06:01:19', '2025-03-12 06:01:19'),
(191, 132, 10, '2025-03-12 06:01:19', '2025-03-12 06:01:19'),
(192, 132, 11, '2025-03-12 06:01:19', '2025-03-12 06:01:19'),
(193, 133, 5, '2025-03-16 10:11:00', '2025-03-16 10:11:00'),
(194, 12, 1, '2025-03-18 09:44:43', '2025-03-18 09:44:43'),
(195, 12, 2, '2025-03-18 09:44:43', '2025-03-18 09:44:43'),
(196, 12, 3, '2025-03-18 09:44:43', '2025-03-18 09:44:43'),
(197, 134, 1, '2025-03-18 09:53:31', '2025-03-18 09:53:31'),
(198, 134, 2, '2025-03-18 09:53:31', '2025-03-18 09:53:31'),
(199, 134, 3, '2025-03-18 09:53:31', '2025-03-18 09:53:31'),
(200, 134, 4, '2025-03-18 09:53:31', '2025-03-18 09:53:31'),
(201, 135, 1, '2025-03-20 04:26:05', '2025-03-20 04:26:05'),
(202, 135, 2, '2025-03-20 04:26:05', '2025-03-20 04:26:05'),
(203, 135, 3, '2025-03-20 04:26:05', '2025-03-20 04:26:05'),
(204, 135, 4, '2025-03-20 04:26:05', '2025-03-20 04:26:05'),
(205, 136, 1, '2025-03-20 04:29:07', '2025-03-20 04:29:07'),
(206, 136, 2, '2025-03-20 04:29:07', '2025-03-20 04:29:07'),
(207, 136, 3, '2025-03-20 04:29:07', '2025-03-20 04:29:07'),
(208, 136, 4, '2025-03-20 04:29:07', '2025-03-20 04:29:07'),
(209, 137, 5, '2025-03-23 07:45:24', '2025-03-23 07:45:24'),
(210, 138, 5, '2025-04-07 03:06:36', '2025-04-07 03:06:36'),
(211, 12, 13, '2025-04-11 08:31:06', '2025-04-11 08:31:06'),
(212, 139, 1, '2025-04-12 06:47:25', '2025-04-12 06:47:25'),
(213, 139, 2, '2025-04-12 06:47:25', '2025-04-12 06:47:25'),
(214, 139, 3, '2025-04-12 06:47:25', '2025-04-12 06:47:25'),
(215, 139, 4, '2025-04-12 06:47:25', '2025-04-12 06:47:25'),
(216, 140, 1, '2025-04-20 04:42:59', '2025-04-20 04:42:59'),
(217, 140, 2, '2025-04-20 04:42:59', '2025-04-20 04:42:59'),
(218, 140, 3, '2025-04-20 04:42:59', '2025-04-20 04:42:59'),
(219, 140, 4, '2025-04-20 04:42:59', '2025-04-20 04:42:59'),
(220, 141, 10, '2025-04-23 00:58:15', '2025-04-23 00:58:15'),
(221, 141, 11, '2025-04-23 00:58:15', '2025-04-23 00:58:15'),
(222, 142, 5, '2025-05-18 00:28:59', '2025-05-18 00:28:59'),
(223, 142, 12, '2025-05-18 00:28:59', '2025-05-18 00:28:59'),
(224, 142, 13, '2025-05-18 00:28:59', '2025-05-18 00:28:59'),
(225, 143, 5, '2025-05-18 01:46:21', '2025-05-18 01:46:21'),
(226, 143, 12, '2025-05-18 01:46:21', '2025-05-18 01:46:21'),
(227, 144, 1, '2025-05-24 23:27:23', '2025-05-24 23:27:23'),
(228, 145, 1, '2025-05-24 23:46:16', '2025-05-24 23:46:16'),
(229, 146, 1, '2025-05-26 01:13:15', '2025-05-26 01:13:15'),
(230, 146, 2, '2025-05-26 01:13:15', '2025-05-26 01:13:15'),
(231, 146, 3, '2025-05-26 01:13:15', '2025-05-26 01:13:15'),
(232, 147, 5, '2025-05-26 08:09:21', '2025-05-26 08:09:21'),
(233, 148, 5, '2025-05-26 23:49:40', '2025-05-26 23:49:40'),
(234, 149, 5, '2025-05-27 01:33:12', '2025-05-27 01:33:12'),
(235, 150, 5, '2025-05-31 07:37:16', '2025-05-31 07:37:16'),
(236, 151, 5, '2025-06-15 07:04:29', '2025-06-15 07:04:29'),
(237, 152, 5, '2025-06-20 22:57:58', '2025-06-20 22:57:58'),
(238, 153, 5, '2025-06-28 07:41:39', '2025-06-28 07:41:39'),
(239, 154, 5, '2025-07-10 03:12:41', '2025-07-10 03:12:41');

-- --------------------------------------------------------

--
-- Table structure for table `cloth`
--

CREATE TABLE `cloth` (
  `id` bigint(20) UNSIGNED NOT NULL,
  `name` varchar(191) NOT NULL,
  `description` text DEFAULT NULL,
  `created_at` timestamp NULL DEFAULT NULL,
  `updated_at` timestamp NULL DEFAULT NULL
) ENGINE=InnoDB DEFAULT CHARSET=utf8mb4 COLLATE=utf8mb4_unicode_ci;

--
-- Dumping data for table `cloth`
--

INSERT INTO `cloth` (`id`, `name`, `description`, `created_at`, `updated_at`) VALUES
(8, '২০*২০=৫৮*৫৮=৬০\" শিটিং ', 'মেসাস মিডল্যান্ড টেক্স ', '2025-02-17 09:10:25', '2025-02-17 09:10:25'),
(10, '২০*২০=৫৪*৬০=৬১\"টুইল গ্রে ', 'মেসাস মিডল্যান্ড টেক্স ', '2025-02-17 09:17:04', '2025-02-17 09:17:04'),
(15, '৩০*২০= ১০০*৫০=৯১\" টুইল', 'মেসাস নোমান টেক্স ', '2025-02-17 09:29:36', '2025-02-17 09:29:36'),
(16, '৩০*২০= ১০০*৫০= ৯১\" টুইল', 'মেসাস ইয়ামিন টেক্স ', '2025-02-17 09:30:10', '2025-02-17 09:30:10');

-- --------------------------------------------------------

--
-- Table structure for table `cloth_stocks`
--

CREATE TABLE `cloth_stocks` (
  `id` bigint(20) UNSIGNED NOT NULL,
  `branch_cloth_stock_id` bigint(20) UNSIGNED DEFAULT NULL,
  `client_id` bigint(20) UNSIGNED DEFAULT NULL,
  `cloth_id` bigint(20) UNSIGNED NOT NULL,
  `branch_id` bigint(20) UNSIGNED DEFAULT NULL,
  `type` enum('in','out') NOT NULL,
  `quantities` bigint(20) NOT NULL,
  `details` text DEFAULT NULL,
  `created_at` timestamp NULL DEFAULT NULL,
  `updated_at` timestamp NULL DEFAULT NULL
) ENGINE=InnoDB DEFAULT CHARSET=utf8mb4 COLLATE=utf8mb4_unicode_ci;

--
-- Dumping data for table `cloth_stocks`
--

INSERT INTO `cloth_stocks` (`id`, `branch_cloth_stock_id`, `client_id`, `cloth_id`, `branch_id`, `type`, `quantities`, `details`, `created_at`, `updated_at`) VALUES
(58, NULL, NULL, 8, 36, 'in', 100, NULL, '2025-04-11 08:25:00', '2025-04-11 08:25:47'),
(61, 53, NULL, 15, 36, 'in', 1000, NULL, '2025-06-18 04:59:00', '2025-06-18 05:00:01'),
(62, 55, NULL, 15, 37, 'in', 500, NULL, '2025-06-21 07:47:00', '2025-06-21 07:51:18');

-- --------------------------------------------------------

--
-- Table structure for table `events`
--

CREATE TABLE `events` (
  `id` bigint(20) UNSIGNED NOT NULL,
  `user_id` bigint(20) UNSIGNED NOT NULL,
  `name` varchar(191) NOT NULL,
  `status` varchar(191) NOT NULL DEFAULT 'success',
  `description` text NOT NULL,
  `created_at` timestamp NULL DEFAULT current_timestamp(),
  `updated_at` timestamp NULL DEFAULT NULL
) ENGINE=InnoDB DEFAULT CHARSET=utf8mb4 COLLATE=utf8mb4_unicode_ci;

-- --------------------------------------------------------

--
-- Table structure for table `failed_jobs`
--

CREATE TABLE `failed_jobs` (
  `id` bigint(20) UNSIGNED NOT NULL,
  `uuid` varchar(191) NOT NULL,
  `connection` text NOT NULL,
  `queue` text NOT NULL,
  `payload` longtext NOT NULL,
  `exception` longtext NOT NULL,
  `failed_at` timestamp NOT NULL DEFAULT current_timestamp()
) ENGINE=InnoDB DEFAULT CHARSET=utf8mb4 COLLATE=utf8mb4_unicode_ci;

-- --------------------------------------------------------

--
-- Table structure for table `ledger_entries`
--

CREATE TABLE `ledger_entries` (
  `id` bigint(20) UNSIGNED NOT NULL,
  `client_id` bigint(20) UNSIGNED NOT NULL,
  `type` enum('debit','credit') NOT NULL,
  `details` text DEFAULT NULL,
  `quantities` int(10) UNSIGNED DEFAULT NULL,
  `rate` decimal(15,2) DEFAULT NULL,
  `total` decimal(15,2) NOT NULL,
  `created_at` timestamp NULL DEFAULT NULL,
  `updated_at` timestamp NULL DEFAULT NULL
) ENGINE=InnoDB DEFAULT CHARSET=utf8mb4 COLLATE=utf8mb4_unicode_ci;

--
-- Dumping data for table `ledger_entries`
--

INSERT INTO `ledger_entries` (`id`, `client_id`, `type`, `details`, `quantities`, `rate`, `total`, `created_at`, `updated_at`) VALUES
(87, 10, 'debit', '5678', 678, 678.00, 459684.00, '2025-02-26 14:33:00', '2025-02-26 14:33:28'),
(89, 10, 'credit', '100', 10, 1.00, 10.00, '2025-02-26 14:33:00', '2025-03-05 04:38:01'),
(95, 115, 'debit', '২০/১ ইয়ুথ -১২০ ব্যাগ', 13227, 123.00, 1626921.00, '2025-02-27 07:47:00', '2025-03-04 07:54:21'),
(96, 115, 'debit', 'ভাড়া +যাতায়াত ', NULL, NULL, 3600.00, '2025-02-27 07:56:00', '2025-03-04 07:57:44'),
(97, 118, 'debit', '30/1 K.S.M সুতা ', 6062, 150.00, 909300.00, '2025-02-25 04:38:00', '2025-03-05 04:57:19'),
(98, 118, 'credit', 'নগদ জমা ', NULL, NULL, 400000.00, '2025-02-26 04:57:00', '2025-03-05 04:57:57'),
(99, 119, 'debit', '৩০/১ M.A.H সুতা ', 5830, 151.50, 883245.00, '2025-02-28 05:26:00', '2025-05-25 07:13:35'),
(100, 119, 'credit', 'নগদ জমা ', NULL, NULL, 500000.00, '2025-02-27 05:29:00', '2025-03-05 05:30:34'),
(101, 121, 'credit', 'বিল-১০৮৮৩', 5567, 17.00, 94639.00, '2023-04-21 06:05:00', '2025-03-05 06:09:28'),
(102, 121, 'debit', 'নগদ জমা ', NULL, NULL, 74000.00, '2024-04-23 06:08:00', '2025-03-05 06:09:02'),
(103, 121, 'credit', 'বিল- ১২০২৫', 2766, 17.00, 47022.00, '2024-05-09 06:11:00', '2025-03-05 06:12:36'),
(104, 121, 'debit', 'নগদ জমা ', NULL, NULL, 65000.00, '2024-06-02 06:12:00', '2025-03-05 06:14:06'),
(105, 121, 'credit', 'বিল-১২২৮', 5570, 17.00, 94690.00, '2024-06-02 06:14:00', '2025-03-05 06:15:15'),
(106, 121, 'debit', 'নগদ জমা ', NULL, NULL, 94000.00, '2024-06-13 06:15:00', '2025-03-05 06:16:34'),
(107, 121, 'credit', 'বিল-১২৩৭২', 4417, 17.00, 75089.00, '2024-06-25 06:16:00', '2025-03-05 06:18:10'),
(108, 121, 'credit', 'বিল-১২৪৩৭', 6530, 17.00, 111010.00, '2024-07-07 06:18:00', '2025-03-05 06:19:07'),
(109, 121, 'credit', 'বিল-১২৬১২', 5570, 17.00, 94690.00, '2024-07-30 06:19:00', '2025-03-05 06:21:20'),
(110, 121, 'credit', 'বিল-১২৬৪৬', 6530, 17.00, 111010.00, '2024-08-04 06:21:00', '2025-03-05 06:22:11'),
(111, 121, 'credit', 'বিল-১২৭৫৮', 5608, 17.00, 95336.00, '2024-08-20 06:22:00', '2025-03-05 06:23:21'),
(112, 121, 'credit', 'বিল-১২৮১৩', 6684, 17.00, 113628.00, '2024-08-27 06:23:00', '2025-03-05 06:25:34'),
(113, 121, 'debit', 'নগদ জমা ', NULL, NULL, 200000.00, '2024-09-05 06:25:00', '2025-03-05 06:26:46'),
(114, 121, 'debit', 'নগদ জমা ', NULL, NULL, 300000.00, '2024-08-14 06:26:00', '2025-03-05 06:27:26'),
(115, 121, 'debit', 'নগদ জমা ', NULL, NULL, 150000.00, '2024-10-08 06:27:00', '2025-03-05 06:28:18'),
(116, 121, 'credit', 'বিল-১৩০২০', 5646, 17.00, 95982.00, '2024-09-24 07:19:00', '2025-03-05 07:20:55'),
(117, 121, 'credit', 'বিল-১৩১৩৩', 5570, 17.00, 94690.00, '2024-10-08 07:20:00', '2025-03-05 07:21:48'),
(118, 121, 'credit', 'বিল-১৩২৮৫', 5570, 17.00, 94690.00, '2024-10-26 07:21:00', '2025-03-05 07:22:48'),
(119, 121, 'debit', 'নগদ জমা ', NULL, NULL, 83000.00, '2024-10-19 07:22:00', '2025-03-05 07:23:41'),
(120, 121, 'debit', 'নগদ জমা ', NULL, NULL, 200000.00, '2024-11-06 07:30:00', '2025-03-05 07:31:11'),
(121, 121, 'debit', 'নগদ জমা ', NULL, NULL, 100000.00, '2024-12-17 07:31:00', '2025-03-05 07:31:52'),
(122, 121, 'debit', 'নগদ জমা ', NULL, NULL, 115000.00, '2025-01-07 07:31:00', '2025-03-05 07:32:24'),
(123, 121, 'credit', 'বিল-১৩৩৮৩', 5569, 17.00, 94673.00, '2024-11-05 07:32:00', '2025-03-05 07:33:01'),
(124, 121, 'credit', 'বিল-১৩৫৭১', 5920, 17.00, 100640.00, '2024-12-09 07:33:00', '2025-03-05 07:34:23'),
(125, 121, 'credit', 'বিল-১৩৭২৫', 5615, 17.00, 95455.00, '2024-12-09 07:34:00', '2025-03-05 07:39:09'),
(126, 121, 'credit', 'বিল-১৩৮৫১', 5538, 17.00, 94146.00, '2024-12-22 07:39:00', '2025-03-05 07:40:35'),
(127, 121, 'credit', 'বিল-১৪১০১', 6309, 17.00, 107253.00, '2025-01-19 07:40:00', '2025-03-05 07:47:14'),
(128, 121, 'credit', 'বিল-১৪২৮৬', 2895, 17.00, 49215.00, '2025-02-06 07:47:00', '2025-03-05 07:48:05'),
(129, 121, 'credit', 'বিল-১৪৩৪২', 2969, 17.00, 50473.00, '2025-02-13 07:48:00', '2025-03-05 07:58:39'),
(130, 121, 'debit', 'Discount বাবদ ', NULL, NULL, 3351.00, '2024-05-12 08:00:00', '2025-03-05 08:01:43'),
(131, 15, 'credit', 'সাবেক ব্যালেন্স ', NULL, NULL, 676994.00, '2024-12-19 09:09:00', '2025-03-09 09:11:59'),
(132, 15, 'credit', '৪০*৪৫=৯৪*৭০=৬০\"T.C ', 10618, 21.00, 222978.00, '2024-12-19 09:12:00', '2025-03-09 09:24:54'),
(133, 15, 'credit', '20*20=58*58=60\"শিটিং', 21113, 14.00, 295582.00, '2024-12-19 09:24:00', '2025-04-15 01:00:05'),
(134, 15, 'credit', '45*45=104*70=46\"T.C', 15267, 16.00, 244272.00, '2024-12-21 09:31:00', '2025-03-09 09:50:21'),
(135, 15, 'credit', '45*45=104*70=46\"T.C', 4735, 16.00, 75760.00, '2024-12-21 09:45:00', '2025-03-09 09:46:11'),
(136, 15, 'credit', '20*20=58*58=60\"শিটিং', 14023, 14.00, 196322.00, '2024-12-21 09:46:00', '2025-03-09 09:47:32'),
(137, 15, 'credit', '45*45=94*70=60\"T.C', 14162, 21.00, 297402.00, '2024-12-28 09:59:00', '2025-03-09 10:01:13'),
(138, 15, 'debit', 'নগদ জমা ', NULL, NULL, 500000.00, '2024-12-23 10:01:00', '2025-03-09 10:01:53'),
(139, 15, 'credit', '20*20=56*58=60\" শিটিং ', 15035, 14.00, 210490.00, '2024-12-31 10:04:00', '2025-03-09 10:08:02'),
(140, 15, 'credit', '৪৫*৪৫=১০৪*৭০=৪৬\"T.C', 13070, 16.00, 209120.00, '2024-12-31 10:08:00', '2025-03-09 10:09:05'),
(141, 15, 'credit', '45*45=104*70=46\"T.C', 3421, 16.00, 54736.00, '2024-12-31 10:24:00', '2025-03-09 10:29:55'),
(142, 15, 'debit', 'নগদ জমা ', NULL, NULL, 400000.00, '2024-12-30 10:30:00', '2025-03-09 10:30:36'),
(143, 15, 'debit', 'নগদ জমা ', NULL, NULL, 500000.00, '2025-01-06 10:30:00', '2025-03-09 10:31:25'),
(144, 15, 'debit', 'নগদ জমা ', NULL, NULL, 400000.00, '2025-01-12 10:31:00', '2025-03-09 10:32:15'),
(145, 15, 'debit', 'নগদ জমা ', NULL, NULL, 300000.00, '2025-01-20 10:32:00', '2025-03-09 10:37:04'),
(146, 15, 'debit', 'নগদ জমা ', NULL, NULL, 300000.00, '2025-01-27 10:37:00', '2025-03-09 10:37:44'),
(147, 15, 'debit', 'নগদ জমা ', NULL, NULL, 300000.00, '2025-02-04 10:37:00', '2025-03-09 10:38:26'),
(148, 15, 'debit', 'নগদ জমা ', NULL, NULL, 300000.00, '2025-02-24 10:38:00', '2025-03-09 10:39:55'),
(149, 15, 'credit', '20*20=58*58=60\"শিটিং ', 10006, 14.00, 140084.00, '2025-01-12 10:39:00', '2025-03-09 10:42:09'),
(150, 15, 'credit', '45*45=94*70=60\"T.C', 20108, 21.00, 422268.00, '2025-01-13 10:42:00', '2025-03-09 10:44:57'),
(151, 15, 'credit', '45*45=94*70=60\"T.C', 5046, 21.00, 105966.00, '2025-01-17 10:44:00', '2025-03-09 10:45:58'),
(152, 15, 'credit', '20*20=54*60=61\" গ্রে ', 17685, 14.00, 247590.00, '2025-01-26 10:45:00', '2025-03-09 10:47:22'),
(153, 15, 'credit', '45*45=94*70=60\"T.C', 1504, 21.00, 31584.00, '2025-01-28 10:47:00', '2025-03-09 10:48:20'),
(154, 15, 'credit', '45*45=94*70=60\"T.C', 10061, 21.00, 211281.00, '2025-02-10 10:48:00', '2025-03-09 10:49:26'),
(155, 15, 'credit', '20*20=54*60=60\"কটন ', 21618, 14.00, 302652.00, '2025-02-25 10:49:00', '2025-03-09 10:54:05'),
(156, 122, 'credit', 'সাবেক ব্যালেন্স ', NULL, NULL, 495841.00, '2025-03-09 11:04:00', '2025-03-09 11:12:25'),
(157, 122, 'credit', '১৩২১৭', 2406, 13.00, 31278.00, '2024-10-18 11:12:00', '2025-03-09 11:14:56'),
(158, 122, 'credit', '১৩২৩৪', 2406, 13.00, 31278.00, '2024-10-20 11:14:00', '2025-03-09 11:16:26'),
(159, 122, 'credit', '১৩২৪১', 3330, 15.00, 49950.00, '2024-10-21 11:16:00', '2025-03-09 11:24:17'),
(160, 122, 'credit', '১৩২৮৬', 2513, 15.00, 37695.00, '2024-10-26 11:24:00', '2025-03-09 11:25:50'),
(161, 122, 'credit', '১৩৩০২', 2366, 24.00, 56784.00, '2024-10-28 12:55:00', '2025-03-09 12:56:33'),
(162, 122, 'credit', '১৩৩০৫', 2406, 13.00, 31278.00, '2024-10-28 12:56:00', '2025-03-09 12:57:21'),
(163, 122, 'credit', '১৩৩১৭', 2448, 24.00, 58752.00, '2024-10-29 12:57:00', '2025-03-09 12:58:10'),
(164, 122, 'credit', '১৩৩৪৭', 2406, 13.00, 31278.00, '2024-11-02 12:58:00', '2025-03-09 12:58:46'),
(165, 122, 'credit', '১৩৪০৩', 2482, 15.00, 37230.00, '2024-11-07 12:58:00', '2025-03-09 12:59:38'),
(166, 122, 'credit', '১৩৪২১', 2285, 24.00, 54840.00, '2024-11-10 12:59:00', '2025-03-09 13:00:15'),
(167, 122, 'credit', '১৩৪৫০', 2448, 24.00, 58752.00, '2024-11-13 13:00:00', '2025-03-09 13:01:42'),
(168, 122, 'credit', '১৩৫৩১', 2415, 24.00, 57960.00, '2024-11-21 13:01:00', '2025-03-09 13:02:22'),
(169, 122, 'credit', '১৩৫১১', 801, 13.00, 10413.00, '2024-11-18 13:02:00', '2025-03-09 13:03:13'),
(170, 122, 'credit', '১৩৬৩৩', 2415, 24.00, 57960.00, '2024-11-30 13:03:00', '2025-03-09 13:03:56'),
(171, 122, 'credit', '১৩৭৪৪', 2448, 24.00, 58752.00, '2024-12-11 13:03:00', '2025-03-09 13:04:32'),
(172, 122, 'credit', '১৩৭৮৩', 2448, 24.00, 58752.00, '2024-12-15 13:04:00', '2025-03-09 13:05:08'),
(173, 122, 'credit', '১৩৮৩৯', 3427, 24.00, 82248.00, '2024-12-22 13:05:00', '2025-03-09 13:06:08'),
(174, 122, 'credit', '১৩৯৭৩', 3427, 24.00, 82248.00, '2025-01-06 13:06:00', '2025-03-09 13:06:40'),
(175, 122, 'credit', '১৪১০৬', 3427, 24.00, 82248.00, '2025-01-20 13:06:00', '2025-03-09 13:07:13'),
(176, 122, 'credit', '১৪৪০০', 3427, 24.00, 82248.00, '2025-02-20 13:07:00', '2025-03-09 13:07:50'),
(178, 122, 'debit', 'নগদ জমা ', NULL, NULL, 400000.00, '2025-11-06 13:11:00', '2025-03-09 13:12:17'),
(179, 122, 'debit', 'নগদ জমা ', NULL, NULL, 350000.00, '2024-12-03 13:22:00', '2025-03-09 13:23:08'),
(180, 122, 'debit', 'নগদ জমা ', NULL, NULL, 300000.00, '2025-01-06 13:23:00', '2025-03-09 13:24:18'),
(181, 122, 'debit', 'নগদ জমা ', NULL, NULL, 200000.00, '2025-02-04 13:24:00', '2025-03-09 13:25:05'),
(182, 122, 'debit', 'নগদ জমা ', NULL, NULL, 250000.00, '2025-03-03 13:25:00', '2025-04-15 06:58:36'),
(183, 122, 'credit', '৩ টা ভীম বাবদ বিল জমা ', NULL, NULL, 18552.00, '2024-09-03 13:33:00', '2025-03-09 13:43:27'),
(185, 117, 'debit', '45*45=94*70=60\"T.C', 6095, 13.00, 79235.00, '2024-12-07 13:57:00', '2025-03-09 13:59:07'),
(186, 117, 'debit', '45*45=94*70=60\"T.C', 3979, 13.00, 51727.00, '2024-12-14 13:59:00', '2025-03-09 14:00:28'),
(187, 117, 'debit', '45*45=94*70=46\"T.C', 15267, 11.00, 167937.00, '2024-12-21 14:00:00', '2025-03-09 14:03:10'),
(188, 117, 'debit', '45*45=94*70=60\"T.C', 2011, 13.00, 26143.00, '2024-12-19 14:03:00', '2025-03-09 14:04:48'),
(189, 117, 'debit', '45*45=94*70=60\"T.C', 7034, 13.00, 91442.00, '2024-12-28 14:04:00', '2025-03-09 14:05:50'),
(190, 117, 'debit', '45*45=104*70=46\"T.C', 5244, 11.00, 57684.00, '2024-12-31 14:05:00', '2025-03-09 14:07:16'),
(191, 117, 'credit', 'নগদ জমা ', NULL, NULL, 100000.00, '2024-12-12 14:07:00', '2025-03-09 14:08:21'),
(192, 117, 'credit', 'নগদ জমা ', NULL, NULL, 200000.00, '2024-12-24 14:08:00', '2025-03-09 14:08:58'),
(193, 117, 'credit', 'নগদ জমা ', NULL, NULL, 100000.00, '2025-01-02 14:08:00', '2025-03-09 14:09:37'),
(194, 117, 'credit', 'নগদ জমা ', NULL, NULL, 100000.00, '2025-01-09 14:09:00', '2025-03-09 14:11:14'),
(195, 117, 'credit', 'নগদ জমা ', NULL, NULL, 80000.00, '2025-02-06 14:11:00', '2025-03-09 14:11:56'),
(196, 121, 'debit', 'নগদ জমা ', NULL, NULL, 300000.00, '2025-03-09 14:21:00', '2025-03-09 14:21:36'),
(197, 121, 'credit', '১৪৪৫৩', 2672, 17.00, 45424.00, '2025-02-27 14:21:00', '2025-03-09 14:22:33'),
(198, 14, 'credit', 'নিটিং চাজ \n৩০*২০=১০০*৫০=৯১\"TWILL', 9092, 12.00, 109104.00, '2024-11-24 04:48:00', '2025-03-10 04:51:05'),
(199, 14, 'credit', 'সাবেক ব্যালেন্স\nনিটিং চাজ', NULL, NULL, 121864.00, '2024-11-23 04:51:00', '2025-03-10 05:17:00'),
(200, 14, 'credit', 'নিটিং চাজ \n30*20=100*50=91\"Twill', 10862, 12.00, 130344.00, '2024-12-01 04:57:00', '2025-03-10 05:00:09'),
(201, 14, 'credit', 'নিটিং চাজ \n30*20=100*50=91\"Twill', 7704, 12.00, 92448.00, '2024-12-08 05:00:00', '2025-03-10 05:01:57'),
(202, 14, 'credit', 'নিটিং চাজ\n30*20=100*50=91\"Twill', 10245, 12.00, 122940.00, '2024-12-18 05:01:00', '2025-03-10 05:09:38'),
(203, 14, 'credit', 'নিটিং চাজ \n30*20=100*50=91\" Twill', 6070, 12.00, 72840.00, '2025-01-07 05:09:00', '2025-03-10 05:11:52'),
(204, 14, 'credit', 'নিটিং চাজ \n30*20=100*50=91\"Twill', 15997, 12.00, 191964.00, '2025-01-07 05:11:00', '2025-03-10 05:13:14'),
(205, 14, 'credit', 'নিটিং চাজ\n30*20=100*50=91\"Twill', 15759, 12.00, 189108.00, '2025-02-06 05:13:00', '2025-03-10 05:14:27'),
(206, 14, 'credit', 'নিটিং চাজ\n30*20=100*50=90\"Twill', 15128, 12.00, 181536.00, '2025-02-24 05:14:00', '2025-03-10 05:16:23'),
(207, 14, 'credit', 'নিটিং চাজ \n30*20=100*50=91\"Twill', 9152, 12.00, 109824.00, '2025-03-09 05:18:00', '2025-03-10 05:20:12'),
(208, 14, 'debit', 'নিটিং চাজ বাবদ নগদজমা ', NULL, NULL, 100000.00, '2024-12-23 05:20:00', '2025-03-10 05:27:19'),
(209, 14, 'debit', 'নিটিং চাজ নগদ জমা ', NULL, NULL, 500000.00, '2025-01-09 05:21:00', '2025-03-10 05:27:03'),
(210, 14, 'debit', 'নিটিং চাজ বাবদ নগদ জমা ', NULL, NULL, 300000.00, '2025-02-24 05:28:00', '2025-03-10 05:31:29'),
(211, 14, 'debit', 'নিটিং চাজ বাবদ নগদ জমা ', NULL, NULL, 130612.00, '2025-03-09 05:31:00', '2025-03-10 05:32:49'),
(212, 12, 'credit', 'নিটি চাজ \n30*20=100*50=91\"Twill ', 11090, 11.00, 121990.00, '2024-10-09 05:39:00', '2025-03-10 05:42:06'),
(213, 12, 'credit', 'নিটিং চাজ 30*20=100*50=91\"Twill', 6991, 11.00, 76901.00, '2024-10-21 05:42:00', '2025-03-10 05:44:51'),
(214, 12, 'credit', 'নিটিং চাজ\n30*20=100*20=91\"Twill', 5493, 11.00, 60423.00, '2024-10-30 05:46:00', '2025-03-10 05:47:32'),
(215, 12, 'credit', 'নিটিং চাজ\n30*20=100*50=91\"Twill', 16727, 11.00, 183997.00, '2024-11-21 05:47:00', '2025-03-10 05:49:43'),
(216, 12, 'credit', 'নিটিং চাজ\n30*20=100*50=91\"Twill', 6687, 11.00, 73557.00, '2024-11-27 05:49:00', '2025-03-10 05:51:19'),
(217, 12, 'credit', 'নিটিং চাজ\n30*20=100*50=91\"Twill', 13973, 11.00, 153703.00, '2024-12-09 05:51:00', '2025-03-10 05:54:02'),
(218, 12, 'credit', 'নিটিং চাজ \n30*20=100*50=91\"Twill', 8731, 11.00, 96041.00, '2024-12-15 05:54:00', '2025-03-10 05:55:25'),
(219, 12, 'credit', 'নিটিং চাজ\n30*20=100*50=91\"Twill', 13105, 11.00, 144155.00, '2024-12-28 05:55:00', '2025-03-10 06:23:21'),
(220, 12, 'credit', 'নিটিং চাজ \n30*20=100*50=91\"Twill', 10139, 11.00, 111529.00, '2025-01-05 06:23:00', '2025-03-10 06:24:50'),
(221, 12, 'credit', 'নিটিং চাজ\n30*20=100*50=91\"Twill', 7133, 11.00, 78463.00, '2025-01-10 06:24:00', '2025-03-10 06:26:26'),
(222, 12, 'credit', 'নিটিং চাজ\n30*20=100*50=91\"Twill', 15363, 11.00, 168993.00, '2025-01-18 06:26:00', '2025-03-10 06:27:35'),
(223, 12, 'credit', 'নিটিং চাজ\n30*20=100*50=91\"Twill', 14308, 11.00, 157388.00, '2025-02-01 06:27:00', '2025-04-14 06:35:36'),
(224, 12, 'credit', 'নিটিং চাজ \n30*20=100*50=91\"Twill', 14231, 11.00, 156541.00, '2025-02-10 06:29:00', '2025-03-10 06:30:07'),
(225, 12, 'credit', 'নিটিং চাজ\n30*20=100*50=91\"Twill', 13760, 11.00, 151360.00, '2025-01-23 06:30:00', '2025-03-10 06:37:01'),
(226, 12, 'debit', 'নিটিং চাজ বাবদ নগদ জমা ', NULL, NULL, 100000.00, '2024-10-24 06:37:00', '2025-03-10 06:38:04'),
(227, 12, 'debit', 'নিটিং চাজ বাবদ নগদ জমা ', NULL, NULL, 150000.00, '2024-11-10 06:38:00', '2025-03-10 06:39:07'),
(228, 12, 'debit', 'নিটিং চাজ বাবদ নগদ জমা ', NULL, NULL, 80000.00, '2024-11-25 06:39:00', '2025-03-10 06:39:55'),
(229, 12, 'debit', 'নিটিং চাজ বাবদ নগদ জমা ', NULL, NULL, 150000.00, '2024-11-28 06:39:00', '2025-03-10 06:41:00'),
(230, 12, 'debit', 'নিটিং চাজ বাবদ নগদ জমা ', NULL, NULL, 90000.00, '2024-12-12 06:41:00', '2025-03-10 06:41:51'),
(231, 12, 'debit', 'নিটিং চাজ বাবদ নগদ জমা ', NULL, NULL, 100000.00, '2024-12-23 06:41:00', '2025-03-10 06:42:44'),
(232, 12, 'debit', 'নিটিং চাজ বাবদ নগদ জমা ', NULL, NULL, 125000.00, '2024-12-26 06:42:00', '2025-03-10 06:43:40'),
(233, 12, 'debit', 'নিটিং চাজ বাবদ নগদ জমা ', NULL, NULL, 150000.00, '2025-01-16 06:43:00', '2025-03-10 06:44:47'),
(234, 12, 'debit', 'নিটিং চাজ বাবদ নগদ জমা ', NULL, NULL, 150000.00, '2025-01-23 06:44:00', '2025-03-10 06:45:37'),
(235, 12, 'debit', 'নিটিং চাজ বাবদ নগদ জমা ', NULL, NULL, 150000.00, '2025-02-06 06:45:00', '2025-03-10 06:46:33'),
(236, 134, 'credit', 'কাপড় যাওয়া ', 18550, 18.50, 343175.00, '2024-10-09 10:28:00', '2025-03-18 10:36:02'),
(237, 134, 'credit', 'কাপড় যাওয়া ', 14664, 18.50, 271284.00, '2024-10-21 10:36:00', '2025-03-18 10:58:45'),
(238, 134, 'credit', 'কাপড় যাওয়া ', 100, 108.00, 10800.00, '2024-10-21 10:58:00', '2025-03-18 11:00:41'),
(239, 134, 'credit', 'কাপড় যাওয়া ', 11773, 18.50, 217800.50, '2024-10-30 11:00:00', '2025-03-18 11:14:57'),
(240, 134, 'credit', 'কাপড় যাওয়া ', 23106, 18.50, 427461.00, '2024-11-21 11:14:00', '2025-03-18 11:16:50'),
(241, 134, 'credit', 'কাপড় যাওয়া ', 22688, 18.50, 419728.00, '2024-12-09 11:16:00', '2025-03-18 11:23:17'),
(242, 134, 'credit', 'কাপড় যাওয়া ', 20728, 18.50, 383468.00, '2024-11-27 11:23:00', '2025-03-18 11:25:14'),
(243, 134, 'credit', 'কাপড় যাওয়া ', 17175, 18.50, 317737.50, '2024-12-15 11:25:00', '2025-03-18 11:28:15'),
(250, 134, 'debit', 'নগদ জমা ', NULL, NULL, 343184.00, '2024-10-21 05:34:00', '2025-03-19 05:35:52'),
(251, 134, 'debit', 'নগদ জমা ', NULL, NULL, 271284.00, '2024-10-30 05:36:00', '2025-03-19 05:37:04'),
(252, 134, 'debit', 'নগদ জমা ', NULL, NULL, 217800.00, '2024-11-07 05:37:00', '2025-03-19 05:37:46'),
(253, 134, 'debit', 'নগদ জমা ', NULL, NULL, 427461.00, '2024-11-27 05:37:00', '2025-03-19 05:39:00'),
(254, 134, 'debit', 'নগদ জমা ', NULL, NULL, 383468.00, '2024-12-05 05:39:00', '2025-03-19 05:39:54'),
(255, 134, 'debit', 'নগদ জমা ', NULL, NULL, 419728.00, '2024-12-19 05:39:00', '2025-03-19 05:40:31'),
(256, 134, 'credit', 'কাপড় যাওয়া ', 24030, 18.50, 444555.00, '2024-12-28 05:43:00', '2025-03-19 06:02:21'),
(257, 134, 'credit', 'কাপড় যাওয়া ', 17147, 18.50, 317219.50, '2025-01-05 06:02:00', '2025-03-19 06:07:20'),
(258, 134, 'credit', 'কাপড় যাওয়া ', 12132, 18.50, 224442.00, '2025-01-10 06:07:00', '2025-03-19 06:08:16'),
(259, 134, 'credit', 'কাপড় যাওয়া ', 18681, 18.50, 345598.50, '2025-01-23 06:08:00', '2025-03-19 06:09:42'),
(260, 134, 'credit', 'কাপড় যাওয়া ', 23729, 18.50, 438986.50, '2025-01-23 06:09:00', '2025-03-19 06:10:41'),
(261, 134, 'credit', 'কাপড় যাওয়া ', 18209, 18.50, 336866.50, '2025-02-01 06:12:00', '2025-03-19 06:12:59'),
(262, 134, 'credit', 'কাপড় যাওয়া ', 24242, 18.50, 448477.00, '2025-02-10 06:12:00', '2025-03-19 06:14:16'),
(263, 134, 'credit', 'কাপড় যাওয়া ', 21952, 18.50, 406112.00, '2025-02-19 06:14:00', '2025-03-19 06:15:02'),
(264, 134, 'credit', 'কাপড় যাওয়া ', 22921, 18.50, 424038.50, '2025-02-27 06:15:00', '2025-03-19 06:15:52'),
(265, 134, 'debit', 'নগদ জমা ', NULL, NULL, 317937.00, '2024-12-30 06:16:00', '2025-03-19 06:16:55'),
(266, 134, 'debit', 'নগদ জমা ', NULL, NULL, 444555.00, '2025-01-06 06:16:00', '2025-03-19 06:17:28'),
(267, 134, 'debit', 'নগদ জমা ', NULL, NULL, 317219.00, '2025-01-13 06:17:00', '2025-03-19 06:18:11'),
(268, 134, 'debit', 'নগদ জমা ', NULL, NULL, 224437.00, '2025-01-22 06:18:00', '2025-03-19 06:18:50'),
(269, 134, 'debit', 'নগদ জমা ', NULL, NULL, 784584.00, '2025-02-04 06:18:00', '2025-03-19 06:19:30'),
(270, 134, 'debit', 'নগদ জমা ', NULL, NULL, 336866.00, '2025-02-24 06:19:00', '2025-03-19 06:20:06'),
(271, 134, 'debit', 'নগদ জমা ', NULL, NULL, 854589.00, '2025-03-09 06:20:00', '2025-03-19 06:20:38'),
(272, 123, 'credit', '১২৮৫৮', 5601, 17.00, 95217.00, '2024-09-03 06:24:00', '2025-03-19 06:28:47'),
(273, 123, 'credit', '১২৯০৬', 4340, 17.00, 73780.00, '2024-09-09 07:39:00', '2025-03-19 07:41:31'),
(274, 123, 'credit', '১২৯৫৫', 4340, 17.00, 73780.00, '2024-09-15 07:41:00', '2025-03-19 07:43:58'),
(275, 123, 'credit', '১৩১০২', 5608, 16.00, 89728.00, '2024-10-05 07:45:00', '2025-03-19 07:46:03'),
(276, 123, 'credit', '১৩১৭৩', 5493, 16.00, 87888.00, '2024-10-12 07:46:00', '2025-03-19 08:02:12'),
(277, 123, 'credit', '১৩২৫৬', 5493, 16.00, 87888.00, '2024-10-23 08:39:00', '2025-03-19 09:03:18'),
(278, 123, 'credit', '১৩৩৩২', 7835, 16.00, 125360.00, '2024-10-31 08:40:00', '2025-03-19 09:03:30'),
(279, 123, 'credit', '১৩৪৪০', 5493, 16.00, 87888.00, '2024-11-12 08:41:00', '2025-03-19 09:03:41'),
(280, 123, 'credit', '১৩৪৯৪', 5493, 16.00, 87888.00, '2024-11-18 09:01:00', '2025-03-19 09:02:17'),
(281, 123, 'credit', '১৩৬১২', 5538, 16.00, 88608.00, '2024-11-28 09:04:00', '2025-03-19 09:05:32'),
(282, 123, 'credit', '১৩৬৭৮', 7868, 16.00, 125888.00, '2024-12-05 09:05:00', '2025-03-19 09:06:20'),
(283, 123, 'credit', '১৩৭৬৯', 5653, 16.00, 90448.00, '2024-12-14 09:06:00', '2025-03-19 09:07:08'),
(284, 123, 'credit', '১৩৮৩৫', 5653, 16.00, 90448.00, '2024-12-19 09:07:00', '2025-03-19 09:08:56'),
(285, 123, 'credit', '১৩৯০২', 5538, 16.00, 88608.00, '2024-12-29 09:08:00', '2025-03-19 09:10:03'),
(286, 123, 'credit', '১৩৯৪৯', 5538, 16.00, 88608.00, '2025-01-04 09:10:00', '2025-03-19 09:10:40'),
(287, 123, 'credit', '১৩৯৯৪', 5462, 16.00, 87392.00, '2025-01-08 09:10:00', '2025-03-19 09:11:21'),
(288, 123, 'credit', '১৪০২২', 5500, 16.00, 88000.00, '2025-01-11 09:11:00', '2025-03-19 09:12:15'),
(289, 123, 'credit', '১৪২২৩', 5538, 16.00, 88608.00, '2025-02-01 09:12:00', '2025-03-19 09:14:37'),
(290, 123, 'credit', '১৪০৬৪', 5500, 16.00, 88000.00, '2025-01-15 09:14:00', '2025-03-19 09:15:14'),
(291, 123, 'credit', '১৪১৪২', 5538, 16.00, 88608.00, '2025-01-23 09:15:00', '2025-03-19 09:16:11'),
(292, 123, 'credit', '১৪১৭৮', 5538, 16.00, 88608.00, '2025-01-27 09:16:00', '2025-03-19 09:16:52'),
(293, 123, 'debit', 'নগদ জমা ', NULL, NULL, 200000.00, '2024-09-19 09:17:00', '2025-03-19 09:17:55'),
(294, 123, 'debit', 'Discount', NULL, NULL, 14281.00, '2024-09-19 09:17:00', '2025-03-19 09:18:27'),
(295, 123, 'debit', 'নগদ জমা ', NULL, NULL, 111000.00, '2024-10-27 09:18:00', '2025-03-19 09:19:02'),
(296, 123, 'debit', 'নগদ জমা ', NULL, NULL, 200000.00, '2024-11-07 09:19:00', '2025-03-19 09:19:39'),
(297, 123, 'debit', 'নগদ জমা ', NULL, NULL, 300000.00, '2024-12-05 09:19:00', '2025-03-19 09:20:17'),
(298, 123, 'debit', 'জরিমানা ', NULL, NULL, 72744.00, '2024-12-05 09:20:00', '2025-03-19 09:28:24'),
(299, 123, 'debit', 'নগদ জমা ', NULL, NULL, 350000.00, '2025-01-06 09:25:00', '2025-03-19 09:26:18'),
(300, 123, 'debit', 'নগদ জমা ', NULL, NULL, 100000.00, '2025-01-08 09:26:00', '2025-03-19 09:26:47'),
(301, 123, 'debit', 'নগদ জমা ', NULL, NULL, 400000.00, '2025-02-04 09:26:00', '2025-03-19 09:27:37'),
(302, 123, 'credit', '১৪৩২৬', 5538, 16.00, 88608.00, '2025-02-05 04:13:00', '2025-03-20 04:13:58'),
(303, 123, 'credit', '১৪৩৩৫', 5538, 16.00, 88608.00, '2025-02-12 04:13:00', '2025-03-20 04:14:39'),
(304, 123, 'credit', '১৪৩৭৮', 5538, 16.00, 88608.00, '2025-02-18 04:14:00', '2025-03-20 04:15:15'),
(305, 123, 'credit', '১৪৪১২', 5538, 16.00, 88608.00, '2025-02-22 04:15:00', '2025-03-20 04:16:05'),
(306, 123, 'credit', '১৪৪৮৪', 5538, 16.00, 88608.00, '2025-03-02 04:16:00', '2025-03-20 04:16:42'),
(307, 123, 'debit', 'নগদ জমা ', NULL, NULL, 500000.00, '2025-03-09 04:16:00', '2025-03-20 04:17:35'),
(308, 123, 'credit', '১৪৬২৭', 5538, 16.00, 88608.00, '2025-03-18 04:18:00', '2025-03-20 04:18:46'),
(309, 135, 'debit', '550', 3354, 11.00, 36894.00, '2024-10-06 04:33:00', '2025-03-20 04:34:22'),
(310, 135, 'debit', '352', 947, 11.00, 10417.00, '2024-10-09 04:34:00', '2025-03-20 04:35:12'),
(311, 135, 'debit', '301', 2189, 11.00, 24079.00, '2024-10-20 04:35:00', '2025-03-20 04:36:02'),
(312, 135, 'debit', '302', 2061, 11.00, 22671.00, '2024-10-21 04:36:00', '2025-03-20 04:36:44'),
(313, 135, 'debit', '304', 2652, 11.00, 29172.00, '2024-10-10 04:36:00', '2025-03-20 04:37:40'),
(314, 135, 'debit', '305', 2138, 11.00, 23518.00, '2024-11-06 04:37:00', '2025-03-20 04:42:07'),
(315, 135, 'debit', '306', 1932, 11.00, 21252.00, '2025-01-09 04:42:00', '2025-03-20 04:42:49'),
(316, 135, 'debit', '307', 1373, 11.00, 15103.00, '2024-11-11 04:42:00', '2025-03-20 04:43:42'),
(317, 135, 'debit', '308', 1491, 11.00, 16401.00, '2024-11-13 04:43:00', '2025-03-20 04:44:41'),
(318, 135, 'debit', '309', 5342, 11.00, 58762.00, '2024-11-20 04:44:00', '2025-03-20 04:45:20'),
(319, 135, 'debit', '310', 5158, 11.00, 56738.00, '2024-11-26 04:45:00', '2025-03-20 04:46:15'),
(320, 135, 'debit', NULL, 8716, 11.00, 95876.00, '2024-12-09 04:46:00', '2025-03-20 04:47:53'),
(321, 135, 'debit', NULL, 6941, 11.00, 76351.00, '2024-12-15 04:47:00', '2025-03-20 04:49:05'),
(322, 135, 'debit', '318/319', 10077, 11.00, 110847.00, '2024-12-28 04:49:00', '2025-03-20 04:49:55'),
(323, 135, 'debit', NULL, 7008, 11.00, 77088.00, '2025-01-05 05:00:00', '2025-03-20 05:00:54'),
(324, 135, 'debit', '321/322', 5006, 11.00, 55066.00, '2025-01-10 05:00:00', '2025-03-20 05:01:37'),
(325, 135, 'debit', '323', 3320, 11.00, 36520.00, '2025-01-18 05:01:00', '2025-03-20 05:02:18'),
(326, 135, 'debit', '325/326', 9969, 11.00, 109659.00, '2025-01-23 05:02:00', '2025-03-20 05:03:16'),
(327, 135, 'debit', NULL, 6105, 11.00, 67155.00, '2025-02-01 05:03:00', '2025-03-20 05:04:06'),
(328, 135, 'debit', NULL, 10011, 11.00, 110121.00, '2025-02-10 05:04:00', '2025-03-20 05:04:48'),
(329, 135, 'debit', NULL, 7210, 11.00, 79310.00, '2025-02-19 05:04:00', '2025-03-20 05:05:39'),
(330, 135, 'debit', NULL, 6515, 11.00, 71665.00, '2025-02-27 05:05:00', '2025-03-20 05:06:13'),
(331, 135, 'debit', NULL, 7394, 11.00, 81334.00, '2025-03-10 05:06:00', '2025-03-20 05:07:34'),
(332, 135, 'debit', NULL, 3303, 11.00, 36333.00, '2025-03-15 05:07:00', '2025-03-20 05:08:07'),
(333, 135, 'credit', 'নগদ জমা ', NULL, NULL, 70000.00, '2024-10-31 05:08:00', '2025-03-20 05:09:32'),
(334, 135, 'credit', 'নগদ জমা ', NULL, NULL, 60000.00, '2024-11-14 05:09:00', '2025-03-20 05:10:10'),
(335, 135, 'credit', 'নগদ জমা ', NULL, NULL, 150000.00, '2024-12-12 05:10:00', '2025-03-20 05:10:45'),
(336, 135, 'credit', 'নগদ জমা ', NULL, NULL, 70000.00, '2024-12-19 05:10:00', '2025-03-20 05:11:14'),
(337, 135, 'credit', 'নগদ জমা ', NULL, NULL, 150000.00, '2025-01-02 05:11:00', '2025-03-20 05:11:47'),
(338, 135, 'credit', 'নগদ জমা ', NULL, NULL, 100000.00, '2025-01-15 05:11:00', '2025-03-20 05:12:28'),
(339, 135, 'credit', 'নগদ জমা ', NULL, NULL, 80000.00, '2025-02-04 05:12:00', '2025-03-20 05:13:01'),
(340, 135, 'credit', 'নগদ জমা ', NULL, NULL, 180000.00, '2025-02-06 05:13:00', '2025-03-20 05:13:37'),
(341, 135, 'credit', 'নগদ জমা ', NULL, NULL, 200000.00, '2025-03-09 05:13:00', '2025-03-20 05:14:08'),
(342, 136, 'debit', '২৪২', 11090, 11.00, 121990.00, '2024-10-09 05:15:00', '2025-03-20 05:17:25'),
(343, 136, 'debit', '৪০৪', 6991, 11.00, 76901.00, '2024-10-21 05:16:00', '2025-03-20 05:17:01'),
(344, 136, 'debit', '৪১৫', 5493, 11.00, 60423.00, '2024-10-30 05:18:00', '2025-03-20 05:18:58'),
(345, 136, 'debit', '৪২৮', 16727, 11.00, 183997.00, '2024-11-21 05:18:00', '2025-03-20 05:19:49'),
(346, 136, 'debit', '৪৩৩', 6687, 11.00, 73557.00, '2024-11-27 05:19:00', '2025-03-20 05:20:34'),
(347, 136, 'debit', '৪৪৩', 13973, 11.00, 153703.00, '2024-12-09 05:25:00', '2025-03-20 05:33:24'),
(348, 136, 'debit', '৪৪৭', 8730, 11.00, 96030.00, '2024-12-15 05:33:00', '2025-03-20 05:34:18'),
(349, 136, 'debit', '৭', 13105, 11.00, 144155.00, '2024-12-28 05:34:00', '2025-03-20 05:34:50'),
(350, 136, 'debit', NULL, 10139, 11.00, 111529.00, '2025-01-05 05:34:00', '2025-03-20 05:35:23'),
(351, 136, 'debit', '১৫', 7184, 11.00, 79024.00, '2025-01-10 05:35:00', '2025-03-20 05:36:03'),
(352, 136, 'debit', '২৫', 15363, 11.00, 168993.00, '2025-01-18 05:36:00', '2025-03-20 05:36:50'),
(353, 136, 'debit', '২৭', 13760, 11.00, 151360.00, '2025-01-23 05:36:00', '2025-03-20 05:37:43'),
(354, 136, 'debit', NULL, 14308, 11.00, 157388.00, '2025-02-01 05:37:00', '2025-03-20 05:38:22'),
(355, 136, 'debit', '৩৪', 14231, 11.00, 156541.00, '2025-02-10 05:38:00', '2025-03-20 05:39:12'),
(356, 136, 'debit', '৩৬', 12740, 11.00, 140140.00, '2025-02-19 05:39:00', '2025-03-20 05:40:14'),
(357, 136, 'debit', NULL, 11380, 11.00, 125180.00, '2025-02-27 05:40:00', '2025-03-20 05:41:07'),
(358, 136, 'debit', NULL, 2255, 11.00, 24805.00, '2025-03-10 05:41:00', '2025-03-20 05:42:02'),
(359, 136, 'debit', NULL, 4112, 11.00, 45232.00, '2025-03-15 05:42:00', '2025-03-20 05:42:37'),
(360, 136, 'credit', 'নগদ জমা ', NULL, NULL, 100000.00, '2024-10-24 05:42:00', '2025-03-20 05:43:33'),
(361, 136, 'credit', 'নগদ জমা ', NULL, NULL, 150000.00, '2024-11-10 05:43:00', '2025-03-20 05:44:35'),
(362, 136, 'credit', 'নগদ জমা ', NULL, NULL, 100000.00, '2024-12-23 05:44:00', '2025-03-20 05:54:09'),
(363, 136, 'credit', 'নগদ জমা ', NULL, NULL, 80000.00, '2024-11-25 05:45:00', '2025-03-20 05:45:57'),
(364, 136, 'credit', 'নগদ জমা ', NULL, NULL, 150000.00, '2024-11-28 05:45:00', '2025-03-20 05:47:52'),
(365, 136, 'credit', 'নগদ জমা ', NULL, NULL, 90000.00, '2024-12-12 05:47:00', '2025-03-20 05:48:38'),
(366, 136, 'credit', 'নগদ জমা ', NULL, NULL, 125000.00, '2024-12-26 05:56:00', '2025-03-20 05:57:16'),
(367, 136, 'credit', 'নগদ জমা ', NULL, NULL, 150000.00, '2025-01-16 05:57:00', '2025-03-20 05:58:20'),
(368, 136, 'credit', 'কাপড় লেছ বাবদ ', NULL, NULL, 561.00, '2025-01-10 05:58:00', '2025-03-20 06:04:09'),
(369, 136, 'credit', 'নগদ জমা ', NULL, NULL, 150000.00, '2025-01-23 06:04:00', '2025-03-20 06:06:46'),
(370, 136, 'credit', 'নগদ জমা ', NULL, NULL, 150000.00, '2025-02-06 06:05:00', '2025-03-20 06:05:40'),
(371, 136, 'credit', 'নগদ জমা ', NULL, NULL, 300000.00, '2025-02-24 06:07:00', '2025-03-20 06:08:25'),
(372, 134, 'credit', 'কাপড় যাওয়া ', 9656, 18.50, 178636.00, '2025-03-10 05:53:00', '2025-04-14 05:54:21'),
(373, 134, 'credit', 'কাপড় যাওয়া ', 7415, 18.50, 137177.50, '2025-03-15 06:01:00', '2025-04-14 06:03:09'),
(374, 134, 'debit', 'নগদ জমা ', NULL, NULL, 602674.00, '2025-03-09 06:03:00', '2025-04-14 06:04:15'),
(375, 134, 'credit', 'কাপড় যাওয়া ', 26845, 18.50, 496632.50, '2025-03-24 06:08:00', '2025-04-14 06:09:07'),
(376, 134, 'debit', 'নগদ জমা ', NULL, NULL, 137177.00, '2025-03-25 06:09:00', '2025-04-14 06:10:02'),
(377, 134, 'debit', 'নগদ জমা ', NULL, NULL, 496632.00, '2025-03-27 06:10:00', '2025-04-14 06:10:52'),
(378, 134, 'credit', 'কাপড় যাওয়া ', 12086, 18.50, 223591.00, '2025-03-27 06:10:00', '2025-04-14 06:12:18'),
(379, 123, 'credit', '১৪৫৬৮', 7792, 16.00, 124672.00, '2025-03-12 06:16:00', '2025-04-14 06:17:32'),
(380, 123, 'debit', 'নগদ জমা ', NULL, NULL, 300000.00, '2025-03-27 06:17:00', '2025-04-14 06:18:12'),
(381, 135, 'debit', NULL, 6320, 11.00, 69520.00, '2025-03-24 06:21:00', '2025-04-14 06:22:00'),
(382, 135, 'debit', NULL, 8632, 11.00, 94952.00, '2025-03-27 06:22:00', '2025-04-14 06:22:59'),
(383, 135, 'credit', 'নগদ জমা ', NULL, NULL, 300000.00, '2025-03-27 06:23:00', '2025-04-14 06:23:51'),
(384, 135, 'debit', NULL, 5069, 11.00, 55759.00, '2025-04-10 06:24:00', '2025-04-14 06:25:06'),
(385, 12, 'credit', 'নিটিং চাজ \n30*20=100*50=91\"Twill', 12740, 11.00, 140140.00, '2025-02-19 06:36:00', '2025-04-14 06:38:17'),
(386, 12, 'credit', 'নিটিং চাজ \n30*20=100*50=91\"Twill', 11380, 11.00, 125180.00, '2025-02-27 06:38:00', '2025-04-14 06:39:53'),
(387, 12, 'debit', 'নিটিং চাজ বাবদ নগদ জমা ', NULL, NULL, 300000.00, '2025-02-24 06:40:00', '2025-04-14 06:41:16'),
(388, 12, 'credit', 'নিটিং চাজ \n30*20=100*50=91\"Twill', 2255, 11.00, 24805.00, '2025-03-10 06:41:00', '2025-04-14 06:42:26'),
(389, 12, 'credit', 'নিটিং চাজ \n30*20=100*50=91\"Twill', 4112, 11.00, 45232.00, '2025-03-15 06:42:00', '2025-04-14 06:43:44'),
(390, 12, 'debit', 'নিটিং চাজ বাবদ নগদ �...', NULL, NULL, 300000.00, '2025-03-19 06:43:00', '2025-04-14 06:44:41'),
(391, 12, 'debit', 'নিটিং চাজ বাবদ নগদ �...', NULL, NULL, 300000.00, '2025-03-25 06:44:00', '2025-04-14 06:45:16'),
(392, 12, 'credit', 'নিটিং চাজ \n30*20=100*50=91\"Twill', 20525, 11.00, 225775.00, '2025-03-24 06:45:00', '2025-04-14 06:46:53'),
(393, 12, 'credit', 'নিটিং চাজ \n30*20=100*50=91\"Twill', 3480, 11.00, 38280.00, '2025-03-27 06:47:00', '2025-04-14 06:48:37'),
(394, 120, 'debit', 'বিল-৫৮', 5270, 8.00, 42160.00, '2025-03-08 23:54:00', '2025-04-14 23:57:45'),
(395, 15, 'credit', '20*20=54*60=60\"কটন', 12559, 14.00, 175826.00, '2025-02-27 01:00:00', '2025-04-15 01:04:51'),
(397, 15, 'debit', 'নগদ জমা', NULL, NULL, 400000.00, '2025-03-03 01:08:00', '2025-04-15 01:12:45'),
(398, 15, 'debit', 'নগদ জমা', NULL, NULL, 100000.00, '2025-03-18 01:11:00', '2025-04-15 01:12:15'),
(399, 15, 'debit', 'নগদ জমা', NULL, NULL, 500000.00, '2025-03-25 01:14:00', '2025-04-15 01:16:01'),
(400, 15, 'credit', 'Bill-48\n 45*45=94*70=60\" T.C', 851, 21.00, 17871.00, '2025-03-20 01:21:00', '2025-04-15 01:37:54'),
(401, 15, 'credit', 'Bill-51 \n45*45=94*70=60\" T.C', 1002, 21.00, 21042.00, '2025-03-24 01:25:00', '2025-04-15 01:39:49'),
(402, 15, 'credit', 'Bill-52 \n45*45=94*70=60\" T.C', 1604, 21.00, 33684.00, '2025-03-25 01:26:00', '2025-04-15 01:40:21'),
(403, 15, 'credit', 'Bill-53 \n45*45=94*70=60\" T.C', 10017, 21.00, 210357.00, '2025-03-25 01:28:00', '2025-04-15 01:40:41'),
(405, 15, 'credit', 'Bill-59 \n45*45=94*70=60\" T.C', 1201, 21.00, 25221.00, '2025-04-10 01:32:00', '2025-04-15 01:35:29'),
(406, 15, 'credit', 'Bill-62 \n45*45=80*66=60\" T.C', 1867, 21.00, 39207.00, '2025-04-12 01:35:00', '2025-04-15 01:37:08'),
(407, 15, 'debit', 'Cloth short ', 1076, 14.00, 15064.00, '2025-02-27 01:44:00', '2025-04-15 01:45:55'),
(408, 15, 'credit', '20*20=54*60=60\"কটন', 1587, 14.00, 22218.00, '2025-02-27 06:12:00', '2025-04-15 06:13:06'),
(409, 115, 'credit', 'নগদ জমা ', NULL, NULL, 1630521.00, '2025-03-16 06:45:00', '2025-04-15 06:46:47'),
(410, 115, 'debit', 'বিল-১১৯৮\n২০/১ ইয়ুথ -১৩৫ ব্যাগ', 14881, 123.00, 1830363.00, '2025-03-24 06:48:00', '2025-04-15 06:49:12'),
(411, 115, 'credit', 'নগদ জমা', NULL, NULL, 1000000.00, '2025-04-15 06:49:00', '2025-04-15 06:50:11'),
(412, 115, 'debit', 'ভাড়া + যাতায়াত ', 4050, 1.00, 4050.00, '2025-03-24 06:50:00', '2025-04-15 06:51:32'),
(413, 122, 'credit', 'বিল-৪৩০৭', 3427, 24.00, 82248.00, '2025-02-09 06:59:00', '2025-04-15 07:06:40'),
(414, 122, 'credit', 'স্যাম্পল বীম ১০/১৬-২টা ', 10000, 1.00, 10000.00, '2025-02-09 07:07:00', '2025-04-15 07:09:25'),
(415, 122, 'debit', 'নগদ জমা ', NULL, NULL, 100000.00, '2025-03-27 07:09:00', '2025-04-15 07:09:58'),
(417, 121, 'credit', 'বিল-১৪৫৪৯', 4008, 17.00, 68136.00, '2025-03-10 04:21:00', '2025-04-20 04:22:48'),
(418, 121, 'credit', 'বিল-১৪৭০২', 3154, 17.00, 53618.00, '2025-03-26 04:22:00', '2025-04-20 04:24:09'),
(419, 121, 'debit', 'নগদ জমা ', NULL, NULL, 150000.00, '2025-03-27 04:24:00', '2025-04-20 04:24:49'),
(420, 140, 'debit', 'বিল-৫৮', 5270, 8.00, 42160.00, '2025-04-09 04:44:00', '2025-04-20 04:45:56'),
(422, 144, 'debit', '50 A GRADE \n১ ড্রাম -৪০৪', 34000, 1.00, 34000.00, '2025-03-09 23:27:00', '2025-05-24 23:29:53'),
(423, 144, 'debit', '50 A GRADE ১ ড্রাম -৫০৫', 34000, 1.00, 34000.00, '2025-04-30 23:30:00', '2025-05-24 23:32:03'),
(424, 140, 'debit', 'বিল-৬৪', 749, 8.00, 5992.00, '2025-04-21 23:36:00', '2025-05-24 23:37:12'),
(425, 140, 'debit', 'বিল -৭১', 3535, 8.00, 28280.00, '2025-04-29 23:37:00', '2025-05-24 23:38:24'),
(426, 140, 'debit', 'বিল-৭৩', 536, 8.00, 4288.00, '2025-05-07 23:38:00', '2025-05-24 23:39:04'),
(427, 140, 'credit', 'নগদ জমা ', NULL, NULL, 40000.00, '2025-05-14 23:39:00', '2025-05-24 23:39:43'),
(428, 145, 'debit', 'বিল -৪৩', 1233, 14.00, 17262.00, '2025-04-14 23:46:00', '2025-05-24 23:48:08'),
(429, 145, 'debit', 'বিল -১১ ', 1524, 14.00, 21336.00, '2025-05-02 23:48:00', '2025-05-24 23:48:46'),
(430, 145, 'debit', 'বিল-৫৭', 1952, 14.00, 27328.00, '2025-05-12 23:49:00', '2025-05-24 23:50:08'),
(431, 145, 'credit', 'নগদ জমা ', NULL, NULL, 60000.00, '2025-05-14 23:50:00', '2025-05-24 23:50:49'),
(432, 15, 'credit', 'Bill-68\n45*45=94*70=60\" T.C', 5000, 21.00, 105000.00, '2025-04-24 01:04:00', '2025-05-25 01:06:06'),
(433, 15, 'credit', 'Bill-69\n45*45=94*70=60\" T.C', 10031, 21.00, 210651.00, '2025-04-30 01:06:00', '2025-05-25 01:07:42'),
(434, 15, 'credit', 'Bill-70 \n 45*45=94*70=60\" T.C', 1569, 21.00, 32949.00, '2025-04-30 01:07:00', '2025-05-25 01:08:42'),
(435, 15, 'credit', 'Bill-103\n  45*45=94*70=60\" T.C', 2002, 21.00, 42042.00, '2025-05-05 01:08:00', '2025-05-25 01:09:36'),
(436, 15, 'credit', 'Bill-72\n  45*45=94*70=60\" T.C', 4032, 21.00, 84672.00, '2025-05-10 01:09:00', '2025-05-25 01:10:36'),
(437, 15, 'credit', 'Bill-104 \n 45*45=94*70=60\" T.C', 714, 21.00, 14994.00, '2025-05-06 01:10:00', '2025-05-25 01:11:18'),
(438, 15, 'credit', 'Bill-74\n 45*45=94*70=60\" T.C	', 2015, 21.00, 42315.00, '2025-05-13 01:44:00', '2025-05-25 01:45:32'),
(439, 15, 'credit', 'Bill- 79\n45*45=94*70=60\" T.C	', 1017, 21.00, 21357.00, '2025-05-18 01:45:00', '2025-05-25 01:47:15'),
(440, 15, 'debit', 'নগদ জমা ', NULL, NULL, 50000.00, '2025-04-13 01:47:00', '2025-05-25 01:48:59'),
(441, 15, 'debit', 'নগদ জমা ', NULL, NULL, 150000.00, '2025-04-29 01:49:00', '2025-05-25 01:49:32'),
(442, 115, 'credit', 'নগদ জমা ', NULL, NULL, 800000.00, '2025-04-24 04:04:00', '2025-05-25 04:06:24'),
(443, 115, 'debit', '১২৪ ব্যাগ\nচালান-১৯২৭', 13668, 123.00, 1681164.00, '2025-04-30 04:06:00', '2025-05-25 04:08:00'),
(444, 115, 'debit', 'ভাড়া +লেবার ', 124, 30.00, 3720.00, '2025-04-30 04:08:00', '2025-05-25 04:09:26'),
(445, 115, 'debit', '১৮ ব্যাগ \nচালান-১৯২৭', 1984, 123.00, 244032.00, '2025-05-04 04:09:00', '2025-05-25 04:15:00'),
(446, 115, 'debit', 'ভাড়া +লেবার ', 18, 30.00, 540.00, '2025-05-04 04:15:00', '2025-05-25 04:15:30'),
(448, 115, 'credit', 'নগদ জমা ', NULL, NULL, 500000.00, '2025-05-08 04:16:00', '2025-05-25 04:16:44'),
(449, 115, 'credit', 'নগদ জমা ', NULL, NULL, 1200000.00, '2025-05-21 04:16:00', '2025-05-25 04:21:31'),
(451, 117, 'debit', 'সাবেক ব্যালেন্স', NULL, NULL, 235334.00, '2024-12-07 07:03:00', '2025-05-25 07:04:06'),
(452, 117, 'credit', 'নগদ জমা', NULL, NULL, 100000.00, '2025-03-20 07:07:00', '2025-05-25 07:08:09'),
(453, 119, 'debit', 'ভাড়া + ডেলিভারি', 53, 30.00, 1590.00, '2025-02-28 07:16:00', '2025-05-25 07:17:12'),
(454, 119, 'credit', 'নগদ জমা', NULL, NULL, 384745.00, '2025-02-11 07:17:00', '2025-05-25 07:17:55'),
(455, 119, 'debit', '৩০/১ কাদের ', 6614, 146.00, 965644.00, '2025-04-29 07:19:00', '2025-05-25 07:21:10'),
(456, 119, 'debit', 'ভাড়া + ডেলিভারি', 60, 30.00, 1800.00, '2025-04-29 07:21:00', '2025-05-25 07:21:47'),
(457, 119, 'credit', 'নগদ জমা', NULL, NULL, 965400.00, '2025-04-29 07:22:00', '2025-05-25 07:23:10'),
(458, 146, 'debit', '২০/১ মন্নু সুতা ', 3306, 102.00, 337212.00, '2025-05-01 01:14:00', '2025-05-26 01:15:26'),
(459, 121, 'credit', 'বিল-১৪৭৪০', 2969, 17.00, 50473.00, '2025-04-13 01:19:00', '2025-05-26 01:20:09'),
(460, 121, 'credit', 'বিল-১৪৮৯৯', 2857, 17.00, 48569.00, '2025-05-05 01:20:00', '2025-05-26 01:20:50'),
(461, 14, 'credit', 'নিটিং চাজ 30*20=100*50=91\"Twill', 15240, 12.00, 182880.00, '2025-03-27 01:31:00', '2025-05-26 01:32:04'),
(462, 14, 'credit', 'নিটিং চাজ 30*20=100*50=91\"Twill', 12460, 12.00, 149520.00, '2025-05-03 01:32:00', '2025-05-26 01:32:43'),
(463, 14, 'debit', 'নিটিং চাজ বাবদ নগদ জমা ', NULL, NULL, 350000.00, '2025-03-29 01:33:00', '2025-05-26 01:33:42'),
(464, 14, 'debit', 'নিটিং চাজ বাবদ নগদ জমা ', NULL, NULL, 124000.00, '2025-03-29 01:33:00', '2025-05-26 01:34:12'),
(465, 136, 'debit', '30*20=100*50=91\"TWILL', 20525, 11.00, 225775.00, '2025-03-24 01:38:00', '2025-05-26 01:39:58'),
(466, 136, 'debit', '30*20=100*50=91\"TWILL', 3480, 11.00, 38280.00, '2025-03-27 01:39:00', '2025-05-26 01:40:40'),
(467, 136, 'debit', '30*20=100*50=91\"TWILL', 12142, 11.00, 133562.00, '2025-04-10 01:40:00', '2025-05-26 01:41:26'),
(468, 136, 'debit', '30*20=100*50=91\"TWILL', 9469, 11.00, 104159.00, '2025-04-23 01:41:00', '2025-05-26 01:42:01'),
(469, 136, 'debit', '30*20=100*50=91\"TWILL', 9039, 11.00, 99429.00, '2025-05-15 01:42:00', '2025-05-26 01:42:28'),
(470, 136, 'credit', 'নিটিং চাজ বাবদ নগদ জমা ', NULL, NULL, 300000.00, '2025-03-19 01:42:00', '2025-05-26 01:43:50'),
(471, 136, 'credit', 'নিটিং চাজ বাবদ নগদ জমা ', NULL, NULL, 300000.00, '2025-03-25 01:43:00', '2025-05-26 01:44:46');

-- --------------------------------------------------------

--
-- Table structure for table `migrations`
--

CREATE TABLE `migrations` (
  `id` int(10) UNSIGNED NOT NULL,
  `migration` varchar(191) NOT NULL,
  `batch` int(11) NOT NULL
) ENGINE=InnoDB DEFAULT CHARSET=utf8mb4 COLLATE=utf8mb4_unicode_ci;

--
-- Dumping data for table `migrations`
--

INSERT INTO `migrations` (`id`, `migration`, `batch`) VALUES
(1, '2014_10_12_000000_create_users_table', 1),
(2, '2014_10_12_100000_create_password_resets_table', 1),
(3, '2019_08_19_000000_create_failed_jobs_table', 1),
(4, '2019_12_14_000001_create_personal_access_tokens_table', 1),
(5, '2023_05_28_090500_add_login_fields_to_users_table', 1),
(6, '2023_06_12_013333_add_profile_photo_path_column_to_users_table', 1),
(7, '2023_10_09_041104_create_addresses_table', 1),
(8, '2024_12_23_211722_create_permission_tables', 1),
(9, '2024_12_31_203245_create_sessions_table', 2),
(10, '2025_01_03_093824_create_events_table', 3),
(12, '2025_01_06_061535_create_branches_table', 4),
(13, '2025_01_06_061917_create_branch_user_table', 4),
(14, '2025_01_09_165004_create_client_types_table', 5),
(15, '2025_01_09_165902_create_clients_table', 5),
(16, '2025_01_11_173106_create_ledger_entries_table', 6),
(17, '2025_01_13_094714_create_client_type_assigns_table', 7),
(18, '2025_01_17_182949_create_yarn_table', 8),
(19, '2025_01_17_194744_create_yarn_stocks_table', 9),
(20, '2025_01_19_164555_create_cloth_table', 10),
(21, '2025_01_19_165015_create_cloth_stocks_table', 10),
(22, '2025_01_19_175638_create_client_type_pivot_table', 11),
(24, '2025_01_19_194815_create_bims_table', 12),
(25, '2025_01_19_194828_create_bim_stocks_table', 13),
(30, '2025_01_20_161903_create_units_table', 14),
(31, '2025_01_20_162022_create_unit_types_table', 14),
(32, '2025_01_20_162100_create_unit_type_assigns_table', 14),
(33, '2025_01_20_162355_create_unit_type_pivot_table', 14),
(34, '2025_01_23_170257_create_branch_yarn_stocks', 15),
(35, '2025_01_24_070840_create_branch_cloth_stocks_table', 16),
(39, '2025_01_26_160930_create_branch_bim_stocks_table', 17),
(40, '2025_01_31_075715_create_sizing_ledger_entries_table', 18),
(41, '2025_01_31_090921_create_sizing_yarn_stocks_table', 19),
(42, '2025_01_31_090954_create_sizing_yarns_table', 19),
(43, '2025_01_31_104706_create_sizing_bims_table', 20),
(44, '2025_01_31_104726_create_sizing_bim_stocks_table', 21),
(45, '2025_01_31_133423_create_chemicals_table', 22),
(46, '2025_01_31_133447_create_chemical_stocks_table', 22);

-- --------------------------------------------------------

--
-- Table structure for table `model_has_permissions`
--

CREATE TABLE `model_has_permissions` (
  `permission_id` bigint(20) UNSIGNED NOT NULL,
  `model_type` varchar(191) NOT NULL,
  `model_id` bigint(20) UNSIGNED NOT NULL
) ENGINE=InnoDB DEFAULT CHARSET=utf8mb4 COLLATE=utf8mb4_unicode_ci;

-- --------------------------------------------------------

--
-- Table structure for table `model_has_roles`
--

CREATE TABLE `model_has_roles` (
  `role_id` bigint(20) UNSIGNED NOT NULL,
  `model_type` varchar(191) NOT NULL,
  `model_id` bigint(20) UNSIGNED NOT NULL
) ENGINE=InnoDB DEFAULT CHARSET=utf8mb4 COLLATE=utf8mb4_unicode_ci;

--
-- Dumping data for table `model_has_roles`
--

INSERT INTO `model_has_roles` (`role_id`, `model_type`, `model_id`) VALUES
(1, 'App\\Models\\User', 1),
(19, 'App\\Models\\User', 40),
(20, 'App\\Models\\User', 38),
(20, 'App\\Models\\User', 41),
(20, 'App\\Models\\User', 43),
(21, 'App\\Models\\User', 42);

-- --------------------------------------------------------

--
-- Table structure for table `permissions`
--

CREATE TABLE `permissions` (
  `id` bigint(20) UNSIGNED NOT NULL,
  `name` varchar(191) NOT NULL,
  `guard_name` varchar(191) NOT NULL,
  `created_at` timestamp NULL DEFAULT NULL,
  `updated_at` timestamp NULL DEFAULT NULL
) ENGINE=InnoDB DEFAULT CHARSET=utf8mb4 COLLATE=utf8mb4_unicode_ci;

--
-- Dumping data for table `permissions`
--

INSERT INTO `permissions` (`id`, `name`, `guard_name`, `created_at`, `updated_at`) VALUES
(34, 'create_roles', 'web', '2024-12-29 23:48:03', '2024-12-29 23:48:03'),
(35, 'edit_roles', 'web', '2024-12-29 23:48:13', '2024-12-29 23:48:13'),
(36, 'delete_roles', 'web', '2024-12-29 23:48:24', '2024-12-29 23:48:24'),
(37, 'view_roles', 'web', '2024-12-01 09:48:53', '2024-12-01 09:48:59'),
(38, 'create_permissions', 'web', '2024-12-29 23:49:40', '2024-12-29 23:49:40'),
(39, 'edit_permissions', 'web', '2024-12-29 23:49:50', '2024-12-29 23:49:50'),
(40, 'delete_permissions', 'web', '2024-12-29 23:49:59', '2024-12-29 23:49:59'),
(41, 'view_permissions', 'web', '2024-12-29 23:50:09', '2024-12-29 23:50:09'),
(46, 'create_users', 'web', '2024-12-30 03:55:25', '2024-12-30 03:55:25'),
(47, 'edit_users', 'web', '2024-12-30 03:55:41', '2024-12-30 03:55:41'),
(48, 'delete_users', 'web', '2024-12-30 03:55:51', '2025-01-31 15:29:44'),
(49, 'view_users', 'web', '2024-12-30 03:55:58', '2024-12-30 03:55:58'),
(50, 'create_branch', 'web', '2025-01-31 14:34:35', '2025-01-31 14:34:35'),
(51, 'edit_branch', 'web', '2025-01-31 14:34:35', '2025-01-31 14:34:35'),
(52, 'delete_branch', 'web', '2025-01-31 14:34:35', '2025-01-31 15:29:23'),
(53, 'view_branch', 'web', '2025-01-31 14:34:35', '2025-01-31 14:34:35'),
(54, 'create_client_type', 'web', '2025-01-31 15:35:16', '2025-01-31 15:35:16'),
(55, 'edit_client_type', 'web', '2025-01-31 15:35:16', '2025-01-31 15:35:16'),
(56, 'delete_client_type', 'web', '2025-01-31 15:35:16', '2025-01-31 15:35:16'),
(57, 'view_client_type', 'web', '2025-01-31 15:35:16', '2025-01-31 15:35:16'),
(58, 'create_client', 'web', '2025-01-31 15:46:14', '2025-01-31 15:46:14'),
(59, 'edit_client', 'web', '2025-01-31 15:46:14', '2025-01-31 15:46:14'),
(60, 'delete_client', 'web', '2025-01-31 15:46:14', '2025-01-31 15:46:14'),
(61, 'view_client', 'web', '2025-01-31 15:46:14', '2025-01-31 15:46:14'),
(62, 'create_debit', 'web', '2025-01-31 15:56:01', '2025-01-31 15:56:01'),
(63, 'edit_debit', 'web', '2025-01-31 15:56:01', '2025-01-31 15:56:01'),
(64, 'delete_debit', 'web', '2025-01-31 15:56:01', '2025-01-31 15:56:01'),
(65, 'view_debit', 'web', '2025-01-31 15:56:01', '2025-01-31 15:56:01'),
(66, 'create_credit', 'web', '2025-01-31 15:56:19', '2025-01-31 15:56:19'),
(67, 'edit_credit', 'web', '2025-01-31 15:56:19', '2025-01-31 15:56:19'),
(68, 'delete_credit', 'web', '2025-01-31 15:56:19', '2025-01-31 15:56:19'),
(69, 'view_credit', 'web', '2025-01-31 15:56:19', '2025-01-31 15:56:19'),
(70, 'create_balance_sheet', 'web', '2025-01-31 15:56:54', '2025-01-31 15:56:54'),
(71, 'edit_balance_sheet', 'web', '2025-01-31 15:56:54', '2025-01-31 15:56:54'),
(72, 'delete_balance_sheet', 'web', '2025-01-31 15:56:54', '2025-01-31 15:56:54'),
(73, 'view_balance_sheet', 'web', '2025-01-31 15:56:54', '2025-01-31 15:56:54'),
(74, 'create_balance_sheet_list', 'web', '2025-01-31 15:57:27', '2025-01-31 15:57:27'),
(75, 'edit_balance_sheet_list', 'web', '2025-01-31 15:57:27', '2025-01-31 15:57:27'),
(76, 'delete_balance_sheet_list', 'web', '2025-01-31 15:57:27', '2025-01-31 15:57:27'),
(77, 'view_balance_sheet_list', 'web', '2025-01-31 15:57:27', '2025-01-31 15:57:27'),
(78, 'create_yarn', 'web', '2025-01-31 15:58:06', '2025-01-31 15:58:06'),
(79, 'edit_yarn', 'web', '2025-01-31 15:58:06', '2025-01-31 15:58:06'),
(80, 'delete_yarn', 'web', '2025-01-31 15:58:06', '2025-01-31 15:58:06'),
(81, 'view_yarn', 'web', '2025-01-31 15:58:06', '2025-01-31 15:58:06'),
(82, 'create_yarn_stock', 'web', '2025-01-31 15:59:28', '2025-01-31 15:59:28'),
(83, 'edit_yarn_stock', 'web', '2025-01-31 15:59:28', '2025-01-31 15:59:28'),
(84, 'delete_yarn_stock', 'web', '2025-01-31 15:59:28', '2025-01-31 15:59:28'),
(85, 'view_yarn_stock', 'web', '2025-01-31 15:59:28', '2025-01-31 15:59:28'),
(86, 'create_yarn_stock_remain', 'web', '2025-01-31 16:00:05', '2025-01-31 16:00:05'),
(87, 'edit_yarn_stock_remain', 'web', '2025-01-31 16:00:05', '2025-01-31 16:00:05'),
(88, 'delete_yarn_stock_remain', 'web', '2025-01-31 16:00:05', '2025-01-31 16:00:05'),
(89, 'view_yarn_stock_remain', 'web', '2025-01-31 16:00:05', '2025-01-31 16:00:05'),
(90, 'create_cloth', 'web', '2025-01-31 16:00:30', '2025-01-31 16:00:30'),
(91, 'edit_cloth', 'web', '2025-01-31 16:00:30', '2025-01-31 16:00:30'),
(92, 'delete_cloth', 'web', '2025-01-31 16:00:30', '2025-01-31 16:00:30'),
(93, 'view_cloth', 'web', '2025-01-31 16:00:30', '2025-01-31 16:00:30'),
(94, 'create_cloth_stock', 'web', '2025-01-31 16:00:48', '2025-01-31 16:00:48'),
(95, 'edit_cloth_stock', 'web', '2025-01-31 16:00:48', '2025-01-31 16:00:48'),
(96, 'delete_cloth_stock', 'web', '2025-01-31 16:00:48', '2025-01-31 16:00:48'),
(97, 'view_cloth_stock', 'web', '2025-01-31 16:00:48', '2025-01-31 16:00:48'),
(98, 'create_cloth_stock_remain', 'web', '2025-01-31 16:01:55', '2025-01-31 16:01:55'),
(99, 'edit_cloth_stock_remain', 'web', '2025-01-31 16:01:55', '2025-01-31 16:01:55'),
(100, 'delete_cloth_stock_remain', 'web', '2025-01-31 16:01:55', '2025-01-31 16:01:55'),
(101, 'view_cloth_stock_remain', 'web', '2025-01-31 16:01:55', '2025-01-31 16:01:55'),
(102, 'create_bim', 'web', '2025-01-31 16:02:23', '2025-01-31 16:02:23'),
(103, 'edit_bim', 'web', '2025-01-31 16:02:23', '2025-01-31 16:02:23'),
(104, 'delete_bim', 'web', '2025-01-31 16:02:23', '2025-01-31 16:02:23'),
(105, 'view_bim', 'web', '2025-01-31 16:02:23', '2025-01-31 16:02:23'),
(106, 'create_bim_stock', 'web', '2025-01-31 16:03:21', '2025-01-31 16:03:21'),
(107, 'edit_bim_stock', 'web', '2025-01-31 16:03:21', '2025-01-31 16:03:21'),
(108, 'delete_bim_stock', 'web', '2025-01-31 16:03:21', '2025-01-31 16:03:21'),
(109, 'view_bim_stock', 'web', '2025-01-31 16:03:21', '2025-01-31 16:03:21'),
(110, 'create_bim_stock_remain', 'web', '2025-01-31 16:03:39', '2025-01-31 16:03:39'),
(111, 'edit_bim_stock_remain', 'web', '2025-01-31 16:03:39', '2025-01-31 16:03:39'),
(112, 'delete_bim_stock_remain', 'web', '2025-01-31 16:03:39', '2025-01-31 16:03:39'),
(113, 'view_bim_stock_remain', 'web', '2025-01-31 16:03:39', '2025-01-31 16:03:39'),
(114, 'create_unit', 'web', '2025-02-01 02:41:52', '2025-02-01 02:41:52'),
(115, 'edit_unit', 'web', '2025-02-01 02:41:52', '2025-02-01 02:41:52'),
(116, 'delete_unit', 'web', '2025-02-01 02:41:52', '2025-02-01 02:41:52'),
(117, 'view_unit', 'web', '2025-02-01 02:41:52', '2025-02-01 02:41:52'),
(118, 'create_branch_yarn_stock', 'web', '2025-02-01 02:43:31', '2025-02-01 02:43:31'),
(119, 'edit_branch_yarn_stock', 'web', '2025-02-01 02:43:31', '2025-02-01 02:43:31'),
(120, 'delete_branch_yarn_stock', 'web', '2025-02-01 02:43:31', '2025-02-01 02:43:31'),
(121, 'view_branch_yarn_stock', 'web', '2025-02-01 02:43:31', '2025-02-01 02:43:31'),
(122, 'create_branch_yarn_stock_remain', 'web', '2025-02-01 02:43:40', '2025-02-01 02:43:40'),
(123, 'edit_branch_yarn_stock_remain', 'web', '2025-02-01 02:43:40', '2025-02-01 02:43:40'),
(124, 'delete_branch_yarn_stock_remain', 'web', '2025-02-01 02:43:40', '2025-02-01 02:43:40'),
(125, 'view_branch_yarn_stock_remain', 'web', '2025-02-01 02:43:40', '2025-02-01 02:43:40'),
(126, 'create_unit_type', 'web', '2025-02-01 02:44:25', '2025-02-01 02:44:25'),
(127, 'edit_unit_type', 'web', '2025-02-01 02:44:25', '2025-02-01 02:44:25'),
(128, 'delete_unit_type', 'web', '2025-02-01 02:44:25', '2025-02-01 02:44:25'),
(129, 'view_unit_type', 'web', '2025-02-01 02:44:25', '2025-02-01 02:44:25'),
(130, 'create_branch_cloth_stock', 'web', '2025-02-01 02:44:58', '2025-02-01 02:44:58'),
(131, 'edit_branch_cloth_stock', 'web', '2025-02-01 02:44:58', '2025-02-01 02:44:58'),
(132, 'delete_branch_cloth_stock', 'web', '2025-02-01 02:44:58', '2025-02-01 02:44:58'),
(133, 'view_branch_cloth_stock', 'web', '2025-02-01 02:44:58', '2025-02-01 02:44:58'),
(134, 'create_branch_cloth_stock_remain', 'web', '2025-02-01 02:45:05', '2025-02-01 02:45:05'),
(135, 'edit_branch_cloth_stock_remain', 'web', '2025-02-01 02:45:05', '2025-02-01 02:45:05'),
(136, 'delete_branch_cloth_stock_remain', 'web', '2025-02-01 02:45:05', '2025-02-01 02:45:05'),
(137, 'view_branch_cloth_stock_remain', 'web', '2025-02-01 02:45:05', '2025-02-01 02:45:05'),
(138, 'create_branch_bim_stock', 'web', '2025-02-01 02:45:20', '2025-02-01 02:45:20'),
(139, 'edit_branch_bim_stock', 'web', '2025-02-01 02:45:20', '2025-02-01 02:45:20'),
(140, 'delete_branch_bim_stock', 'web', '2025-02-01 02:45:20', '2025-02-01 02:45:20'),
(141, 'view_branch_bim_stock', 'web', '2025-02-01 02:45:20', '2025-02-01 02:45:20'),
(142, 'create_branch_bim_stock_remain', 'web', '2025-02-01 02:45:28', '2025-02-01 02:45:28'),
(143, 'edit_branch_bim_stock_remain', 'web', '2025-02-01 02:45:28', '2025-02-01 02:45:28'),
(144, 'delete_branch_bim_stock_remain', 'web', '2025-02-01 02:45:28', '2025-02-01 02:45:28'),
(145, 'view_branch_bim_stock_remain', 'web', '2025-02-01 02:45:28', '2025-02-01 02:45:28'),
(146, 'create_sizing_debit', 'web', '2025-02-01 12:59:50', '2025-02-01 12:59:50'),
(147, 'edit_sizing_debit', 'web', '2025-02-01 12:59:50', '2025-02-01 12:59:50'),
(148, 'delete_sizing_debit', 'web', '2025-02-01 12:59:50', '2025-02-01 12:59:50'),
(149, 'view_sizing_debit', 'web', '2025-02-01 12:59:50', '2025-02-01 12:59:50'),
(150, 'create_sizing_credit', 'web', '2025-02-01 13:00:02', '2025-02-01 13:00:02'),
(151, 'edit_sizing_credit', 'web', '2025-02-01 13:00:02', '2025-02-01 13:00:02'),
(152, 'delete_sizing_credit', 'web', '2025-02-01 13:00:02', '2025-02-01 13:00:02'),
(153, 'view_sizing_credit', 'web', '2025-02-01 13:00:02', '2025-02-01 13:00:02'),
(154, 'create_sizing_blance_sheet', 'web', '2025-02-01 13:00:26', '2025-02-01 13:00:26'),
(155, 'edit_sizing_blance_sheet', 'web', '2025-02-01 13:00:26', '2025-02-01 13:00:26'),
(156, 'delete_sizing_blance_sheet', 'web', '2025-02-01 13:00:26', '2025-02-01 13:00:26'),
(157, 'view_sizing_blance_sheet', 'web', '2025-02-01 13:00:26', '2025-02-01 13:00:26'),
(158, 'create_sizing_blance_sheet_list', 'web', '2025-02-01 13:00:38', '2025-02-01 13:00:38'),
(159, 'edit_sizing_blance_sheet_list', 'web', '2025-02-01 13:00:38', '2025-02-01 13:00:38'),
(160, 'delete_sizing_blance_sheet_list', 'web', '2025-02-01 13:00:38', '2025-02-01 13:00:38'),
(161, 'view_sizing_blance_sheet_list', 'web', '2025-02-01 13:00:38', '2025-02-01 13:00:38'),
(162, 'create_sizing_chemical', 'web', '2025-02-01 13:01:17', '2025-02-01 13:01:17'),
(163, 'edit_sizing_chemical', 'web', '2025-02-01 13:01:18', '2025-02-01 13:01:18'),
(164, 'delete_sizing_chemical', 'web', '2025-02-01 13:01:18', '2025-02-01 13:01:18'),
(165, 'view_sizing_chemical', 'web', '2025-02-01 13:01:18', '2025-02-01 13:01:18'),
(166, 'create_sizing_chemical_stock', 'web', '2025-02-01 13:01:26', '2025-02-01 13:01:26'),
(167, 'edit_sizing_chemical_stock', 'web', '2025-02-01 13:01:26', '2025-02-01 13:01:26'),
(168, 'delete_sizing_chemical_stock', 'web', '2025-02-01 13:01:26', '2025-02-01 13:01:26'),
(169, 'view_sizing_chemical_stock', 'web', '2025-02-01 13:01:26', '2025-02-01 13:01:26'),
(170, 'create_sizing_yarn', 'web', '2025-02-01 13:01:37', '2025-02-01 13:01:37'),
(171, 'edit_sizing_yarn', 'web', '2025-02-01 13:01:37', '2025-02-01 13:01:37'),
(172, 'delete_sizing_yarn', 'web', '2025-02-01 13:01:37', '2025-02-01 13:01:37'),
(173, 'view_sizing_yarn', 'web', '2025-02-01 13:01:37', '2025-02-01 13:01:37'),
(174, 'create_sizing_yarn_stock', 'web', '2025-02-01 13:02:00', '2025-02-01 13:02:00'),
(175, 'edit_sizing_yarn_stock', 'web', '2025-02-01 13:02:00', '2025-02-01 13:02:00'),
(176, 'delete_sizing_yarn_stock', 'web', '2025-02-01 13:02:00', '2025-02-01 13:02:00'),
(177, 'view_sizing_yarn_stock', 'web', '2025-02-01 13:02:00', '2025-02-01 13:02:00'),
(178, 'create_sizing_chemical_stock_remain', 'web', '2025-02-01 13:02:28', '2025-02-01 13:02:28'),
(179, 'edit_sizing_chemical_stock_remain', 'web', '2025-02-01 13:02:28', '2025-02-01 13:02:28'),
(180, 'delete_sizing_chemical_stock_remain', 'web', '2025-02-01 13:02:28', '2025-02-01 13:02:28'),
(181, 'view_sizing_chemical_stock_remain', 'web', '2025-02-01 13:02:28', '2025-02-01 13:02:28'),
(182, 'create_sizing_yarn_stock_remain', 'web', '2025-02-01 13:02:54', '2025-02-01 13:02:54'),
(183, 'edit_sizing_yarn_stock_remain', 'web', '2025-02-01 13:02:54', '2025-02-01 13:02:54'),
(184, 'delete_sizing_yarn_stock_remain', 'web', '2025-02-01 13:02:54', '2025-02-01 13:02:54'),
(185, 'view_sizing_yarn_stock_remain', 'web', '2025-02-01 13:02:54', '2025-02-01 13:02:54'),
(186, 'create_sizing_bim', 'web', '2025-02-01 13:03:22', '2025-02-01 13:03:22'),
(187, 'edit_sizing_bim', 'web', '2025-02-01 13:03:22', '2025-02-01 13:03:22'),
(188, 'delete_sizing_bim', 'web', '2025-02-01 13:03:22', '2025-02-01 13:03:22'),
(189, 'view_sizing_bim', 'web', '2025-02-01 13:03:22', '2025-02-01 13:03:22'),
(190, 'create_sizing_bim_stock', 'web', '2025-02-01 13:03:38', '2025-02-01 13:03:38'),
(191, 'edit_sizing_bim_stock', 'web', '2025-02-01 13:03:38', '2025-02-01 13:03:38'),
(192, 'delete_sizing_bim_stock', 'web', '2025-02-01 13:03:38', '2025-02-01 13:03:38'),
(193, 'view_sizing_bim_stock', 'web', '2025-02-01 13:03:38', '2025-02-01 13:03:38'),
(194, 'create_sizing_bim_stock_remain', 'web', '2025-02-01 13:04:00', '2025-02-01 13:04:00'),
(195, 'edit_sizing_bim_stock_remain', 'web', '2025-02-01 13:04:00', '2025-02-01 13:04:00'),
(196, 'delete_sizing_bim_stock_remain', 'web', '2025-02-01 13:04:00', '2025-02-01 13:04:00'),
(197, 'view_sizing_bim_stock_remain', 'web', '2025-02-01 13:04:00', '2025-02-01 13:04:00');

-- --------------------------------------------------------

--
-- Table structure for table `roles`
--

CREATE TABLE `roles` (
  `id` bigint(20) UNSIGNED NOT NULL,
  `name` varchar(191) NOT NULL,
  `description` varchar(255) DEFAULT NULL,
  `guard_name` varchar(191) NOT NULL,
  `system_created` tinyint(1) NOT NULL DEFAULT 0,
  `created_at` timestamp NULL DEFAULT NULL,
  `updated_at` timestamp NULL DEFAULT NULL
) ENGINE=InnoDB DEFAULT CHARSET=utf8mb4 COLLATE=utf8mb4_unicode_ci;

--
-- Dumping data for table `roles`
--

INSERT INTO `roles` (`id`, `name`, `description`, `guard_name`, `system_created`, `created_at`, `updated_at`) VALUES
(1, 'supper admin', 'Can do any this', 'web', 1, '2024-12-23 15:18:19', '2024-12-29 14:36:05'),
(2, 'Admin', 'Has limited power', 'web', 1, '2024-12-23 15:18:19', '2025-02-28 03:22:08'),
(19, 'Sizing User', 'Only can handle sizing', 'web', 0, '2025-02-28 03:16:21', '2025-02-28 03:16:21'),
(20, 'Branch User', 'only can handle Branch Section', 'web', 0, '2025-02-28 03:18:25', '2025-02-28 03:18:25'),
(21, 'Texttile User', 'can Handle Textile work', 'web', 0, '2025-02-28 03:21:19', '2025-02-28 03:21:19');

-- --------------------------------------------------------

--
-- Table structure for table `role_has_permissions`
--

CREATE TABLE `role_has_permissions` (
  `permission_id` bigint(20) UNSIGNED NOT NULL,
  `role_id` bigint(20) UNSIGNED NOT NULL
) ENGINE=InnoDB DEFAULT CHARSET=utf8mb4 COLLATE=utf8mb4_unicode_ci;

--
-- Dumping data for table `role_has_permissions`
--

INSERT INTO `role_has_permissions` (`permission_id`, `role_id`) VALUES
(34, 1),
(34, 2),
(34, 21),
(35, 1),
(35, 2),
(35, 21),
(36, 1),
(36, 2),
(36, 21),
(37, 1),
(37, 2),
(37, 21),
(38, 1),
(38, 21),
(39, 1),
(39, 21),
(40, 1),
(40, 21),
(41, 1),
(41, 21),
(46, 1),
(46, 2),
(46, 21),
(47, 1),
(47, 2),
(47, 21),
(48, 1),
(48, 2),
(48, 21),
(49, 1),
(49, 2),
(49, 21),
(50, 1),
(50, 2),
(50, 21),
(51, 1),
(51, 2),
(51, 21),
(52, 1),
(52, 2),
(52, 21),
(53, 1),
(53, 2),
(53, 21),
(54, 1),
(54, 2),
(54, 19),
(54, 21),
(55, 1),
(55, 2),
(55, 19),
(55, 21),
(56, 1),
(56, 2),
(56, 21),
(57, 1),
(57, 2),
(57, 19),
(57, 21),
(58, 1),
(58, 2),
(58, 19),
(58, 21),
(59, 1),
(59, 2),
(59, 19),
(59, 21),
(60, 1),
(60, 2),
(60, 21),
(61, 1),
(61, 2),
(61, 19),
(61, 21),
(62, 1),
(62, 2),
(62, 21),
(63, 1),
(63, 2),
(63, 21),
(64, 1),
(64, 2),
(64, 21),
(65, 1),
(65, 2),
(65, 21),
(66, 1),
(66, 2),
(66, 21),
(67, 1),
(67, 2),
(67, 21),
(68, 1),
(68, 2),
(68, 21),
(69, 1),
(69, 2),
(69, 21),
(70, 1),
(70, 2),
(70, 21),
(71, 1),
(71, 2),
(71, 21),
(72, 1),
(72, 2),
(72, 21),
(73, 1),
(73, 2),
(73, 21),
(74, 1),
(74, 2),
(74, 21),
(75, 1),
(75, 2),
(75, 21),
(76, 1),
(76, 2),
(76, 21),
(77, 1),
(77, 2),
(77, 21),
(78, 1),
(78, 2),
(78, 21),
(79, 1),
(79, 2),
(79, 21),
(80, 1),
(80, 2),
(80, 21),
(81, 1),
(81, 2),
(81, 21),
(82, 1),
(82, 2),
(82, 21),
(83, 1),
(83, 2),
(83, 21),
(84, 1),
(84, 2),
(84, 21),
(85, 1),
(85, 2),
(85, 21),
(86, 1),
(86, 2),
(86, 21),
(87, 1),
(87, 2),
(87, 21),
(88, 1),
(88, 2),
(88, 21),
(89, 1),
(89, 2),
(89, 21),
(90, 1),
(90, 2),
(90, 21),
(91, 1),
(91, 2),
(91, 21),
(92, 1),
(92, 2),
(92, 21),
(93, 1),
(93, 2),
(93, 21),
(94, 1),
(94, 2),
(94, 21),
(95, 1),
(95, 2),
(95, 21),
(96, 1),
(96, 2),
(96, 21),
(97, 1),
(97, 2),
(97, 21),
(98, 1),
(98, 2),
(98, 21),
(99, 1),
(99, 2),
(99, 21),
(100, 1),
(100, 2),
(100, 21),
(101, 1),
(101, 2),
(101, 21),
(102, 1),
(102, 2),
(102, 21),
(103, 1),
(103, 2),
(103, 21),
(104, 1),
(104, 2),
(104, 21),
(105, 1),
(105, 2),
(105, 21),
(106, 1),
(106, 2),
(106, 21),
(107, 1),
(107, 2),
(107, 21),
(108, 1),
(108, 2),
(108, 21),
(109, 1),
(109, 2),
(109, 21),
(110, 1),
(110, 2),
(110, 21),
(111, 1),
(111, 2),
(111, 21),
(112, 1),
(112, 2),
(112, 21),
(113, 1),
(113, 2),
(113, 21),
(114, 1),
(114, 2),
(114, 20),
(115, 1),
(115, 2),
(115, 20),
(116, 1),
(116, 2),
(116, 20),
(117, 1),
(117, 2),
(117, 20),
(118, 1),
(118, 2),
(118, 20),
(119, 1),
(119, 2),
(119, 20),
(120, 1),
(120, 2),
(120, 20),
(121, 1),
(121, 2),
(121, 20),
(122, 1),
(122, 2),
(122, 20),
(123, 1),
(123, 2),
(123, 20),
(124, 1),
(124, 2),
(124, 20),
(125, 1),
(125, 2),
(125, 20),
(126, 1),
(126, 2),
(126, 20),
(127, 1),
(127, 2),
(127, 20),
(128, 1),
(128, 2),
(128, 20),
(129, 1),
(129, 2),
(129, 20),
(130, 1),
(130, 2),
(130, 20),
(131, 1),
(131, 2),
(131, 20),
(132, 1),
(132, 2),
(132, 20),
(133, 1),
(133, 2),
(133, 20),
(134, 1),
(134, 2),
(134, 20),
(135, 1),
(135, 2),
(135, 20),
(136, 1),
(136, 2),
(136, 20),
(137, 1),
(137, 2),
(137, 20),
(138, 1),
(138, 2),
(138, 20),
(139, 1),
(139, 2),
(139, 20),
(140, 1),
(140, 2),
(140, 20),
(141, 1),
(141, 2),
(141, 20),
(142, 1),
(142, 2),
(142, 20),
(143, 1),
(143, 2),
(143, 20),
(144, 1),
(144, 2),
(144, 20),
(145, 1),
(145, 2),
(145, 20),
(146, 1),
(146, 2),
(146, 19),
(147, 1),
(147, 2),
(147, 19),
(148, 1),
(148, 2),
(148, 19),
(149, 1),
(149, 2),
(149, 19),
(150, 1),
(150, 2),
(150, 19),
(151, 1),
(151, 2),
(151, 19),
(152, 1),
(152, 2),
(152, 19),
(153, 1),
(153, 2),
(153, 19),
(154, 1),
(154, 2),
(154, 19),
(155, 1),
(155, 2),
(155, 19),
(156, 1),
(156, 2),
(156, 19),
(157, 1),
(157, 2),
(157, 19),
(158, 1),
(158, 2),
(158, 19),
(159, 1),
(159, 2),
(159, 19),
(160, 1),
(160, 2),
(160, 19),
(161, 1),
(161, 2),
(161, 19),
(162, 1),
(162, 2),
(162, 19),
(163, 1),
(163, 2),
(163, 19),
(164, 1),
(164, 2),
(164, 19),
(165, 1),
(165, 2),
(165, 19),
(166, 1),
(166, 2),
(166, 19),
(167, 1),
(167, 2),
(167, 19),
(168, 1),
(168, 2),
(168, 19),
(169, 1),
(169, 2),
(169, 19),
(170, 1),
(170, 2),
(170, 19),
(171, 1),
(171, 2),
(171, 19),
(172, 1),
(172, 2),
(172, 19),
(173, 1),
(173, 2),
(173, 19),
(174, 1),
(174, 2),
(174, 19),
(175, 1),
(175, 2),
(175, 19),
(176, 1),
(176, 2),
(176, 19),
(177, 1),
(177, 2),
(177, 19),
(178, 1),
(178, 2),
(178, 19),
(179, 1),
(179, 2),
(179, 19),
(180, 1),
(180, 2),
(180, 19),
(181, 1),
(181, 2),
(181, 19),
(182, 1),
(182, 2),
(182, 19),
(183, 1),
(183, 2),
(183, 19),
(184, 1),
(184, 2),
(184, 19),
(185, 1),
(185, 2),
(185, 19),
(186, 1),
(186, 2),
(186, 19),
(187, 1),
(187, 2),
(187, 19),
(188, 1),
(188, 2),
(188, 19),
(189, 1),
(189, 2),
(189, 19),
(190, 1),
(190, 2),
(190, 19),
(191, 1),
(191, 2),
(191, 19),
(192, 1),
(192, 2),
(192, 19),
(193, 1),
(193, 2),
(193, 19),
(194, 1),
(194, 2),
(194, 19),
(195, 1),
(195, 2),
(195, 19),
(196, 1),
(196, 2),
(196, 19),
(197, 1),
(197, 2),
(197, 19);

-- --------------------------------------------------------

--
-- Table structure for table `sessions`
--

CREATE TABLE `sessions` (
  `id` varchar(191) NOT NULL,
  `user_id` bigint(20) UNSIGNED DEFAULT NULL,
  `ip_address` varchar(45) DEFAULT NULL,
  `user_agent` text DEFAULT NULL,
  `payload` longtext NOT NULL,
  `last_activity` int(11) NOT NULL
) ENGINE=InnoDB DEFAULT CHARSET=utf8mb4 COLLATE=utf8mb4_unicode_ci;

--
-- Dumping data for table `sessions`
--

INSERT INTO `sessions` (`id`, `user_id`, `ip_address`, `user_agent`, `payload`, `last_activity`) VALUES
('24Do9zlREKoHrczztPKG2YOJ3nwIifTEU9rG5UVn', NULL, '43.166.132.142', 'Mozilla/5.0 (iPhone; CPU iPhone OS 13_2_3 like Mac OS X) AppleWebKit/605.1.15 (KHTML, like Gecko) Version/13.0.3 Mobile/15E148 Safari/604.1', 'YTozOntzOjY6Il90b2tlbiI7czo0MDoiVnRTNm1mRVNUT0tBd04zSEtCRnlNNHlzYmpGVnl3a2VYNEg5VWtDbiI7czo5OiJfcHJldmlvdXMiO2E6MTp7czozOiJ1cmwiO3M6MzU6Imh0dHA6Ly9hbmp1bWFuLWFyYWxpbWl0ZWQuY29tL2xvZ2luIjt9czo2OiJfZmxhc2giO2E6Mjp7czozOiJvbGQiO2E6MDp7fXM6MzoibmV3IjthOjA6e319fQ==', 1774220882),
('2hZUiaZfog6hhnmiDGiQVIv59aj5fNAaBt3uIFPO', NULL, '46.246.126.191', 'Mozilla/5.0 (Macintosh; Intel Mac OS X 10.12; rv:51.0) Gecko/20100101 Firefox/51.0', 'YTo0OntzOjY6Il90b2tlbiI7czo0MDoiVHlSWkdKaVdXR0JpcGdXcFB5TnhoQTZhOWpjT2hDZk8xQUdvS2xrSyI7czozOiJ1cmwiO2E6MTp7czo4OiJpbnRlbmRlZCI7czoyOToiaHR0cDovL2FuanVtYW4tYXJhbGltaXRlZC5jb20iO31zOjk6Il9wcmV2aW91cyI7YToxOntzOjM6InVybCI7czoyOToiaHR0cDovL2FuanVtYW4tYXJhbGltaXRlZC5jb20iO31zOjY6Il9mbGFzaCI7YToyOntzOjM6Im9sZCI7YTowOnt9czozOiJuZXciO2E6MDp7fX19', 1774213804),
('2V5X5yhmzsMJ41Wx5f6BWhhHkiwVqEWQcLtQTjFj', NULL, '217.216.37.52', 'Go-http-client/1.1', 'YTozOntzOjY6Il90b2tlbiI7czo0MDoicUJNSEVIdlV6azJ5S3NpSlluOWhFSWdYa0dRY2Z5NU81OUJLYzAwWiI7czo5OiJfcHJldmlvdXMiO2E6MTp7czozOiJ1cmwiO3M6MzU6Imh0dHA6Ly9hbmp1bWFuLWFyYWxpbWl0ZWQuY29tL2xvZ2luIjt9czo2OiJfZmxhc2giO2E6Mjp7czozOiJvbGQiO2E6MDp7fXM6MzoibmV3IjthOjA6e319fQ==', 1774214488),
('7XhOvk53hbXCQbYzlAZQMiqxj0c0VQIQClYNYV9j', NULL, '34.86.34.234', 'Mozilla/5.0 (Windows NT 10.0; Win64; x64) AppleWebKit/537.36 (KHTML, like Gecko) Chrome/124.0.0.0 Safari/537.36', 'YTozOntzOjY6Il90b2tlbiI7czo0MDoiTGdSZ2puWTBCbXNlM2pkeXdYV0VLU2gzRWFWTVh0N2NtSXJYYk15MCI7czo5OiJfcHJldmlvdXMiO2E6MTp7czozOiJ1cmwiO3M6MzY6Imh0dHBzOi8vYW5qdW1hbi1hcmFsaW1pdGVkLmNvbS9sb2dpbiI7fXM6NjoiX2ZsYXNoIjthOjI6e3M6Mzoib2xkIjthOjA6e31zOjM6Im5ldyI7YTowOnt9fX0=', 1775635146),
('9T8xfETiBoYI3pdwn4bvMtje5xeLSjcWaOqFVHeN', NULL, '51.68.111.216', 'Mozilla/5.0 (compatible; MJ12bot/v2.0.5; http://mj12bot.com/)', 'YTozOntzOjY6Il90b2tlbiI7czo0MDoieTRPVWI4MTBVa2tqcGpDeWI4ME1QRzVnZTByUzFHU0FQNUI5T1JmaCI7czo5OiJfcHJldmlvdXMiO2E6MTp7czozOiJ1cmwiO3M6MzU6Imh0dHA6Ly9hbmp1bWFuLWFyYWxpbWl0ZWQuY29tL2xvZ2luIjt9czo2OiJfZmxhc2giO2E6Mjp7czozOiJvbGQiO2E6MDp7fXM6MzoibmV3IjthOjA6e319fQ==', 1774208010),
('9TFtZvAvtKwJCmkPePyVk8qvvqi5I2ZUMmk0D5lM', NULL, '205.210.31.60', 'Hello from Palo Alto Networks, find out more about our scans in https://docs-cortex.paloaltonetworks.com/r/1/Cortex-Xpanse/Scanning-activity', 'YTo0OntzOjY6Il90b2tlbiI7czo0MDoidm5JdjFGRUt5RW56cng3UFM4S05BZTB1OHNqNXVZSUdoV3hOSWRIOCI7czozOiJ1cmwiO2E6MTp7czo4OiJpbnRlbmRlZCI7czoyOToiaHR0cDovL2FuanVtYW4tYXJhbGltaXRlZC5jb20iO31zOjk6Il9wcmV2aW91cyI7YToxOntzOjM6InVybCI7czoyOToiaHR0cDovL2FuanVtYW4tYXJhbGltaXRlZC5jb20iO31zOjY6Il9mbGFzaCI7YToyOntzOjM6Im9sZCI7YTowOnt9czozOiJuZXciO2E6MDp7fX19', 1774223143),
('a3kz4q49FmoANBGbPPoF6wI9aU2aofrpnYoA0iam', NULL, '192.210.150.196', 'Mozilla/5.0 (Windows NT 5.1; rv:37.0) Gecko/20100101 Firefox/37.0', 'YTo0OntzOjY6Il90b2tlbiI7czo0MDoibzJqN3dtUWlrcTNBZFZyQklaTjZpdGtzOGlNRElaWGlxV1R1ZVQxYSI7czozOiJ1cmwiO2E6MTp7czo4OiJpbnRlbmRlZCI7czoyOToiaHR0cDovL2FuanVtYW4tYXJhbGltaXRlZC5jb20iO31zOjk6Il9wcmV2aW91cyI7YToxOntzOjM6InVybCI7czoyOToiaHR0cDovL2FuanVtYW4tYXJhbGltaXRlZC5jb20iO31zOjY6Il9mbGFzaCI7YToyOntzOjM6Im9sZCI7YTowOnt9czozOiJuZXciO2E6MDp7fX19', 1774254853),
('apM7rdpSCmkcdfuyiJXlwLxdWNwCaa881Prheair', NULL, '182.43.70.143', 'Mozilla/5.0 (iPhone; CPU iPhone OS 13_2_3 like Mac OS X) AppleWebKit/605.1.15 (KHTML, like Gecko) Version/13.0.3 Mobile/15E148 Safari/604.1', 'YTo0OntzOjY6Il90b2tlbiI7czo0MDoibTBkc0xzdGcwc1VQWUFCakxGbFRyaFkyYkt1dmY4YW90Vk1XMFVMdyI7czozOiJ1cmwiO2E6MTp7czo4OiJpbnRlbmRlZCI7czozMzoiaHR0cDovL3d3dy5hbmp1bWFuLWFyYWxpbWl0ZWQuY29tIjt9czo5OiJfcHJldmlvdXMiO2E6MTp7czozOiJ1cmwiO3M6MzM6Imh0dHA6Ly93d3cuYW5qdW1hbi1hcmFsaW1pdGVkLmNvbSI7fXM6NjoiX2ZsYXNoIjthOjI6e3M6Mzoib2xkIjthOjA6e31zOjM6Im5ldyI7YTowOnt9fX0=', 1774231429),
('AR1PCT62IVaZR7hcSQba6rr8SEq0WDmjLZPkYXsl', NULL, '213.136.87.55', 'Mozilla/5.0 (Windows NT 10.0; Win64; x64) AppleWebKit/537.36', 'YTozOntzOjY6Il90b2tlbiI7czo0MDoiM1JzZk5zZ3V3T2VPc2dVRXRmcHVxaHN6aDRGR2o0OTBBcE14WWpJTCI7czo5OiJfcHJldmlvdXMiO2E6MTp7czozOiJ1cmwiO3M6NDA6Imh0dHBzOi8vd3d3LmFuanVtYW4tYXJhbGltaXRlZC5jb20vbG9naW4iO31zOjY6Il9mbGFzaCI7YToyOntzOjM6Im9sZCI7YTowOnt9czozOiJuZXciO2E6MDp7fX19', 1774217932),
('b0FTpGxfnij2WFXCSAeqnZDe4QnGFkkrypoOGUq3', NULL, '45.150.164.193', 'python-httpx/0.28.1', 'YTo0OntzOjY6Il90b2tlbiI7czo0MDoiOXJ1NGZXMFY1VmNlcmhuNUIzYkpEdFltNmxaMG8ycTBaRmdrZmNUUSI7czozOiJ1cmwiO2E6MTp7czo4OiJpbnRlbmRlZCI7czoyOToiaHR0cDovL2FuanVtYW4tYXJhbGltaXRlZC5jb20iO31zOjk6Il9wcmV2aW91cyI7YToxOntzOjM6InVybCI7czozNToiaHR0cDovL2FuanVtYW4tYXJhbGltaXRlZC5jb20vbG9naW4iO31zOjY6Il9mbGFzaCI7YToyOntzOjM6Im9sZCI7YTowOnt9czozOiJuZXciO2E6MDp7fX19', 1774229100),
('bOgrbbnDL6pE2wnEPwptdy0rIW15FH1Rvy9eQccz', NULL, '192.210.150.196', 'Mozilla/5.0 (Windows NT 5.1; rv:37.0) Gecko/20100101 Firefox/37.0', 'YTo0OntzOjY6Il90b2tlbiI7czo0MDoiWGhRYWxHWFlPaDlCVnlHcUF1NTFvcTlReGVSMjQyWkhWTDFZQTl2YiI7czo5OiJfcHJldmlvdXMiO2E6MTp7czozOiJ1cmwiO3M6MzU6Imh0dHA6Ly9hbmp1bWFuLWFyYWxpbWl0ZWQuY29tL2xvZ2luIjt9czo2OiJfZmxhc2giO2E6Mjp7czozOiJvbGQiO2E6MDp7fXM6MzoibmV3IjthOjA6e319czozOiJ1cmwiO2E6MTp7czo4OiJpbnRlbmRlZCI7czozOToiaHR0cDovL2FuanVtYW4tYXJhbGltaXRlZC5jb20vZGFzaGJvYXJkIjt9fQ==', 1774254864),
('bpDMff3nP9o6L9y0igmGUCgst1flkgpPJ3cuJ4FX', NULL, '217.216.37.52', 'Go-http-client/1.1', 'YTo0OntzOjY6Il90b2tlbiI7czo0MDoiT0dyWlNWZVZxTEFyQVNqdVAwbmVubzFBV2RYYjJYOVEybGI3UlFQRyI7czozOiJ1cmwiO2E6MTp7czo4OiJpbnRlbmRlZCI7czoyOToiaHR0cDovL2FuanVtYW4tYXJhbGltaXRlZC5jb20iO31zOjk6Il9wcmV2aW91cyI7YToxOntzOjM6InVybCI7czoyOToiaHR0cDovL2FuanVtYW4tYXJhbGltaXRlZC5jb20iO31zOjY6Il9mbGFzaCI7YToyOntzOjM6Im9sZCI7YTowOnt9czozOiJuZXciO2E6MDp7fX19', 1774214488),
('cA7U4jZsVGVWHJXKfgacSHzqclM6k6Uz6YnLpiQo', NULL, '31.40.204.223', 'Mozilla/5.0 (X11; Linux x86_64) AppleWebKit/537.36 (KHTML, like Gecko) Chrome/38.0.2125.102 Safari/537.36', 'YTo0OntzOjY6Il90b2tlbiI7czo0MDoicWhsdmZPT2hrZjNHZTNhMG9MSHA5YTVROWRPbW9RMlg0amloRUp2bSI7czozOiJ1cmwiO2E6MTp7czo4OiJpbnRlbmRlZCI7czozOToiaHR0cDovL2FuanVtYW4tYXJhbGltaXRlZC5jb20vZGFzaGJvYXJkIjt9czo5OiJfcHJldmlvdXMiO2E6MTp7czozOiJ1cmwiO3M6Mzk6Imh0dHA6Ly9hbmp1bWFuLWFyYWxpbWl0ZWQuY29tL2Rhc2hib2FyZCI7fXM6NjoiX2ZsYXNoIjthOjI6e3M6Mzoib2xkIjthOjA6e31zOjM6Im5ldyI7YTowOnt9fX0=', 1774254869),
('D9PXO7cg2o3hwke2LaysoneWdC2JgDJFwEwjis3Z', NULL, '27.115.124.3', 'Mozilla/5.0 (Linux; Android 11; CPH2185) AppleWebKit/537.36 (KHTML, like Gecko) Chrome/91.0.4472.101 Mobile Safari/537.36', 'YTozOntzOjY6Il90b2tlbiI7czo0MDoiczRTUTF3QVM3VWl3dEQ3Z1B5MjVtWlBuc2IySGhTelFEMXd4R0tpeiI7czo5OiJfcHJldmlvdXMiO2E6MTp7czozOiJ1cmwiO3M6NDU6Imh0dHA6Ly9hbmp1bWFuLWFyYWxpbWl0ZWQuY29tL2ZvcmdvdC1wYXNzd29yZCI7fXM6NjoiX2ZsYXNoIjthOjI6e3M6Mzoib2xkIjthOjA6e31zOjM6Im5ldyI7YTowOnt9fX0=', 1776099906),
('DCaIYMbKdaQplZ37pBoklebQzDZ6YfCiSi0yLXxB', NULL, '43.135.142.7', 'Mozilla/5.0 (iPhone; CPU iPhone OS 13_2_3 like Mac OS X) AppleWebKit/605.1.15 (KHTML, like Gecko) Version/13.0.3 Mobile/15E148 Safari/604.1', 'YTozOntzOjY6Il90b2tlbiI7czo0MDoiQTBVWXQ5d1JnV1FCZmQyWmo4UUIxZ1ZacU11R2lVb0xXYnVxdjdwcCI7czo5OiJfcHJldmlvdXMiO2E6MTp7czozOiJ1cmwiO3M6Mzk6Imh0dHA6Ly93d3cuYW5qdW1hbi1hcmFsaW1pdGVkLmNvbS9sb2dpbiI7fXM6NjoiX2ZsYXNoIjthOjI6e3M6Mzoib2xkIjthOjA6e31zOjM6Im5ldyI7YTowOnt9fX0=', 1774241832),
('dfD9uPf8HNTrOcKCuwnJWUw9zNsAVtWor5IzknYd', NULL, '23.27.145.29', 'Mozilla/5.0 (X11; Linux i686; rv:109.0) Gecko/20100101 Firefox/120.0', 'YTo0OntzOjY6Il90b2tlbiI7czo0MDoiNVdZOERrV29tUHpyUUJSR2tNMldMTWNKZUQxUnpSQlBvWVZZNmU2eCI7czozOiJ1cmwiO2E6MTp7czo4OiJpbnRlbmRlZCI7czozNToiaHR0cHM6Ly9tYWlsLmFuanVtYW4tYXJhbGltaXRlZC5jb20iO31zOjk6Il9wcmV2aW91cyI7YToxOntzOjM6InVybCI7czo0MToiaHR0cHM6Ly9tYWlsLmFuanVtYW4tYXJhbGltaXRlZC5jb20vbG9naW4iO31zOjY6Il9mbGFzaCI7YToyOntzOjM6Im9sZCI7YTowOnt9czozOiJuZXciO2E6MDp7fX19', 1774253009),
('dhQGex4wWlo3UQoCH54vltVCWoBYWXpDejWeDDPp', NULL, '182.42.111.213', 'Mozilla/5.0 (iPhone; CPU iPhone OS 13_2_3 like Mac OS X) AppleWebKit/605.1.15 (KHTML, like Gecko) Version/13.0.3 Mobile/15E148 Safari/604.1', 'YTo0OntzOjY6Il90b2tlbiI7czo0MDoiTDI3YWI0bFpReHlRN2xva1A5a2NnS2lvZmswZ1oxMHNhcXdNOXJkZiI7czozOiJ1cmwiO2E6MTp7czo4OiJpbnRlbmRlZCI7czoyOToiaHR0cDovL2FuanVtYW4tYXJhbGltaXRlZC5jb20iO31zOjk6Il9wcmV2aW91cyI7YToxOntzOjM6InVybCI7czoyOToiaHR0cDovL2FuanVtYW4tYXJhbGltaXRlZC5jb20iO31zOjY6Il9mbGFzaCI7YToyOntzOjM6Im9sZCI7YTowOnt9czozOiJuZXciO2E6MDp7fX19', 1774207543),
('FPbfsRiKilkxSsWGHbE1zhsAP17tWgEWUqo6xURf', NULL, '43.130.91.95', 'Mozilla/5.0 (iPhone; CPU iPhone OS 13_2_3 like Mac OS X) AppleWebKit/605.1.15 (KHTML, like Gecko) Version/13.0.3 Mobile/15E148 Safari/604.1', 'YTo0OntzOjY6Il90b2tlbiI7czo0MDoiY1oyNmJhMFlPNUkzWWVGUHdQV3RQUU1VM01UU2lJemYyUUlHZVI0aiI7czozOiJ1cmwiO2E6MTp7czo4OiJpbnRlbmRlZCI7czoyOToiaHR0cDovL2FuanVtYW4tYXJhbGltaXRlZC5jb20iO31zOjk6Il9wcmV2aW91cyI7YToxOntzOjM6InVybCI7czoyOToiaHR0cDovL2FuanVtYW4tYXJhbGltaXRlZC5jb20iO31zOjY6Il9mbGFzaCI7YToyOntzOjM6Im9sZCI7YTowOnt9czozOiJuZXciO2E6MDp7fX19', 1774245440),
('go4abawX8VWjymqyrK3yTOFetEMTymTONYYYIN0E', NULL, '66.249.75.96', 'Mozilla/5.0 (Linux; Android 6.0.1; Nexus 5X Build/MMB29P) AppleWebKit/537.36 (KHTML, like Gecko) Chrome/145.0.7632.159 Mobile Safari/537.36 (compatible; Googlebot/2.1; +http://www.google.com/bot.html)', 'YTo0OntzOjY6Il90b2tlbiI7czo0MDoiTFdIdXBCRllLZ3ZwM3VuWUc4RWF2YWRDcWpzQlZwNFNJeDhFWEhQbSI7czozOiJ1cmwiO2E6MTp7czo4OiJpbnRlbmRlZCI7czoyOToiaHR0cDovL2FuanVtYW4tYXJhbGltaXRlZC5jb20iO31zOjk6Il9wcmV2aW91cyI7YToxOntzOjM6InVybCI7czozNToiaHR0cDovL2FuanVtYW4tYXJhbGltaXRlZC5jb20vbG9naW4iO31zOjY6Il9mbGFzaCI7YToyOntzOjM6Im9sZCI7YTowOnt9czozOiJuZXciO2E6MDp7fX19', 1774251820),
('gS6z4W1jBq1sfEyZJRb4P6DVj8kFacyCokwh6zNj', NULL, '192.210.198.197', 'Mozilla/5.0 (Windows NT 6.1; WOW64) AppleWebKit/537.36 (KHTML, like Gecko) Chrome/42.0.2311.154 Safari/537.36 LBBROWSER', 'YTo0OntzOjY6Il90b2tlbiI7czo0MDoiSUlBd1ZKamt2U2VMeWM3QXNxV3ZkMEVNZzhNUDF5STB0dGtNTkwwViI7czozOiJ1cmwiO2E6MTp7czo4OiJpbnRlbmRlZCI7czozMDoiaHR0cHM6Ly9hbmp1bWFuLWFyYWxpbWl0ZWQuY29tIjt9czo5OiJfcHJldmlvdXMiO2E6MTp7czozOiJ1cmwiO3M6MzA6Imh0dHBzOi8vYW5qdW1hbi1hcmFsaW1pdGVkLmNvbSI7fXM6NjoiX2ZsYXNoIjthOjI6e3M6Mzoib2xkIjthOjA6e31zOjM6Im5ldyI7YTowOnt9fX0=', 1774254873),
('gvU9KOAmSv6nvUTLQqhSqLqsrd7F4QZ5dvdzsiIG', NULL, '46.105.42.96', 'Mozilla/5.0 (compatible; MJ12bot/v2.0.5; http://mj12bot.com/)', 'YTo0OntzOjY6Il90b2tlbiI7czo0MDoiQ251QU9xVm9WN3dYcmpvUlBQR29CVnFwbW14V1gzcXVzNWNnd2kzTSI7czozOiJ1cmwiO2E6MTp7czo4OiJpbnRlbmRlZCI7czozMDoiaHR0cHM6Ly9hbmp1bWFuLWFyYWxpbWl0ZWQuY29tIjt9czo5OiJfcHJldmlvdXMiO2E6MTp7czozOiJ1cmwiO3M6MzA6Imh0dHBzOi8vYW5qdW1hbi1hcmFsaW1pdGVkLmNvbSI7fXM6NjoiX2ZsYXNoIjthOjI6e3M6Mzoib2xkIjthOjA6e31zOjM6Im5ldyI7YTowOnt9fX0=', 1774222394),
('H5yyKjmPbXgbNfSTp12kJkMOUYbmZKnW8UkD35p2', NULL, '43.166.132.142', 'Mozilla/5.0 (iPhone; CPU iPhone OS 13_2_3 like Mac OS X) AppleWebKit/605.1.15 (KHTML, like Gecko) Version/13.0.3 Mobile/15E148 Safari/604.1', 'YTo0OntzOjY6Il90b2tlbiI7czo0MDoiQ05NcHhjNWFrQ1ZkenlNU2Izcjhmb0s2YWxUTmdoTWw0b3lSV2NKVCI7czozOiJ1cmwiO2E6MTp7czo4OiJpbnRlbmRlZCI7czoyOToiaHR0cDovL2FuanVtYW4tYXJhbGltaXRlZC5jb20iO31zOjk6Il9wcmV2aW91cyI7YToxOntzOjM6InVybCI7czoyOToiaHR0cDovL2FuanVtYW4tYXJhbGltaXRlZC5jb20iO31zOjY6Il9mbGFzaCI7YToyOntzOjM6Im9sZCI7YTowOnt9czozOiJuZXciO2E6MDp7fX19', 1774220880),
('hv3E0CB6t07Jr1kPhNm9bEskqwvMbflU5e9yYGHF', NULL, '82.165.74.190', 'Mozilla/5.0 (Windows NT 10.0; Win64; x64)', 'YTo0OntzOjY6Il90b2tlbiI7czo0MDoiaXlhZTlQdWQzS0diSFNpUHJKUm1tUDV1bEF1TlFLWHJyajdITmNpdiI7czozOiJ1cmwiO2E6MTp7czo4OiJpbnRlbmRlZCI7czoyOToiaHR0cDovL2FuanVtYW4tYXJhbGltaXRlZC5jb20iO31zOjk6Il9wcmV2aW91cyI7YToxOntzOjM6InVybCI7czoyOToiaHR0cDovL2FuanVtYW4tYXJhbGltaXRlZC5jb20iO31zOjY6Il9mbGFzaCI7YToyOntzOjM6Im9sZCI7YTowOnt9czozOiJuZXciO2E6MDp7fX19', 1774216382),
('iBWCECkdf22MXTC06Sj13M8HZJTbv5jXOGXRMWAQ', NULL, '123.6.49.18', 'Mozilla/5.0 (Linux; U; Android 8.1.0; zh-cn; MI 8 Build/OPM1.171019.011) AppleWebKit/537.36 (KHTML, like Gecko) Version/4.0 Chrome/57.0.2987.108 Mobile Safari/537.36', 'YTozOntzOjY6Il90b2tlbiI7czo0MDoiRDBLdk5tRDd2RHF5NWlPS0VDcGMzeldBQWowZVRXNU5uVVVybld2MCI7czo5OiJfcHJldmlvdXMiO2E6MTp7czozOiJ1cmwiO3M6Mzg6Imh0dHA6Ly9hbmp1bWFuLWFyYWxpbWl0ZWQuY29tL3JlZ2lzdGVyIjt9czo2OiJfZmxhc2giO2E6Mjp7czozOiJvbGQiO2E6MDp7fXM6MzoibmV3IjthOjA6e319fQ==', 1776099906),
('icZzCLzXjLs9TiVC7YDnUuYnDrdjlS82ae9OcMS1', NULL, '43.135.142.7', 'Mozilla/5.0 (iPhone; CPU iPhone OS 13_2_3 like Mac OS X) AppleWebKit/605.1.15 (KHTML, like Gecko) Version/13.0.3 Mobile/15E148 Safari/604.1', 'YTo0OntzOjY6Il90b2tlbiI7czo0MDoiVTNHYnU4Um9DOTJjSGFPeDNhME91eHdsaTZhVWYzbVdzNmczanAyQyI7czozOiJ1cmwiO2E6MTp7czo4OiJpbnRlbmRlZCI7czozMzoiaHR0cDovL3d3dy5hbmp1bWFuLWFyYWxpbWl0ZWQuY29tIjt9czo5OiJfcHJldmlvdXMiO2E6MTp7czozOiJ1cmwiO3M6MzM6Imh0dHA6Ly93d3cuYW5qdW1hbi1hcmFsaW1pdGVkLmNvbSI7fXM6NjoiX2ZsYXNoIjthOjI6e3M6Mzoib2xkIjthOjA6e31zOjM6Im5ldyI7YTowOnt9fX0=', 1774241831),
('JR7jv2VBowttDEnGR5HkMaUItDMLiJqF5OhS7Pm8', NULL, '82.165.74.190', 'Mozilla/5.0 (Windows NT 10.0; Win64; x64)', 'YTozOntzOjY6Il90b2tlbiI7czo0MDoiZVY1eVJ5aHlXSjZEUDR4M2tjMld5dGxNdFVXMFBDTHBVTGNxTXhRdCI7czo5OiJfcHJldmlvdXMiO2E6MTp7czozOiJ1cmwiO3M6MzU6Imh0dHA6Ly9hbmp1bWFuLWFyYWxpbWl0ZWQuY29tL2xvZ2luIjt9czo2OiJfZmxhc2giO2E6Mjp7czozOiJvbGQiO2E6MDp7fXM6MzoibmV3IjthOjA6e319fQ==', 1774216383),
('kFUqkao3Z0sGLL5cvYOBpxVPpYotiM2Szcxlz6Vg', NULL, '123.6.49.6', 'Mozilla/5.0 (Linux; Android 11; V2055A) AppleWebKit/537.36 (KHTML, like Gecko) Chrome/91.0.4472.101 Mobile Safari/537.36', 'YTo0OntzOjY6Il90b2tlbiI7czo0MDoielpjU3Bna2ZLSUtjS2hNZnlBZGxmSGdPN3FyVENPRTZ6S29XR09KeCI7czozOiJ1cmwiO2E6MTp7czo4OiJpbnRlbmRlZCI7czozOToiaHR0cDovL2FuanVtYW4tYXJhbGltaXRlZC5jb20vZGFzaGJvYXJkIjt9czo5OiJfcHJldmlvdXMiO2E6MTp7czozOiJ1cmwiO3M6Mzk6Imh0dHA6Ly9hbmp1bWFuLWFyYWxpbWl0ZWQuY29tL2Rhc2hib2FyZCI7fXM6NjoiX2ZsYXNoIjthOjI6e3M6Mzoib2xkIjthOjA6e31zOjM6Im5ldyI7YTowOnt9fX0=', 1776099906),
('mdOe2dt7RtLyYfqtE8xTSFGmhQKPr3LbzKxiJW5I', NULL, '43.130.91.95', 'Mozilla/5.0 (iPhone; CPU iPhone OS 13_2_3 like Mac OS X) AppleWebKit/605.1.15 (KHTML, like Gecko) Version/13.0.3 Mobile/15E148 Safari/604.1', 'YTozOntzOjY6Il90b2tlbiI7czo0MDoiaVM3STNkS0VweFNjS0dMTG9keVozRUNtODhTQ05seUJtNVZDVXZBRCI7czo5OiJfcHJldmlvdXMiO2E6MTp7czozOiJ1cmwiO3M6MzU6Imh0dHA6Ly9hbmp1bWFuLWFyYWxpbWl0ZWQuY29tL2xvZ2luIjt9czo2OiJfZmxhc2giO2E6Mjp7czozOiJvbGQiO2E6MDp7fXM6MzoibmV3IjthOjA6e319fQ==', 1774245441),
('mPSZ77aPSh7Q7jtFMTtCxoOyyr6M5OiP5ZzQr0Qo', NULL, '213.136.87.55', 'Mozilla/5.0 (Windows NT 10.0; Win64; x64) AppleWebKit/537.36', 'YTo0OntzOjY6Il90b2tlbiI7czo0MDoibUNzbnBXWDhNOXM4VHdWOFduNDRIc3BuTFRmdGFrZnk4YzFnZVNKdyI7czozOiJ1cmwiO2E6MTp7czo4OiJpbnRlbmRlZCI7czozNDoiaHR0cHM6Ly93d3cuYW5qdW1hbi1hcmFsaW1pdGVkLmNvbSI7fXM6OToiX3ByZXZpb3VzIjthOjE6e3M6MzoidXJsIjtzOjQwOiJodHRwczovL3d3dy5hbmp1bWFuLWFyYWxpbWl0ZWQuY29tL2xvZ2luIjt9czo2OiJfZmxhc2giO2E6Mjp7czozOiJvbGQiO2E6MDp7fXM6MzoibmV3IjthOjA6e319fQ==', 1774217931),
('N4oQwGnMLbIsDgF8CdwiVaqjuIOLPTC6xd7VtHY9', NULL, '192.210.198.197', 'Mozilla/5.0 (Windows NT 6.1; WOW64) AppleWebKit/537.36 (KHTML, like Gecko) Chrome/42.0.2311.154 Safari/537.36 LBBROWSER', 'YTo1OntzOjY6Il90b2tlbiI7czo0MDoiOThvOUxGbTFmMHVuZExDSm1hWFBCQjVVTTduaktPcTdaNzhnNVFCYiI7czo5OiJfcHJldmlvdXMiO2E6MTp7czozOiJ1cmwiO3M6MzY6Imh0dHBzOi8vYW5qdW1hbi1hcmFsaW1pdGVkLmNvbS9sb2dpbiI7fXM6NjoiX2ZsYXNoIjthOjI6e3M6Mzoib2xkIjthOjI6e2k6MDtzOjEwOiJfb2xkX2lucHV0IjtpOjE7czo2OiJlcnJvcnMiO31zOjM6Im5ldyI7YTowOnt9fXM6MTA6Il9vbGRfaW5wdXQiO2E6Mjp7czo2OiJfdG9rZW4iO3M6NDA6Ijk4bzlMRm0xZjB1bmRMQ0ptYVhQQkI1VU03bmpLT3E3Wjc4ZzVRQmIiO3M6NToiZW1haWwiO3M6Mjc6Im9uZGp6aHNsQGltbWVuc2VpZ25pdGUuaW5mbyI7fXM6NjoiZXJyb3JzIjtPOjMxOiJJbGx1bWluYXRlXFN1cHBvcnRcVmlld0Vycm9yQmFnIjoxOntzOjc6IgAqAGJhZ3MiO2E6MTp7czo3OiJkZWZhdWx0IjtPOjI5OiJJbGx1bWluYXRlXFN1cHBvcnRcTWVzc2FnZUJhZyI6Mjp7czoxMToiACoAbWVzc2FnZXMiO2E6MTp7czo1OiJlbWFpbCI7YToxOntpOjA7czo0MDoiVGhpcyBlbWFpbCBkb2VzIG5vdCBleGlzdCBpbiBvdXIgc3lzdGVtLiI7fX1zOjk6IgAqAGZvcm1hdCI7czo4OiI6bWVzc2FnZSI7fX19fQ==', 1774254885),
('Nj4UmqYZOfBI02ZWcsWkzg68PTqqAu0PTSkGWse8', NULL, '123.6.49.12', 'Mozilla/5.0 (Linux; U; Android 8.1.0; zh-cn; MI 8 Build/OPM1.171019.011) AppleWebKit/537.36 (KHTML, like Gecko) Version/4.0 Chrome/57.0.2987.108 Mobile Safari/537.36', 'YTo0OntzOjY6Il90b2tlbiI7czo0MDoicDFNUjEzSE1mQUo2d0ZUYzlha3NXNGdnSVo2c2dnajBTNHdCT215VSI7czozOiJ1cmwiO2E6MTp7czo4OiJpbnRlbmRlZCI7czoyOToiaHR0cDovL2FuanVtYW4tYXJhbGltaXRlZC5jb20iO31zOjk6Il9wcmV2aW91cyI7YToxOntzOjM6InVybCI7czozNToiaHR0cDovL2FuanVtYW4tYXJhbGltaXRlZC5jb20vbG9naW4iO31zOjY6Il9mbGFzaCI7YToyOntzOjM6Im9sZCI7YTowOnt9czozOiJuZXciO2E6MDp7fX19', 1776099895),
('nvMHEUuW4GSyblpxlHoMexottPDngvPoLNiXdvqn', NULL, '68.183.87.86', 'Mozilla/5.0 (X11; Linux x86_64; rv:142.0) Gecko/20100101 Firefox/142.0', 'YTo0OntzOjY6Il90b2tlbiI7czo0MDoieGtjQ0xaalE5MmlHNll3VkpGNndsYzNCSlBKY2pTVWFYdDN3Zkw0YyI7czozOiJ1cmwiO2E6MTp7czo4OiJpbnRlbmRlZCI7czozMzoiaHR0cDovL3d3dy5hbmp1bWFuLWFyYWxpbWl0ZWQuY29tIjt9czo5OiJfcHJldmlvdXMiO2E6MTp7czozOiJ1cmwiO3M6Mzk6Imh0dHA6Ly93d3cuYW5qdW1hbi1hcmFsaW1pdGVkLmNvbS9sb2dpbiI7fXM6NjoiX2ZsYXNoIjthOjI6e3M6Mzoib2xkIjthOjA6e31zOjM6Im5ldyI7YTowOnt9fX0=', 1774252039),
('OFWDjdYDr1bK7EpJ9OoaNieJPzu5C0VrAgIY16YJ', NULL, '34.86.34.234', 'Mozilla/5.0 (Windows NT 10.0; Win64; x64) AppleWebKit/537.36 (KHTML, like Gecko) Chrome/124.0.0.0 Safari/537.36', 'YTo0OntzOjY6Il90b2tlbiI7czo0MDoiNlhmaWZQMER6Q3IwV2tpVDM5a2J1a1FYSnV6S2REVm9ub0ZwZFI5NyI7czozOiJ1cmwiO2E6MTp7czo4OiJpbnRlbmRlZCI7czozMDoiaHR0cHM6Ly9hbmp1bWFuLWFyYWxpbWl0ZWQuY29tIjt9czo5OiJfcHJldmlvdXMiO2E6MTp7czozOiJ1cmwiO3M6MzA6Imh0dHBzOi8vYW5qdW1hbi1hcmFsaW1pdGVkLmNvbSI7fXM6NjoiX2ZsYXNoIjthOjI6e3M6Mzoib2xkIjthOjA6e31zOjM6Im5ldyI7YTowOnt9fX0=', 1775635144),
('q8w22PyezxnVXf6JY9cNp2nY0WHWuLB9T4nRjCa0', NULL, '45.148.10.59', '', 'YTo0OntzOjY6Il90b2tlbiI7czo0MDoibEU2Z2hHZzdkQXdXSzFEOVB2RzFrN0RsbUJFN0plcW9KYzlwQkIwUyI7czozOiJ1cmwiO2E6MTp7czo4OiJpbnRlbmRlZCI7czoyOToiaHR0cDovL2FuanVtYW4tYXJhbGltaXRlZC5jb20iO31zOjk6Il9wcmV2aW91cyI7YToxOntzOjM6InVybCI7czoyOToiaHR0cDovL2FuanVtYW4tYXJhbGltaXRlZC5jb20iO31zOjY6Il9mbGFzaCI7YToyOntzOjM6Im9sZCI7YTowOnt9czozOiJuZXciO2E6MDp7fX19', 1774244468),
('qL8iRD3NjF5oc88Dsnb6zehdhexN1ewwfxv4t0kn', NULL, '51.68.111.216', 'Mozilla/5.0 (compatible; MJ12bot/v2.0.5; http://mj12bot.com/)', 'YTo0OntzOjY6Il90b2tlbiI7czo0MDoiS1RnN2tQYlVLTmxDSHdmMUptdldmaGw3S2d5QkVmZzVISUs3UkJzSyI7czozOiJ1cmwiO2E6MTp7czo4OiJpbnRlbmRlZCI7czoyOToiaHR0cDovL2FuanVtYW4tYXJhbGltaXRlZC5jb20iO31zOjk6Il9wcmV2aW91cyI7YToxOntzOjM6InVybCI7czoyOToiaHR0cDovL2FuanVtYW4tYXJhbGltaXRlZC5jb20iO31zOjY6Il9mbGFzaCI7YToyOntzOjM6Im9sZCI7YTowOnt9czozOiJuZXciO2E6MDp7fX19', 1774208010),
('RKrbzwdXbDFovflBPPdCq2sIhHZsRC5MS3rLkcF6', NULL, '45.148.10.59', '', 'YTo0OntzOjY6Il90b2tlbiI7czo0MDoibjExY1V3SmpUbnFFWk1keDhqNXFLbFNDUWhwb29aRG5yU3FvUndEUiI7czozOiJ1cmwiO2E6MTp7czo4OiJpbnRlbmRlZCI7czozMDoiaHR0cHM6Ly9hbmp1bWFuLWFyYWxpbWl0ZWQuY29tIjt9czo5OiJfcHJldmlvdXMiO2E6MTp7czozOiJ1cmwiO3M6MzA6Imh0dHBzOi8vYW5qdW1hbi1hcmFsaW1pdGVkLmNvbSI7fXM6NjoiX2ZsYXNoIjthOjI6e3M6Mzoib2xkIjthOjA6e31zOjM6Im5ldyI7YTowOnt9fX0=', 1774244466),
('s3iAy5F7ONAMqHrpn4WOapzvxiKDAcr6s4C9Y8RX', NULL, '150.109.230.210', 'Mozilla/5.0 (iPhone; CPU iPhone OS 13_2_3 like Mac OS X) AppleWebKit/605.1.15 (KHTML, like Gecko) Version/13.0.3 Mobile/15E148 Safari/604.1', 'YTozOntzOjY6Il90b2tlbiI7czo0MDoiWWhlbXpyVW50U2V0dE80WHpYOHM2TmdKNFc3em1Qc09TcWRteWk1ZyI7czo5OiJfcHJldmlvdXMiO2E6MTp7czozOiJ1cmwiO3M6Mzk6Imh0dHA6Ly93d3cuYW5qdW1hbi1hcmFsaW1pdGVkLmNvbS9sb2dpbiI7fXM6NjoiX2ZsYXNoIjthOjI6e3M6Mzoib2xkIjthOjA6e31zOjM6Im5ldyI7YTowOnt9fX0=', 1774217579),
('uM6goEnYFZHSCR7gchWZqEIfGWXsVSUaCI1J31Ld', NULL, '205.210.31.60', 'Hello from Palo Alto Networks, find out more about our scans in https://docs-cortex.paloaltonetworks.com/r/1/Cortex-Xpanse/Scanning-activity', 'YTozOntzOjY6Il90b2tlbiI7czo0MDoid3drY0FNZ0FweFhGMEQzTlpyWkR2UnJxZERrZVRCVkRjYlEwZWt1NCI7czo5OiJfcHJldmlvdXMiO2E6MTp7czozOiJ1cmwiO3M6MzU6Imh0dHA6Ly9hbmp1bWFuLWFyYWxpbWl0ZWQuY29tL2xvZ2luIjt9czo2OiJfZmxhc2giO2E6Mjp7czozOiJvbGQiO2E6MDp7fXM6MzoibmV3IjthOjA6e319fQ==', 1774223143),
('Uw2zZoFyn231Z4XYuW2wXU0XHpCMRCvr5YXdxzHq', NULL, '46.105.42.96', 'Mozilla/5.0 (compatible; MJ12bot/v2.0.5; http://mj12bot.com/)', 'YTozOntzOjY6Il90b2tlbiI7czo0MDoiNHJTd3c5TVVBSmRnY042RGQzNjJYZkRCVkRZOXE5dVNjcmNScEVZYyI7czo5OiJfcHJldmlvdXMiO2E6MTp7czozOiJ1cmwiO3M6MzY6Imh0dHBzOi8vYW5qdW1hbi1hcmFsaW1pdGVkLmNvbS9sb2dpbiI7fXM6NjoiX2ZsYXNoIjthOjI6e3M6Mzoib2xkIjthOjA6e31zOjM6Im5ldyI7YTowOnt9fX0=', 1774222394),
('XxYzkHeBLt7L4zxUOaIv9e3TvUXbQ3KI98kdcRCB', NULL, '68.183.87.86', 'Mozilla/5.0 (X11; Linux x86_64; rv:142.0) Gecko/20100101 Firefox/142.0', 'YTo0OntzOjY6Il90b2tlbiI7czo0MDoiZDVYcXJxN1N4UnowT3hQVG9xeFJRM2xiSmx1VHJibElnQVZWbnlmbiI7czozOiJ1cmwiO2E6MTp7czo4OiJpbnRlbmRlZCI7czozNDoiaHR0cHM6Ly93d3cuYW5qdW1hbi1hcmFsaW1pdGVkLmNvbSI7fXM6OToiX3ByZXZpb3VzIjthOjE6e3M6MzoidXJsIjtzOjQwOiJodHRwczovL3d3dy5hbmp1bWFuLWFyYWxpbWl0ZWQuY29tL2xvZ2luIjt9czo2OiJfZmxhc2giO2E6Mjp7czozOiJvbGQiO2E6MDp7fXM6MzoibmV3IjthOjA6e319fQ==', 1774252046),
('Ya5MOAqongj3kJtu3zbK3exLU2MYvz3NIuJlqAQT', NULL, '150.109.230.210', 'Mozilla/5.0 (iPhone; CPU iPhone OS 13_2_3 like Mac OS X) AppleWebKit/605.1.15 (KHTML, like Gecko) Version/13.0.3 Mobile/15E148 Safari/604.1', 'YTo0OntzOjY6Il90b2tlbiI7czo0MDoiOTI0RzlrbFpvSERNVEh6NVExTDJaQm5OUnBiWUlBcnJNcVhQU01kSCI7czozOiJ1cmwiO2E6MTp7czo4OiJpbnRlbmRlZCI7czozMzoiaHR0cDovL3d3dy5hbmp1bWFuLWFyYWxpbWl0ZWQuY29tIjt9czo5OiJfcHJldmlvdXMiO2E6MTp7czozOiJ1cmwiO3M6MzM6Imh0dHA6Ly93d3cuYW5qdW1hbi1hcmFsaW1pdGVkLmNvbSI7fXM6NjoiX2ZsYXNoIjthOjI6e3M6Mzoib2xkIjthOjA6e31zOjM6Im5ldyI7YTowOnt9fX0=', 1774217577),
('yNx0PcHEzbodLvpG8Z8iylWgwzKLODSE4GMCkBlY', NULL, '74.7.243.219', 'Mozilla/5.0 AppleWebKit/537.36 (KHTML, like Gecko; compatible; GPTBot/1.3; +https://openai.com/gptbot)', 'YTo0OntzOjY6Il90b2tlbiI7czo0MDoiQXZUZ0w3TUhIRDZEYmdJTmo4cXljaVJRVE54U3lBR1NIcm9NNmx2bSI7czozOiJ1cmwiO2E6MTp7czo4OiJpbnRlbmRlZCI7czozMDoiaHR0cHM6Ly9hbmp1bWFuLWFyYWxpbWl0ZWQuY29tIjt9czo5OiJfcHJldmlvdXMiO2E6MTp7czozOiJ1cmwiO3M6MzY6Imh0dHBzOi8vYW5qdW1hbi1hcmFsaW1pdGVkLmNvbS9sb2dpbiI7fXM6NjoiX2ZsYXNoIjthOjI6e3M6Mzoib2xkIjthOjA6e31zOjM6Im5ldyI7YTowOnt9fX0=', 1774255520),
('z0dKAT1dOD9tYUrfB1P25VquJ7nWAxTwG3R4qXDC', NULL, '31.40.204.223', 'Mozilla/5.0 (X11; Linux x86_64) AppleWebKit/537.36 (KHTML, like Gecko) Chrome/38.0.2125.102 Safari/537.36', 'YTo1OntzOjY6Il90b2tlbiI7czo0MDoickd3R1JSbXVQajk4WWpRRWt5OTRFRmtUR3RZb1YweUZjRTFpeUNEWCI7czo5OiJfcHJldmlvdXMiO2E6MTp7czozOiJ1cmwiO3M6MzU6Imh0dHA6Ly9hbmp1bWFuLWFyYWxpbWl0ZWQuY29tL2xvZ2luIjt9czo2OiJfZmxhc2giO2E6Mjp7czozOiJvbGQiO2E6Mjp7aTowO3M6MTA6Il9vbGRfaW5wdXQiO2k6MTtzOjY6ImVycm9ycyI7fXM6MzoibmV3IjthOjA6e319czoxMDoiX29sZF9pbnB1dCI7YToyOntzOjY6Il90b2tlbiI7czo0MDoickd3R1JSbXVQajk4WWpRRWt5OTRFRmtUR3RZb1YweUZjRTFpeUNEWCI7czo1OiJlbWFpbCI7czoyNzoiZ3l3cXl0bGZAaW1tZW5zZWlnbml0ZS5pbmZvIjt9czo2OiJlcnJvcnMiO086MzE6IklsbHVtaW5hdGVcU3VwcG9ydFxWaWV3RXJyb3JCYWciOjE6e3M6NzoiACoAYmFncyI7YToxOntzOjc6ImRlZmF1bHQiO086Mjk6IklsbHVtaW5hdGVcU3VwcG9ydFxNZXNzYWdlQmFnIjoyOntzOjExOiIAKgBtZXNzYWdlcyI7YToxOntzOjU6ImVtYWlsIjthOjE6e2k6MDtzOjQwOiJUaGlzIGVtYWlsIGRvZXMgbm90IGV4aXN0IGluIG91ciBzeXN0ZW0uIjt9fXM6OToiACoAZm9ybWF0IjtzOjg6IjptZXNzYWdlIjt9fX19', 1774254875),
('ze1QxNP94LxJY2WjYSnm81CHrUQZLV5BtNLNt9ZL', NULL, '46.246.126.191', 'Mozilla/5.0 (X11; Ubuntu; Linux i686) AppleWebKit/537.36 (KHTML, like Gecko) Chrome/56.0.2927.69 Safari/537.36', 'YTo0OntzOjY6Il90b2tlbiI7czo0MDoibzdTamswV2ZyS2c1dGpmTFlpeW01RkhZRnFwZjRoVzZQNmlFUHVnaSI7czozOiJ1cmwiO2E6MTp7czo4OiJpbnRlbmRlZCI7czoyOToiaHR0cDovL2FuanVtYW4tYXJhbGltaXRlZC5jb20iO31zOjk6Il9wcmV2aW91cyI7YToxOntzOjM6InVybCI7czozNToiaHR0cDovL2FuanVtYW4tYXJhbGltaXRlZC5jb20vbG9naW4iO31zOjY6Il9mbGFzaCI7YToyOntzOjM6Im9sZCI7YTowOnt9czozOiJuZXciO2E6MDp7fX19', 1774213805);

-- --------------------------------------------------------

--
-- Table structure for table `sizing_bims`
--

CREATE TABLE `sizing_bims` (
  `id` bigint(20) UNSIGNED NOT NULL,
  `name` varchar(191) NOT NULL,
  `description` text DEFAULT NULL,
  `created_at` timestamp NULL DEFAULT NULL,
  `updated_at` timestamp NULL DEFAULT NULL
) ENGINE=InnoDB DEFAULT CHARSET=utf8mb4 COLLATE=utf8mb4_unicode_ci;

--
-- Dumping data for table `sizing_bims`
--

INSERT INTO `sizing_bims` (`id`, `name`, `description`, `created_at`, `updated_at`) VALUES
(6, '৩০/১ নাইচ-৮৮০০ তার ', 'মেসাস নোমান টেক্স ', '2025-02-16 12:39:50', '2025-02-16 12:39:50'),
(7, '৪০/১ নাহিদ -৮৫০০ তার ', 'মেসাস তিশা টেক্স ', '2025-02-16 12:41:12', '2025-02-16 12:41:12'),
(8, '৩০/১ আকবার -৮৫৫০ তার', 'মেসাস I.W.T টেক্স ', '2025-02-16 12:42:50', '2025-02-16 12:42:50'),
(9, '৪০/১ নাহিদ(Viscose) -৫০০০ তার', 'মেসাস নাঈমা টেক্স ', '2025-02-16 12:44:53', '2025-02-16 12:44:53'),
(10, '২০/১-শিপলু -৫৮৫০ তার ', 'মেসাস গোমতি টেক্স ', '2025-02-16 12:46:43', '2025-02-16 12:46:43'),
(11, '২০/১-পূবানী -৪২০০ তার', 'মেসাস রুবেল টেক্স ', '2025-02-16 12:48:51', '2025-02-16 12:48:51'),
(12, '৩০/১ আকবার -৪৫৩৫ তার', 'মেসাশ তিশা টেক্স ', '2025-02-16 12:52:04', '2025-02-16 12:52:04'),
(13, '৩০/১ আকবার -৫৩৯৪ তার', 'মেসাশ তিশা টেক্স ', '2025-02-16 12:53:26', '2025-02-16 12:53:26'),
(14, '২০/১-মা -৪০৫০ তার', 'মেসাশ নিতু টেক্স ', '2025-02-16 12:54:47', '2025-02-16 12:54:47'),
(15, '৩০/১ ইসমাইল -৮৮০০ তার', 'মেসাস নোমান টেক্স', '2025-02-16 13:05:39', '2025-02-16 13:05:39'),
(16, '৩০/১ ইসমাইল -৮৫৫০ তার', 'মেসাস I.W.T টেক্স ', '2025-02-16 13:07:24', '2025-02-16 13:07:24'),
(17, '৩০/১ T.C R মা -৬২০০ তার', 'মেসাস তুশিরা টেক্স ', '2025-02-16 13:09:02', '2025-02-16 13:09:02'),
(18, '২০/১- মিন -৩০২০ তার', 'মেসাস বিসমিল্লাহ টেক্স (১)', '2025-02-16 13:10:20', '2025-02-16 13:49:09'),
(19, '২০/১-আকিজ -৩৩৬০ তার', 'মেসাস মিডল্যান্ড টেক্স ', '2025-02-16 13:11:47', '2025-02-16 13:11:47'),
(20, '১০/১ এম হোসেন -২৪৪০ তার ', 'মেসাস আকন্দ টেক্স ', '2025-02-16 13:13:57', '2025-02-16 13:13:57'),
(21, '৪৫/১ T.C নাহিদ -৫৬৪০ তার ', 'মেসাস আঞ্জমান টেক্স ', '2025-02-16 13:40:32', '2025-02-16 13:40:32'),
(22, '৪৫/১ T.C S.A -৩৭৫০ তার', 'মেসাস আরাফাত টেক্স ', '2025-02-16 13:43:29', '2025-02-16 13:43:29'),
(23, '৩০/১ T.C সায়হাম -৬১০০ তার', 'মেসাস আরিফ টেক্স ', '2025-02-16 13:47:38', '2025-02-16 13:47:38'),
(24, '৩০/১ পাকিজা -৪৮০০ তার', 'মেসাস নাঈমা টেক্স ', '2025-02-16 13:53:06', '2025-02-16 13:53:06'),
(25, '৪৫/১ T.C S.A -৩৭২০ তার', 'মেসাস A.R টেক্স ', '2025-02-16 13:54:43', '2025-02-16 13:54:43'),
(26, '৩০/১ C.V.C -৫৮০০ তার', 'মেসাস সুমি টেক্স ', '2025-02-16 13:56:07', '2025-02-16 14:00:02'),
(27, '৩০/১ C.V.C -৭১০০ তার', 'মেসাস সুমি টেক্স', '2025-02-16 14:00:48', '2025-02-16 14:00:48'),
(28, '৪৫/১ T.C কুমিল্লা -৪২৩০ তার', 'মেসাস A.R টেক্স ', '2025-02-17 09:40:43', '2025-02-17 09:40:43');

-- --------------------------------------------------------

--
-- Table structure for table `sizing_bim_stocks`
--

CREATE TABLE `sizing_bim_stocks` (
  `id` bigint(20) UNSIGNED NOT NULL,
  `client_id` bigint(20) UNSIGNED DEFAULT NULL,
  `bim_id` bigint(20) UNSIGNED NOT NULL,
  `type` enum('in','out') NOT NULL,
  `bim_number` bigint(20) DEFAULT NULL,
  `quantities` bigint(20) UNSIGNED NOT NULL,
  `details` text DEFAULT NULL,
  `created_at` timestamp NULL DEFAULT NULL,
  `updated_at` timestamp NULL DEFAULT NULL
) ENGINE=InnoDB DEFAULT CHARSET=utf8mb4 COLLATE=utf8mb4_unicode_ci;

-- --------------------------------------------------------

--
-- Table structure for table `sizing_ledger_entries`
--

CREATE TABLE `sizing_ledger_entries` (
  `id` bigint(20) UNSIGNED NOT NULL,
  `client_id` bigint(20) UNSIGNED NOT NULL,
  `type` enum('debit','credit') NOT NULL,
  `details` text DEFAULT NULL,
  `bim_number` bigint(20) UNSIGNED DEFAULT NULL,
  `bill_number` varchar(255) DEFAULT NULL,
  `quantities` bigint(20) UNSIGNED DEFAULT NULL,
  `rate` decimal(15,2) DEFAULT NULL,
  `total` decimal(15,2) NOT NULL,
  `created_at` timestamp NULL DEFAULT NULL,
  `updated_at` timestamp NULL DEFAULT NULL
) ENGINE=InnoDB DEFAULT CHARSET=utf8mb4 COLLATE=utf8mb4_unicode_ci;

--
-- Dumping data for table `sizing_ledger_entries`
--

INSERT INTO `sizing_ledger_entries` (`id`, `client_id`, `type`, `details`, `bim_number`, `bill_number`, `quantities`, `rate`, `total`, `created_at`, `updated_at`) VALUES
(81, 11, 'credit', 'সাবেক ব্যালেন্স ', NULL, NULL, NULL, NULL, 434091.00, '2025-01-31 11:00:00', '2025-02-17 11:01:14'),
(82, 12, 'credit', 'সাবেক ব্যালেন্স ', NULL, NULL, NULL, NULL, 474608.00, '2025-01-31 11:01:00', '2025-02-17 11:02:14'),
(83, 13, 'credit', 'সাবেক ব্যালেন্স ', NULL, NULL, NULL, NULL, 400504.00, '2025-01-31 11:02:00', '2025-02-17 11:02:50'),
(84, 14, 'credit', 'সাবেক ব্যালেন্স ', NULL, NULL, NULL, NULL, 230293.00, '2025-01-31 11:02:00', '2025-02-17 11:03:22'),
(85, 15, 'credit', 'সাবেক ব্যালেন্স ', NULL, NULL, NULL, NULL, 184308.00, '2025-01-31 11:05:00', '2025-02-17 11:06:52'),
(86, 16, 'credit', 'সাবেক ব্যালেন্স ', NULL, NULL, NULL, NULL, 786586.00, '2025-01-31 11:07:00', '2025-02-17 11:07:53'),
(87, 17, 'credit', 'সাবেক ব্যালেন্স ', NULL, NULL, NULL, NULL, 624181.00, '2025-01-31 11:07:00', '2025-02-17 11:09:44'),
(88, 18, 'credit', 'সাবেক ব্যালেন্স ', NULL, NULL, NULL, NULL, 259340.00, '2025-01-31 11:09:00', '2025-02-17 11:10:26'),
(89, 19, 'credit', 'সাবেক ব্যালেন্স ', NULL, NULL, NULL, NULL, 45253.00, '2025-01-31 11:10:00', '2025-02-17 11:11:18'),
(90, 20, 'credit', 'সাবেক ব্যালেন্স ', NULL, NULL, NULL, NULL, 356701.00, '2025-01-31 11:11:00', '2025-02-17 11:12:05'),
(91, 21, 'credit', 'সাবেক ব্যালেন্স ', NULL, NULL, NULL, NULL, 368909.00, '2025-01-31 11:12:00', '2025-02-17 11:12:54'),
(92, 22, 'credit', 'সাবেক ব্যালেন্স ', NULL, NULL, NULL, NULL, 101269.00, '2025-01-31 11:12:00', '2025-02-17 11:13:34'),
(93, 23, 'credit', 'সাবেক ব্যালেন্স ', NULL, NULL, NULL, NULL, 203933.00, '2025-01-31 11:13:00', '2025-02-17 11:14:17'),
(94, 24, 'credit', 'সাবেক ব্যালেন্স ', NULL, NULL, NULL, NULL, 137964.00, '2025-01-31 11:14:00', '2025-05-05 07:21:02'),
(95, 25, 'credit', 'সাবেক ব্যালেন্স ', NULL, NULL, NULL, NULL, 27980.00, '2025-01-31 11:15:00', '2025-02-17 11:16:13'),
(96, 26, 'credit', 'সাবেক ব্যালেন্স ', NULL, NULL, NULL, NULL, 237072.00, '2025-01-31 11:16:00', '2025-02-17 11:16:58'),
(97, 27, 'credit', 'সাবেক ব্যালেন্স ', NULL, NULL, NULL, NULL, 227580.00, '2025-01-31 11:16:00', '2025-02-17 11:18:07'),
(98, 28, 'credit', 'সাবেক ব্যালেন্স ', NULL, NULL, NULL, NULL, 232900.00, '2025-01-31 11:18:00', '2025-02-17 11:20:02'),
(99, 29, 'credit', 'সাবেক ব্যালেন্স ', NULL, NULL, NULL, NULL, 134610.00, '2025-01-31 11:20:00', '2025-02-17 11:20:38'),
(100, 30, 'credit', 'সাবেক ব্যালেন্স ', NULL, NULL, NULL, NULL, 20124.00, '2025-01-31 11:20:00', '2025-02-17 11:25:13'),
(101, 31, 'credit', 'সাবেক ব্যালেন্স ', NULL, NULL, NULL, NULL, 143246.00, '2025-01-31 11:25:00', '2025-02-17 11:26:02'),
(102, 32, 'credit', 'সাবেক ব্যালেন্স ', NULL, NULL, NULL, NULL, 378454.00, '2025-01-31 11:26:00', '2025-02-17 11:29:07'),
(103, 33, 'credit', 'সাবেক ব্যালেন্স ', NULL, NULL, NULL, NULL, 87626.00, '2025-01-31 11:29:00', '2025-02-17 11:31:33'),
(104, 34, 'credit', 'সাবেক ব্যালেন্স ', NULL, NULL, NULL, NULL, 58541.00, '2025-01-31 11:31:00', '2025-02-17 11:32:37'),
(105, 35, 'credit', 'সাবেক ব্যালেন্স ', NULL, NULL, NULL, NULL, 27390.00, '2025-01-31 11:32:00', '2025-02-17 11:34:01'),
(106, 36, 'credit', 'সাবেক ব্যালেন্স', NULL, NULL, NULL, NULL, 54668.00, '2025-01-31 11:34:00', '2025-02-17 11:34:49'),
(107, 37, 'credit', 'সাবেক ব্যালেন্স', NULL, NULL, NULL, NULL, 45120.00, '2025-01-31 11:34:00', '2025-02-17 11:35:52'),
(108, 38, 'credit', 'সাবেক ব্যালেন্স', NULL, NULL, NULL, NULL, 43722.00, '2025-01-31 11:35:00', '2025-02-17 11:36:56'),
(109, 39, 'credit', 'সাবেক ব্যালেন্স ', NULL, NULL, NULL, NULL, 35720.00, '2025-01-31 11:36:00', '2025-02-17 11:37:49'),
(110, 40, 'credit', 'সাবেক ব্যালেন্স ', NULL, NULL, NULL, NULL, 36128.00, '2025-01-31 11:37:00', '2025-02-17 11:40:02'),
(111, 42, 'credit', 'সাবেক ব্যালেন্স', NULL, NULL, NULL, NULL, 232464.00, '2025-01-31 11:40:00', '2025-02-17 11:41:47'),
(112, 43, 'credit', 'সাবেক ব্যালেন্স ', NULL, NULL, NULL, NULL, 18227.00, '2025-01-31 11:41:00', '2025-02-17 11:42:53'),
(113, 44, 'credit', 'সাবেক ব্যালেন্স ', NULL, NULL, NULL, NULL, 21788.00, '2025-01-31 11:42:00', '2025-02-17 11:44:58'),
(114, 45, 'credit', 'সাবেক ব্যালেন্স ', NULL, NULL, NULL, NULL, 34896.00, '2025-01-31 11:44:00', '2025-02-17 11:45:55'),
(115, 46, 'credit', 'সাবেক ব্যালেন্স', NULL, NULL, NULL, NULL, 89237.00, '2025-01-31 11:45:00', '2025-02-17 11:46:49'),
(116, 47, 'credit', 'সাবেক ব্যালেন্স ', NULL, NULL, NULL, NULL, 24130.00, '2025-01-31 11:46:00', '2025-02-17 11:50:01'),
(117, 48, 'credit', 'সাবেক ব্যালেন্স ', NULL, NULL, NULL, NULL, 65875.00, '2025-01-31 11:50:00', '2025-02-17 11:50:54'),
(118, 51, 'credit', 'সাবেক ব্যালেন্স ', NULL, NULL, NULL, NULL, 9039.00, '2025-01-31 11:50:00', '2025-02-17 11:54:58'),
(119, 52, 'credit', 'সাবেক ব্যালেন্স ', NULL, NULL, NULL, NULL, 17967.00, '2025-01-31 11:54:00', '2025-02-17 11:55:45'),
(120, 53, 'credit', 'সাবেক ব্যালেন্স ', NULL, NULL, NULL, NULL, 25182.00, '2025-01-31 11:55:00', '2025-02-17 11:56:41'),
(121, 54, 'credit', 'সাবেক ব্যালেন্স ', NULL, NULL, NULL, NULL, 31378.00, '2025-01-31 11:56:00', '2025-02-17 11:57:47'),
(122, 55, 'credit', 'সাবেক ব্যালেন্স ', NULL, NULL, NULL, NULL, 16614.00, '2025-01-31 11:57:00', '2025-02-17 11:58:44'),
(123, 56, 'credit', 'সাবেক ব্যালেন্স ', NULL, NULL, NULL, NULL, 28480.00, '2025-01-31 11:58:00', '2025-02-17 12:03:15'),
(124, 57, 'credit', 'সাবেক ব্যালেন্স ', NULL, NULL, NULL, NULL, 25273.00, '2025-01-31 12:03:00', '2025-02-17 12:21:45'),
(125, 58, 'credit', 'সাবেক ব্যালেন্স ', NULL, NULL, NULL, NULL, 8104.00, '2025-01-31 12:21:00', '2025-02-17 12:23:07'),
(126, 59, 'credit', 'সাবেক ব্যালেন্স ', NULL, NULL, NULL, NULL, 39508.00, '2025-01-31 12:25:00', '2025-02-17 12:26:25'),
(127, 60, 'credit', 'সাবেক ব্যালেন্স ', NULL, NULL, NULL, NULL, 35651.00, '2025-01-31 12:30:00', '2025-02-17 12:37:31'),
(128, 62, 'credit', 'সাবেক ব্যালেন্স ', NULL, NULL, NULL, NULL, 18562.00, '2025-01-31 12:37:00', '2025-02-17 12:38:52'),
(129, 61, 'credit', 'সাবেক ব্যালেন্স ', NULL, NULL, NULL, NULL, 26632.00, '2025-01-31 12:39:00', '2025-02-17 12:40:45'),
(130, 63, 'credit', 'সাবেক ব্যালেন্স', NULL, NULL, NULL, NULL, 25553.00, '2025-01-31 12:40:00', '2025-02-17 12:41:37'),
(131, 64, 'credit', 'সাবেক ব্যালেন্স', NULL, NULL, NULL, NULL, 84720.00, '2025-01-31 12:41:00', '2025-02-17 12:42:45'),
(132, 65, 'credit', 'সাবেক ব্যালেন্স', NULL, NULL, NULL, NULL, 64320.00, '2025-01-31 12:42:00', '2025-02-17 12:44:35'),
(133, 67, 'credit', 'সাবেক ব্যালেন্স ', NULL, NULL, NULL, NULL, 32108.00, '2025-01-31 12:44:00', '2025-02-17 12:45:28'),
(134, 68, 'credit', 'সাবেক ব্যালেন্স', NULL, NULL, NULL, NULL, 98874.00, '2025-01-31 12:45:00', '2025-02-17 12:47:21'),
(135, 69, 'credit', 'সাবেক ব্যালেন্স ', NULL, NULL, NULL, NULL, 104117.00, '2025-01-31 12:47:00', '2025-02-17 12:54:29'),
(136, 70, 'credit', 'সাবেক ব্যালেন্স ', NULL, NULL, NULL, NULL, 60440.00, '2025-01-31 08:14:00', '2025-02-18 08:16:11'),
(137, 71, 'credit', 'সাবেক ব্যালেন্স ', NULL, NULL, NULL, NULL, 145350.00, '2025-01-31 08:16:00', '2025-02-18 08:16:48'),
(138, 72, 'credit', 'সাবেক ব্যালেন্স ', NULL, NULL, NULL, NULL, 46289.00, '2025-01-31 08:16:00', '2025-02-18 08:17:26'),
(139, 73, 'credit', 'সাবেক ব্যালেন্স ', NULL, NULL, NULL, NULL, 81757.00, '2025-01-31 08:17:00', '2025-02-18 08:18:05'),
(140, 74, 'credit', 'সাবেক ব্যালেন্স ', NULL, NULL, NULL, NULL, 23071.00, '2025-01-31 08:18:00', '2025-02-18 08:18:40'),
(141, 75, 'credit', 'সাবেক ব্যালেন্স ', NULL, NULL, NULL, NULL, 48346.00, '2025-01-31 08:18:00', '2025-02-18 08:19:18'),
(142, 76, 'credit', 'সাবেক ব্যালেন্স ', NULL, NULL, NULL, NULL, 84627.00, '2025-01-31 08:19:00', '2025-02-18 08:19:52'),
(143, 84, 'credit', 'সাবেক ব্যালেন্স ', NULL, NULL, NULL, NULL, 32898.00, '2025-01-31 08:19:00', '2025-02-18 08:20:39'),
(144, 41, 'credit', 'সাবেক ব্যালেন্স ', NULL, NULL, NULL, NULL, 82845.00, '2025-01-31 08:20:00', '2025-02-18 08:21:17'),
(145, 20, 'credit', '৩০/১ কালার ', 1, NULL, 454, 23.00, 10442.00, '2025-02-01 14:22:00', '2025-02-18 08:27:09'),
(146, 88, 'credit', 'সাবেক ব্যালেন্স ', 1, NULL, 1528, 1.00, 1528.00, '2025-01-31 23:37:00', '2025-02-19 05:43:44'),
(147, 89, 'credit', 'সাবেক ব্যালেন্স ', NULL, NULL, NULL, NULL, 3431.00, '2025-01-31 11:46:00', '2025-02-19 05:47:20'),
(148, 88, 'credit', '৩০/১ কালার ', 1, NULL, 406, 24.00, 9744.00, '2025-02-01 11:47:00', '2025-02-19 05:48:33'),
(149, 89, 'credit', '৩০/১ কালার ', 1, NULL, 341, 23.00, 7843.00, '2025-02-01 11:49:00', '2025-02-19 05:50:37'),
(150, 12, 'credit', '৩০/১ সুফিয়া ', 1, NULL, 5538, 16.00, 88608.00, '2025-02-01 11:51:00', '2025-02-19 05:55:43'),
(151, 22, 'credit', '৩০/১ কালার ', 1, NULL, 411, 23.00, 9453.00, '2025-02-01 23:55:00', '2025-02-19 06:16:28'),
(152, 21, 'credit', '৩০/১ কালার ', 1, NULL, 401, 23.00, 9223.00, '2025-02-01 11:16:00', '2025-02-19 06:18:52'),
(153, 90, 'credit', '৩০/১ কালার ', 1, NULL, 343, 24.00, 8232.00, '2025-02-01 23:57:00', '2025-02-19 06:20:46'),
(154, 25, 'credit', '৪০/১ কালার ', 1, NULL, 759, 25.00, 18975.00, '2025-02-01 12:35:00', '2025-02-19 06:35:58'),
(155, 23, 'credit', '২৫/১ কালার ', 1, NULL, 253, 22.00, 5566.00, '2025-02-01 12:35:00', '2025-02-19 06:37:39'),
(156, 50, 'credit', '৪০/১ কালার ', 1, NULL, 371, 24.00, 8904.00, '2025-02-01 12:37:00', '2025-02-19 06:38:31'),
(157, 92, 'credit', 'সাবেক ব্যালেন্স ', NULL, NULL, NULL, NULL, 8832.00, '2025-01-31 12:39:00', '2025-02-19 06:40:40'),
(158, 93, 'debit', 'সাবেক  ব্যালেন্স ', NULL, NULL, NULL, NULL, 4432.00, '2025-02-01 12:41:00', '2025-02-19 07:09:38'),
(159, 92, 'credit', '৩০/১ কালার ', 1, NULL, 773, 23.00, 17779.00, '2025-02-01 12:09:00', '2025-02-19 07:12:06'),
(160, 38, 'credit', '৪০/১ গোল্ড ', 1, NULL, 1156, 16.00, 18496.00, '2025-02-01 12:14:00', '2025-02-19 07:15:02'),
(161, 93, 'credit', '৩০/১ কালার ', 1, NULL, 313, 24.00, 7512.00, '2025-02-01 12:15:00', '2025-02-19 07:16:15'),
(162, 13, 'credit', '৪৫/১ T.C কুমিল্লা ', 14232, NULL, 3207, 24.00, 76968.00, '2025-02-02 12:20:00', '2025-02-19 07:22:11'),
(163, 94, 'credit', '৪০/১ S.S F ', 14233, NULL, 2784, 15.00, 41760.00, '2025-02-02 12:22:00', '2025-02-19 07:24:16'),
(164, 91, 'credit', '২০/১ নাণ্ণূ', 14227, NULL, 2184, 13.00, 28392.00, '2025-02-02 12:24:00', '2025-02-19 07:25:49'),
(165, 22, 'credit', '৩০/১ কালার', 14228, NULL, 411, 23.00, 9453.00, '2025-02-02 12:25:00', '2025-02-19 07:28:00'),
(166, 25, 'credit', '৪০/১ কালার ', 14229, NULL, 759, 25.00, 18975.00, '2025-02-02 12:28:00', '2025-02-19 07:29:27'),
(167, 21, 'credit', '৩০/১ কালার ', 14230, NULL, 437, 23.00, 10051.00, '2025-02-02 12:29:00', '2025-02-19 07:32:04'),
(168, 37, 'credit', '৩০/১ কালার ', 14231, NULL, 1043, 23.00, 23989.00, '2025-02-02 12:32:00', '2025-02-19 07:36:38'),
(169, 89, 'credit', '৩০/১ কালার ', 14234, NULL, 692, 23.00, 15916.00, '2025-02-03 12:28:00', '2025-02-22 07:30:30'),
(170, 95, 'credit', '৩০/১ কালার ', 14235, NULL, 619, 24.00, 14856.00, '2025-02-03 12:34:00', '2025-02-22 07:50:57'),
(171, 23, 'credit', '২৫/১ কালার ', 14236, NULL, 246, 22.00, 5412.00, '2025-02-03 12:50:00', '2025-02-22 07:51:56'),
(172, 90, 'credit', '৩০/১ কালার', 14237, NULL, 343, 24.00, 8232.00, '2025-02-03 12:51:00', '2025-02-22 07:52:49'),
(173, 28, 'credit', '৪০/১ R.S ', 14238, NULL, 1791, 15.00, 26865.00, '2025-02-03 12:52:00', '2025-02-22 07:53:49'),
(174, 20, 'credit', '৩০/১ কালার ', 14239, NULL, 441, 23.00, 10143.00, '2025-02-03 12:53:00', '2025-02-22 07:54:45'),
(175, 96, 'credit', '৩০/১ কালার ', 14240, NULL, 758, 24.00, 18192.00, '2025-02-03 12:57:00', '2025-02-22 07:57:59'),
(176, 34, 'credit', '৩০/১ কালার ', 14241, NULL, 416, 23.00, 9568.00, '2025-02-03 12:57:00', '2025-02-22 07:59:09'),
(177, 58, 'credit', '৩০/১ কালার ', 14242, NULL, 842, 24.00, 20208.00, '2025-02-03 12:59:00', '2025-02-22 08:00:30'),
(178, 19, 'credit', '৪০/১ আকবর ', 14243, NULL, 3481, 13.00, 45253.00, '2025-02-03 13:17:00', '2025-02-22 09:19:03'),
(179, 35, 'credit', '৪০/১ শিপলু ', 14244, NULL, 1896, 15.00, 28440.00, '2025-02-03 13:19:00', '2025-02-22 09:20:28'),
(180, 36, 'credit', '৩০/১ কালার ', 14245, NULL, 699, 23.00, 16077.00, '2025-02-03 14:30:00', '2025-02-22 10:33:10'),
(181, 23, 'credit', '২৫/১ কালার ', 14246, NULL, 289, 22.00, 6358.00, '2025-02-03 15:33:00', '2025-02-22 10:40:04'),
(182, 30, 'credit', '৪০/১ আকবর ', 14247, NULL, 3505, 15.00, 52575.00, '2025-02-04 14:40:00', '2025-02-22 10:41:12'),
(183, 21, 'credit', '৩০/১ কালার ', 14248, NULL, 407, 23.00, 9361.00, '2025-02-04 15:41:00', '2025-02-22 10:42:26'),
(184, 23, 'credit', '২৫/১ কালার ', 14249, NULL, 260, 22.00, 5720.00, '2025-02-04 14:42:00', '2025-02-22 10:48:38'),
(185, 97, 'credit', '৪০/১ কালার ', 14250, NULL, 629, 23.00, 14467.00, '2025-02-04 15:05:00', '2025-02-22 11:07:42'),
(186, 98, 'credit', '৪০/১ কালার ', 14251, NULL, 1091, 25.00, 27275.00, '2025-02-04 15:11:00', '2025-02-22 11:18:24'),
(187, 17, 'credit', '২০/১ মিন ', 14252, NULL, 3185, 12.00, 38220.00, '2025-02-04 14:18:00', '2025-02-22 11:54:30'),
(188, 22, 'credit', '৩০/১ কালার ', 14254, NULL, 411, 23.00, 9453.00, '2025-02-04 15:54:00', '2025-02-22 11:59:37'),
(189, 20, 'credit', '৩০/১ কালার ', 14255, NULL, 441, 23.00, 10143.00, '2025-02-04 14:59:00', '2025-02-22 12:06:17'),
(190, 37, 'credit', '৩০/১ কালার ', 14256, NULL, 518, 23.00, 11914.00, '2025-02-04 14:06:00', '2025-02-22 12:08:50'),
(191, 25, 'credit', '৪০/১ কালার ', 14257, NULL, 757, 25.00, 18925.00, '2025-02-04 15:08:00', '2025-02-22 12:09:48'),
(192, 25, 'credit', '৪০/১ A.A ', 14258, NULL, 1965, 18.00, 35370.00, '2025-02-04 15:09:00', '2025-02-22 12:14:12'),
(193, 20, 'credit', '২০/১ গ্রে ', 14259, NULL, 2832, 12.00, 33984.00, '2025-02-04 15:14:00', '2025-02-22 12:17:08'),
(194, 12, 'credit', '৩০/১ নাইচ ', 14260, NULL, 5538, 16.00, 88608.00, '2025-02-05 16:17:00', '2025-02-22 12:32:09'),
(195, 21, 'credit', '৩০/১ কালার ', 14261, NULL, 448, 23.00, 10304.00, '2025-02-05 15:38:00', '2025-02-22 12:40:45'),
(196, 88, 'credit', '৩০/১ কালার ', 14262, NULL, 406, 24.00, 9744.00, '2025-02-05 15:40:00', '2025-02-22 12:42:03'),
(197, 34, 'credit', '৩০/১ কালার ', 14263, NULL, 414, 23.00, 9522.00, '2025-02-05 15:42:00', '2025-02-22 13:02:32'),
(198, 58, 'credit', '৩০/১ কালার ', 14264, NULL, 416, 23.00, 9568.00, '2025-02-05 15:02:00', '2025-02-22 13:05:34'),
(199, 95, 'credit', '৩০/১ কালার ', 14265, NULL, 311, 24.00, 7464.00, '2025-02-05 15:05:00', '2025-02-22 13:08:51'),
(200, 20, 'credit', '৩০/১ কালার ', 14266, NULL, 211, 23.00, 4853.00, '2025-02-05 15:06:00', '2025-02-22 13:08:14'),
(201, 31, 'credit', '৪০/১ ম্যাকসান ', 14267, NULL, 1936, 15.00, 29040.00, '2025-02-05 15:10:00', '2025-02-22 13:11:42'),
(202, 15, 'credit', '২০/১ আকিজ ', 14268, NULL, 2406, 13.00, 31278.00, '2025-02-05 15:11:00', '2025-02-22 13:12:46'),
(203, 21, 'credit', '৩০/১ কালার ', 14269, NULL, 400, 23.00, 9200.00, '2025-02-05 15:12:00', '2025-02-22 13:13:46'),
(204, 23, 'credit', '২৫/১ কালার ', 14270, NULL, 267, 22.00, 5874.00, '2025-02-05 15:13:00', '2025-02-22 13:16:18'),
(205, 95, 'credit', '৩০/১ কালার ', 14271, NULL, 319, 23.00, 7337.00, '2025-02-05 15:16:00', '2025-02-22 13:17:23'),
(206, 26, 'credit', '৪৫/১ T.C SA', 14272, NULL, 1899, 22.00, 41778.00, '2025-02-05 15:17:00', '2025-02-22 13:18:13'),
(207, 38, 'credit', '৪০/১ হরিন ', 14273, NULL, 1156, 16.00, 18496.00, '2025-02-06 12:21:00', '2025-02-23 06:30:12'),
(208, 25, 'credit', '৪০/১ কালার ', 14274, NULL, 383, 25.00, 9575.00, '2025-02-06 12:31:00', '2025-02-23 06:34:07'),
(209, 99, 'credit', '৩০/১ কালার ', 14275, NULL, 345, 23.00, 7935.00, '2025-02-06 12:36:00', '2025-02-23 06:37:47'),
(210, 19, 'credit', '৪০/১ আকবর ', 14276, NULL, 3481, 13.00, 45253.00, '2025-02-06 12:46:00', '2025-02-23 07:05:57'),
(211, 37, 'credit', '৩০/১ কালার ', 14277, NULL, 336, 23.00, 7728.00, '2025-02-06 13:05:00', '2025-02-23 07:07:28'),
(212, 90, 'credit', '৩০/১ কালার ', 14278, NULL, 371, 24.00, 8904.00, '2025-02-06 13:07:00', '2025-02-23 07:09:15'),
(213, 16, 'credit', '৪০/১ নাহিদ ', 14279, NULL, 2683, 20.00, 53660.00, '2025-02-07 13:09:00', '2025-02-23 07:50:02'),
(214, 20, 'credit', '৪০/১ কালার ', 14280, NULL, 369, 24.00, 8856.00, '2025-02-07 13:50:00', '2025-02-23 07:51:12'),
(215, 37, 'credit', '৩০/১ কালার ', 14281, NULL, 1043, 23.00, 23989.00, '2025-02-07 13:51:00', '2025-02-23 07:52:07'),
(216, 22, 'credit', '৩০/১ কালার ', 14282, NULL, 821, 23.00, 18883.00, '2025-02-07 13:52:00', '2025-02-23 07:53:24'),
(217, 21, 'credit', '৩০/১ কালার ', 14283, NULL, 464, 23.00, 10672.00, '2025-02-07 13:53:00', '2025-02-23 07:54:39'),
(218, 25, 'credit', '৪০/১ কালার ', 14284, NULL, 759, 25.00, 18975.00, '2025-02-07 13:54:00', '2025-02-23 07:55:36'),
(219, 88, 'credit', '৩০/১ কালার ', 14285, NULL, 414, 24.00, 9936.00, '2025-02-07 13:55:00', '2025-02-23 07:56:39'),
(220, 14, 'credit', '৩০/১ আকবর ', 14286, NULL, 2895, 17.00, 49215.00, '2025-02-07 13:56:00', '2025-02-23 07:57:30'),
(221, 21, 'credit', '৩০/১ কালার ', 14287, NULL, 437, 23.00, 10051.00, '2025-02-08 13:57:00', '2025-02-23 07:58:52'),
(222, 37, 'credit', '৩০/১ কালার ', 14288, NULL, 518, 23.00, 11914.00, '2025-02-08 13:58:00', '2025-02-23 08:02:38'),
(223, 34, 'credit', '৩০/১ কালার ', 14289, NULL, 418, 23.00, 9614.00, '2025-02-08 13:02:00', '2025-02-23 08:03:46'),
(224, 20, 'credit', '৩০/১ কালার ', 14290, NULL, 1548, 16.00, 24768.00, '2025-02-08 13:03:00', '2025-02-23 08:04:59'),
(225, 32, 'credit', '৪০/১ (V) নাহিদ ', 14291, NULL, 4150, 14.00, 58100.00, '2025-02-08 13:04:00', '2025-02-23 08:07:23'),
(226, 92, 'credit', '৩০/১ কালার ', 14292, NULL, 1148, 22.00, 25256.00, '2025-02-08 13:07:00', '2025-02-23 08:08:37'),
(227, 100, 'credit', '৩০/১ কালার ', 14293, NULL, 328, 24.00, 7872.00, '2025-02-08 13:11:00', '2025-02-23 08:12:53'),
(228, 23, 'credit', '২৫/১ কালার ', 14294, NULL, 305, 22.00, 6710.00, '2025-02-08 13:25:00', '2025-02-23 08:26:44'),
(229, 13, 'credit', '45/1 T.C কুমিল্লা ', 14295, NULL, 3207, 24.00, 76968.00, '2025-02-08 13:26:00', '2025-02-23 08:27:39'),
(230, 97, 'credit', '৪০/১ কালার ', 14296, NULL, 618, 23.00, 14214.00, '2025-02-08 13:27:00', '2025-02-23 08:28:32'),
(231, 11, 'credit', '45/1 T.C নাহিদ ', 14307, NULL, 3427, 24.00, 82248.00, '2025-02-09 13:29:00', '2025-02-23 10:01:51'),
(232, 20, 'credit', '৩০/১ কালার ', 14308, NULL, 550, 23.00, 12650.00, '2025-02-09 13:01:00', '2025-02-23 10:03:23'),
(233, 90, 'credit', '৩০/১ কালার ', 14297, NULL, 441, 24.00, 10584.00, '2025-02-09 13:03:00', '2025-02-23 10:06:41'),
(234, 18, 'credit', '২০/১ শিপলু ', 14298, NULL, 5027, 11.50, 57810.50, '2025-02-09 13:06:00', '2025-02-23 10:09:02'),
(235, 101, 'credit', '৩০/১ কালার ', 14299, NULL, 418, 24.00, 10032.00, '2025-02-09 14:19:00', '2025-02-23 10:26:18'),
(236, 102, 'credit', '৫০/১ কালার ', 14300, NULL, 260, 28.00, 7280.00, '2025-02-09 14:28:00', '2025-02-23 10:31:07'),
(237, 21, 'credit', '৩০/১ কালার ', 14301, NULL, 467, 23.00, 10741.00, '2025-02-09 14:31:00', '2025-02-23 10:36:46'),
(238, 22, 'credit', '৩০/১ কালার ', 14302, NULL, 827, 23.00, 19021.00, '2025-02-09 14:41:00', '2025-02-23 10:43:04'),
(239, 90, 'credit', '৩০/১ কালার ', 14303, NULL, 441, 24.00, 10584.00, '2025-02-09 14:43:00', '2025-02-23 10:44:47'),
(240, 20, 'credit', '৩০/১ কালার ', 14304, NULL, 421, 23.00, 9683.00, '2025-02-09 14:44:00', '2025-02-23 10:46:51'),
(241, 34, 'credit', '৩০/১ কালার ', 14305, NULL, 415, 23.00, 9545.00, '2025-02-09 13:46:00', '2025-02-23 10:47:57'),
(242, 97, 'credit', '৩০/১ কালার ', 14306, NULL, 319, 23.00, 7337.00, '2025-02-09 12:47:00', '2025-02-23 10:50:27'),
(243, 21, 'credit', '৩০/১ কালার ', 14309, NULL, 319, 23.00, 7337.00, '2025-02-10 13:50:00', '2025-02-23 10:59:32'),
(244, 92, 'credit', '৩০/১ কালার ', 14310, NULL, 767, 22.00, 16874.00, '2025-02-10 14:59:00', '2025-02-23 11:01:35'),
(245, 89, 'credit', '৩০/১ কালার ', 14311, NULL, 349, 23.00, 8027.00, '2025-02-10 14:01:00', '2025-02-23 11:03:10'),
(246, 100, 'credit', '৩০/১ কালার ', 14312, NULL, 427, 24.00, 10248.00, '2025-02-10 14:03:00', '2025-02-23 11:04:18'),
(247, 20, 'credit', '৩০/১ কালার ', 14313, NULL, 372, 23.00, 8556.00, '2025-02-10 15:04:00', '2025-02-23 11:08:17'),
(248, 103, 'credit', '২০/১ পূবানী ', 14314, NULL, 4512, 12.00, 54144.00, '2025-02-10 14:11:00', '2025-02-23 11:12:40'),
(249, 19, 'credit', '৪০/১ আকবর ', 14315, NULL, 3481, 13.00, 45253.00, '2025-02-10 14:12:00', '2025-02-23 11:14:45'),
(250, 30, 'credit', '৪০/১ আকবর ', 14316, NULL, 1747, 14.50, 25331.50, '2025-02-10 14:14:00', '2025-02-23 11:21:27'),
(251, 104, 'credit', '৪০/১ R.M ', 14317, NULL, 2562, 14.50, 37149.00, '2025-02-10 14:23:00', '2025-02-23 11:27:01'),
(252, 16, 'credit', '৩০/১ আকবর ', 14324, NULL, 5105, 17.00, 86785.00, '2025-02-11 13:58:00', '2025-02-24 06:06:26'),
(253, 20, 'credit', '৩০/১ কালার ', 14325, NULL, 1239, 23.00, 28497.00, '2025-02-11 11:57:00', '2025-02-25 04:58:34'),
(254, 58, 'credit', '৩০/১ কালার ', 14326, NULL, 842, 24.00, 20208.00, '2025-02-11 11:58:00', '2025-02-25 05:02:57'),
(255, 105, 'credit', '৩০/১ কালার ', 14327, NULL, 369, 24.00, 8856.00, '2025-02-11 12:15:00', '2025-02-25 05:41:24'),
(256, 21, 'credit', '৩০/১ কালার ', 14328, NULL, 437, 23.00, 10051.00, '2025-02-11 23:41:00', '2025-02-25 05:42:39'),
(257, 39, 'credit', '২০/১ মা ', 14329, NULL, 2505, 12.00, 30060.00, '2025-02-11 12:42:00', '2025-02-25 05:49:36'),
(258, 22, 'credit', '৩০/১ কালার ', 14330, NULL, 411, 23.00, 9453.00, '2025-02-11 12:49:00', '2025-02-25 05:51:22'),
(260, 23, 'credit', '২৫/১ কালার ', 14318, NULL, 260, 22.00, 5720.00, '2025-02-11 12:53:00', '2025-02-25 05:54:27'),
(261, 36, 'credit', '৩০/১ কালার ', 14319, NULL, 707, 23.00, 16261.00, '2025-02-11 12:54:00', '2025-02-25 05:55:32'),
(262, 97, 'credit', '৩০/১ কালার ', 14320, NULL, 319, 23.00, 7337.00, '2025-02-11 12:55:00', '2025-02-25 05:56:45'),
(263, 21, 'credit', '৩০/১ কালার ', 14321, NULL, 361, 23.00, 8303.00, '2025-02-11 12:56:00', '2025-02-25 05:57:55'),
(264, 106, 'credit', '৪০/১ কালার ', 14322, NULL, 604, 24.00, 14496.00, '2025-02-11 12:59:00', '2025-02-25 06:00:28'),
(265, 38, 'credit', '৫০/১ হরিন ', 14323, NULL, 1131, 17.00, 19227.00, '2025-02-11 12:00:00', '2025-02-25 06:01:19'),
(266, 106, 'credit', '২০/১ M.L ', 14331, NULL, 3223, 12.00, 38676.00, '2025-02-12 12:01:00', '2025-02-25 06:03:40'),
(267, 50, 'credit', '৪০/১ কালার ', 14332, NULL, 374, 24.00, 8976.00, '2025-02-12 12:03:00', '2025-02-25 06:05:38'),
(268, 26, 'credit', '45/1 T.C SA ', 14333, NULL, 1899, 22.00, 41778.00, '2025-02-12 12:05:00', '2025-02-25 06:10:02'),
(269, 23, 'credit', '২০/১ কালার ', 14335, NULL, 633, 22.00, 13926.00, '2025-02-12 12:10:00', '2025-02-25 06:12:01'),
(270, 12, 'credit', '৩০/১ ইসমাইল ', 14335, NULL, 5538, 16.00, 88608.00, '2025-02-12 12:12:00', '2025-02-25 06:20:29'),
(271, 52, 'credit', '৩০/১ কালার ', 14336, NULL, 1053, 24.00, 25272.00, '2025-02-12 12:20:00', '2025-02-25 06:21:32'),
(272, 92, 'credit', '৩০/১ কালার ', 14337, NULL, 367, 23.00, 8441.00, '2025-02-12 12:21:00', '2025-02-25 06:24:54'),
(273, 22, 'credit', '৩০/১ কালার ', 14338, NULL, 420, 23.00, 9660.00, '2025-02-12 06:24:00', '2025-02-25 06:25:58'),
(274, 37, 'credit', '৩০/১ কালার ', 14339, NULL, 854, 23.00, 19642.00, '2025-02-12 06:25:00', '2025-02-25 06:26:47'),
(275, 20, 'credit', '৩০/১ কালার ', 14340, NULL, 441, 23.00, 10143.00, '2025-02-12 06:26:00', '2025-02-25 06:29:40'),
(276, 34, 'credit', '৩০/১ কালার ', 14341, NULL, 428, 23.00, 9844.00, '2025-02-12 06:29:00', '2025-02-25 06:30:35'),
(277, 14, 'credit', '৩০/১ ইসমাইল ', 14342, NULL, 2969, 17.00, 50473.00, '2025-02-13 06:31:00', '2025-02-25 06:32:45'),
(278, 23, 'credit', '২৫/১ কালার ', 14343, NULL, 251, 22.00, 5522.00, '2025-02-13 06:32:00', '2025-02-25 06:33:54'),
(279, 18, 'credit', '২০/১ শিবলু ', 14344, NULL, 5027, 11.50, 57810.50, '2025-02-13 06:33:00', '2025-02-25 06:35:07'),
(280, 20, 'credit', '২০/১ গ্রে ', 14345, NULL, 5413, 12.00, 64956.00, '2025-02-13 06:35:00', '2025-02-25 06:36:44'),
(281, 13, 'credit', '45/1 T.C রোকারা ', 14346, NULL, 2843, 24.00, 68232.00, '2025-02-13 06:36:00', '2025-02-25 06:40:21'),
(282, 31, 'credit', '৪০/১ তাফরিদ ', 14347, NULL, 2598, 15.00, 38970.00, '2025-02-13 06:40:00', '2025-02-25 06:41:52'),
(283, 37, 'credit', '৩০/১ কালার ', 14348, NULL, 334, 23.00, 7682.00, '2025-02-15 06:41:00', '2025-02-25 06:43:02'),
(284, 107, 'credit', '45/1 T.C SA ', 14349, NULL, 2076, 22.00, 45672.00, '2025-02-15 06:46:00', '2025-02-25 06:48:07'),
(285, 108, 'credit', '২০/১ কালার ', 14350, NULL, 462, 22.00, 10164.00, '2025-02-15 06:50:00', '2025-02-25 06:52:16'),
(286, 50, 'credit', '৪০/১ কালার ', 14351, NULL, 742, 24.00, 17808.00, '2025-02-15 06:52:00', '2025-02-25 06:55:09'),
(287, 21, 'credit', '৩০/১ কালার ', 14352, NULL, 783, 23.00, 18009.00, '2025-02-15 06:55:00', '2025-02-25 06:55:53'),
(288, 24, 'credit', '30/1 T.C R MAA', 14353, NULL, 5382, 16.00, 86112.00, '2025-02-15 06:55:00', '2025-02-25 06:57:56'),
(289, 99, 'credit', '৩০/১ কালার ', 14355, NULL, 668, 23.00, 15364.00, '2025-02-15 06:57:00', '2025-02-25 07:04:56'),
(290, 109, 'credit', '৩০/১ কালার ', 14355, NULL, 368, 23.00, 8464.00, '2025-02-15 07:08:00', '2025-02-25 07:11:29'),
(291, 17, 'credit', '২০/১ মিন ', 14356, NULL, 3185, 12.00, 38220.00, '2025-02-15 07:11:00', '2025-02-25 07:19:14'),
(292, 20, 'credit', '৩০/১ কালার ', 14357, NULL, 902, 23.00, 20746.00, '2025-02-16 07:19:00', '2025-02-25 07:20:16'),
(293, 22, 'credit', '৩০/১ কালার ', 14358, NULL, 411, 23.00, 9453.00, '2025-02-16 07:20:00', '2025-02-25 07:27:29'),
(294, 37, 'credit', '৩০/১ কালার ', 14359, NULL, 518, 23.00, 11914.00, '2025-02-16 07:27:00', '2025-02-25 07:28:38'),
(295, 110, 'credit', '৩০/১ কালার ', 14360, NULL, 418, 23.00, 9614.00, '2025-02-16 07:33:00', '2025-02-25 07:35:58'),
(296, 15, 'credit', '২০/১ আকিজ ', 14361, NULL, 3609, 13.00, 46917.00, '2025-02-16 07:35:00', '2025-02-25 07:49:04'),
(297, 111, 'credit', '৩০/১ কালার ', 14361, NULL, 655, 24.00, 15720.00, '2025-02-16 07:51:00', '2025-02-25 07:52:37'),
(298, 96, 'credit', '৩০/১ কালার ', 14362, NULL, 393, 24.00, 9432.00, '2025-02-16 07:52:00', '2025-02-25 07:54:02'),
(299, 34, 'credit', '৩০/১ কালার ', 14363, NULL, 418, 23.00, 9614.00, '2025-02-16 07:54:00', '2025-02-25 07:54:50'),
(300, 112, 'credit', '৫০/১ ইউনিটেক ', 14365, NULL, 2969, 16.00, 47504.00, '2025-02-16 07:56:00', '2025-02-25 07:58:46'),
(301, 19, 'credit', '৪০/১ আকবর ', 14366, NULL, 3481, 13.00, 45253.00, '2025-02-16 07:58:00', '2025-02-25 08:02:44'),
(302, 30, 'credit', '৪০/১ আকবর ', 14367, NULL, 3471, 14.50, 50329.50, '2025-02-17 08:02:00', '2025-02-25 08:04:44'),
(303, 13, 'credit', '৪৫/১ T.C কুমিল্লা ', 14368, NULL, 3207, 24.00, 76968.00, '2025-02-17 08:04:00', '2025-02-25 08:06:07'),
(304, 23, 'credit', '২৫/১ কালার ', 14369, NULL, 520, 22.00, 11440.00, '2025-02-17 08:06:00', '2025-02-25 08:06:52'),
(305, 16, 'credit', '৩০/১ আমানত ', 14370, NULL, 2411, 17.00, 40987.00, '2025-02-17 08:06:00', '2025-02-25 08:08:04'),
(306, 22, 'credit', '৩০/১ কালার ', 14371, NULL, 1192, 23.00, 27416.00, '2025-02-17 08:08:00', '2025-02-25 08:09:01'),
(307, 20, 'credit', '৩০/১ কালার ', 14372, NULL, 712, 23.00, 16376.00, '2025-02-17 08:09:00', '2025-02-25 08:10:07'),
(308, 34, 'credit', '৩০/১ কালার ', 14373, NULL, 413, 23.00, 9499.00, '2025-02-17 08:10:00', '2025-02-25 08:11:08'),
(309, 95, 'credit', '৩০/১ কালার ', 14374, NULL, 820, 24.00, 19680.00, '2025-02-17 08:11:00', '2025-02-25 08:12:17'),
(310, 25, 'credit', '৪০/১ কালার ', 14375, NULL, 1506, 25.00, 37650.00, '2025-02-17 08:12:00', '2025-02-25 08:14:09'),
(311, 50, 'credit', '৪০/১ কালার ', 14376, NULL, 371, 24.00, 8904.00, '2025-02-17 08:14:00', '2025-02-25 08:15:20'),
(312, 89, 'credit', '৩০/১ কালার ', 14377, NULL, 700, 23.00, 16100.00, '2025-02-17 08:15:00', '2025-02-25 08:16:12'),
(313, 12, 'credit', '৩০/১ নাইচ ', 14378, NULL, 5538, 16.00, 88608.00, '2025-02-18 09:23:00', '2025-02-25 09:30:47'),
(314, 21, 'credit', '৩০/১ কালার ', 14379, NULL, 438, 23.00, 10074.00, '2025-02-18 09:30:00', '2025-02-25 09:32:14'),
(315, 22, 'credit', '৩০/১ কালার ', 14380, NULL, 411, 23.00, 9453.00, '2025-02-18 09:32:00', '2025-02-25 09:33:17'),
(316, 20, 'credit', '৩০/১ কালার ', 14381, NULL, 294, 23.00, 6762.00, '2025-02-18 09:33:00', '2025-02-25 09:35:30'),
(317, 103, 'credit', '২০/১ শিপলু ', 14383, NULL, 4539, 12.00, 54468.00, '2025-02-18 09:35:00', '2025-02-25 09:36:37'),
(318, 61, 'credit', '৪০/১ R.S ', 14384, NULL, 1378, 15.00, 20670.00, '2025-02-18 09:36:00', '2025-02-25 09:43:43'),
(319, 48, 'credit', '৫০/১ হামজা ', 14385, NULL, 4250, 15.50, 65875.00, '2025-02-18 09:43:00', '2025-02-25 09:47:24'),
(320, 19, 'credit', '৪০/১ আকবর ', 14387, NULL, 3572, 13.00, 46436.00, '2025-02-19 09:47:00', '2025-02-25 09:49:08'),
(321, 38, 'credit', '৫০/১ জালাল ', 14388, NULL, 1131, 17.00, 19227.00, '2025-02-19 09:52:00', '2025-02-25 09:54:36'),
(322, 31, 'credit', '৪০/১ তাফরিদ ', 14389, NULL, 2598, 15.00, 38970.00, '2025-02-19 09:54:00', '2025-02-25 09:56:08'),
(323, 32, 'credit', '৪০/১ পাকিজা ', 14390, NULL, 4150, 14.00, 58100.00, '2025-02-19 09:56:00', '2025-02-25 09:57:34'),
(324, 21, 'credit', '৩০/১ কালার ', 14391, NULL, 484, 23.00, 11132.00, '2025-02-19 09:57:00', '2025-02-25 10:04:56'),
(325, 92, 'credit', '৩০/১ কালার ', 14392, NULL, 380, 23.00, 8740.00, '2025-02-19 10:04:00', '2025-02-25 10:06:14'),
(326, 25, 'credit', '৪০/১ কালার ', 14393, NULL, 759, 25.00, 18975.00, '2025-02-19 10:06:00', '2025-02-25 10:07:33'),
(327, 36, 'credit', '৩০/১ কালার ', 14394, NULL, 705, 23.00, 16215.00, '2025-02-19 10:07:00', '2025-02-25 10:08:45'),
(328, 97, 'credit', '৪০/১ কালার ', 14395, NULL, 622, 23.00, 14306.00, '2025-02-19 10:08:00', '2025-02-25 10:09:44'),
(329, 20, 'credit', '৩০/১ কালার ', 14396, NULL, 606, 23.00, 13938.00, '2025-02-20 10:09:00', '2025-02-25 10:11:35'),
(330, 21, 'credit', '৩০/১ কালার ', 14397, NULL, 390, 23.00, 8970.00, '2025-02-20 10:11:00', '2025-02-25 10:12:36'),
(331, 113, 'credit', '৩০/১ কালার ', 14398, NULL, 291, 24.00, 6984.00, '2025-02-20 10:14:00', '2025-02-25 10:18:03'),
(332, 18, 'credit', '২০/১ শিপলু ', 14399, NULL, 5027, 11.50, 57810.50, '2025-02-20 10:18:00', '2025-02-25 10:19:00'),
(333, 11, 'credit', '45/1 T.C NAHID ', 14400, NULL, 3427, 24.00, 82248.00, '2025-02-20 10:19:00', '2025-02-25 10:19:54'),
(334, 23, 'credit', '২৫/১ কালার ', 14401, NULL, 1001, 22.00, 22022.00, '2025-02-20 10:19:00', '2025-02-25 10:21:04'),
(335, 26, 'credit', '45/1 T.C SA', 14402, NULL, 1899, 22.00, 41778.00, '2025-02-20 10:21:00', '2025-02-25 10:22:17'),
(336, 15, 'credit', '২০/১ আকিজ ', 14403, NULL, 2406, 13.00, 31278.00, '2025-02-20 10:25:00', '2025-02-25 10:27:17'),
(337, 111, 'credit', '৪০/১ কালার ', 14404, NULL, 224, 25.00, 5600.00, '2025-02-20 10:27:00', '2025-02-25 10:28:37'),
(338, 92, 'credit', '৩০/১ কালার ', 14405, NULL, 384, 22.00, 8448.00, '2025-02-20 10:28:00', '2025-02-25 10:30:01'),
(339, 92, 'credit', '৩০/১ কালার ', 14406, NULL, 768, 22.00, 16896.00, '2025-02-22 10:30:00', '2025-02-25 10:31:22'),
(340, 25, 'credit', '৪০/১ কালার ', 14407, NULL, 379, 25.00, 9475.00, '2025-02-22 10:31:00', '2025-02-25 10:32:26'),
(341, 50, 'credit', '৪০/১ কালার ', 14408, NULL, 713, 24.00, 17112.00, '2025-02-22 10:32:00', '2025-02-25 10:34:22'),
(342, 94, 'credit', '৪০/১ টেকনো ', 14410, NULL, 1532, 15.00, 22980.00, '2025-02-22 10:34:00', '2025-02-25 10:36:59'),
(343, 106, 'credit', '৪০/১ কালার ', 14411, NULL, 584, 24.00, 14016.00, '2025-02-22 10:36:00', '2025-02-25 10:39:30'),
(344, 12, 'credit', '৩০/১ ইসমাইল ', 14412, NULL, 5538, 16.00, 88608.00, '2025-02-22 10:39:00', '2025-02-25 10:43:32'),
(345, 21, 'credit', '৩০/১ কালার ', 14413, NULL, 1117, 23.00, 25691.00, '2025-02-22 10:43:00', '2025-02-25 10:44:30'),
(346, 34, 'credit', '৩০/১ কালার ', 14414, NULL, 414, 23.00, 9522.00, '2025-02-22 10:44:00', '2025-02-25 10:46:50'),
(347, 100, 'credit', '৩০/১ কালার ', 14415, NULL, 421, 24.00, 10104.00, '2025-02-22 10:46:00', '2025-02-25 10:47:43'),
(348, 101, 'credit', '৩০/১ কালার ', 14416, NULL, 314, 24.00, 7536.00, '2025-02-22 10:47:00', '2025-02-25 10:48:46'),
(349, 107, 'credit', '45/1 T.C ফুয়াদ ', 14417, NULL, 1780, 22.00, 39160.00, '2025-02-23 10:48:00', '2025-02-25 10:50:22'),
(350, 110, 'credit', '৩০/১ কালার ', 14418, NULL, 318, 23.00, 7314.00, '2025-02-23 10:50:00', '2025-02-25 10:51:18'),
(351, 21, 'credit', '৩০/১ কালার ', 14419, NULL, 448, 23.00, 10304.00, '2025-02-23 10:51:00', '2025-02-25 10:52:10'),
(352, 25, 'credit', '৪০/১ কালার ', 14420, NULL, 382, 25.00, 9550.00, '2025-02-23 10:52:00', '2025-02-25 10:53:02'),
(353, 20, 'credit', '৪০/১ কালার ', 14421, NULL, 674, 24.00, 16176.00, '2025-02-23 10:53:00', '2025-02-25 10:54:43'),
(354, 22, 'credit', '৩০/১ কালার ', 14422, NULL, 371, 23.00, 8533.00, '2025-02-23 10:54:00', '2025-02-25 10:56:01'),
(355, 63, 'credit', '৩০/১ কালার ', 14423, NULL, 371, 23.00, 8533.00, '2025-02-23 10:56:00', '2025-02-25 10:56:49'),
(356, 89, 'credit', '৩০/১ কালার ', 14424, NULL, 354, 23.00, 8142.00, '2025-02-23 10:56:00', '2025-02-25 10:58:06'),
(357, 19, 'credit', '৪০/১ আকবর ', 14425, NULL, 3481, 13.00, 45253.00, '2025-02-23 10:58:00', '2025-02-25 10:59:36'),
(358, 30, 'credit', '৪০/১ আকবর ', 14426, NULL, 2609, 14.50, 37830.50, '2025-02-23 10:59:00', '2025-02-25 11:00:53'),
(359, 35, 'credit', '৪০/১ শিবলু ', 14434, NULL, 1888, 15.00, 28320.00, '2025-02-24 11:00:00', '2025-02-25 11:02:02'),
(360, 13, 'credit', '45/1 T.C কুমিল্লা ', 14435, NULL, 3207, 24.00, 76968.00, '2025-02-24 11:02:00', '2025-02-25 11:08:09'),
(361, 92, 'credit', '৩০/১ কালার ', 14427, NULL, 387, 23.00, 8901.00, '2025-02-24 11:08:00', '2025-02-25 11:09:59'),
(362, 37, 'credit', '৩০/১ কালার ', 14428, NULL, 665, 23.00, 15295.00, '2025-02-24 11:10:00', '2025-02-25 11:12:12'),
(363, 89, 'credit', '৩০/১ কালার ', 14429, NULL, 347, 23.00, 7981.00, '2025-02-24 11:12:00', '2025-02-25 11:15:54'),
(364, 25, 'credit', '৪০/১ কালার ', 14430, NULL, 755, 25.00, 18875.00, '2025-02-24 11:15:00', '2025-02-25 11:19:19'),
(365, 23, 'credit', '২৫/১ কালার ', 14432, NULL, 259, 22.00, 5698.00, '2025-02-24 11:19:00', '2025-02-25 11:20:14'),
(366, 100, 'credit', '৩০/১ কালার ', 14432, NULL, 768, 24.00, 18432.00, '2025-02-24 11:20:00', '2025-02-25 11:21:13'),
(367, 34, 'credit', '৩০/১ কালার ', 14432, NULL, 829, 23.00, 19067.00, '2025-02-24 11:21:00', '2025-02-25 11:22:07'),
(368, 89, 'debit', 'নগদ জমা ', NULL, NULL, NULL, NULL, 15000.00, '2025-02-01 11:29:00', '2025-02-25 11:31:56'),
(369, 92, 'debit', 'নগদ জমা ', NULL, NULL, NULL, NULL, 25300.00, '2025-02-01 11:33:00', '2025-02-25 11:34:11'),
(370, 88, 'debit', 'নগদ জমা ', NULL, NULL, NULL, NULL, 10000.00, '2025-02-01 11:34:00', '2025-02-25 11:35:38'),
(371, 38, 'debit', 'নগদ জমা ', NULL, NULL, NULL, NULL, 15000.00, '2025-02-01 11:35:00', '2025-02-25 11:36:33'),
(372, 31, 'debit', 'নগদ জমা ', NULL, NULL, NULL, NULL, 40000.00, '2025-02-02 11:36:00', '2025-02-25 11:37:19'),
(373, 24, 'debit', 'নগদ জমা ', NULL, NULL, NULL, NULL, 50000.00, '2025-02-02 11:37:00', '2025-02-25 11:47:33'),
(374, 95, 'debit', 'নগদ জমা ', NULL, NULL, NULL, NULL, 13000.00, '2025-02-03 11:47:00', '2025-02-26 04:37:23'),
(375, 90, 'debit', 'নগদ জমা ', NULL, NULL, NULL, NULL, 10000.00, '2025-02-03 11:49:00', '2025-02-26 04:37:34'),
(376, 98, 'debit', 'নগদ জমা ', NULL, NULL, NULL, NULL, 20000.00, '2025-02-04 04:38:00', '2025-02-26 04:53:08'),
(377, 58, 'debit', 'নগদ জমা ', NULL, NULL, NULL, NULL, 20000.00, '2025-02-04 05:02:00', '2025-02-26 05:03:32'),
(378, 11, 'debit', 'নগদ জমা ', NULL, NULL, NULL, NULL, 200000.00, '2025-02-04 05:03:00', '2025-02-26 05:04:35'),
(379, 12, 'debit', 'নগদ জমা ', NULL, NULL, NULL, NULL, 400000.00, '2025-02-04 05:04:00', '2025-02-26 05:05:24'),
(380, 41, 'debit', 'নগদ জমা ', NULL, NULL, NULL, NULL, 80000.00, '2025-02-04 05:05:00', '2025-02-26 05:06:05'),
(381, 34, 'debit', 'নগদ জমা ', NULL, NULL, NULL, NULL, 35000.00, '2025-02-04 05:06:00', '2025-02-26 05:06:56'),
(382, 91, 'debit', 'নগদ জমা ', NULL, NULL, NULL, NULL, 28000.00, '2025-02-04 05:06:00', '2025-02-26 05:07:54'),
(383, 61, 'debit', 'নগদ জমা ', NULL, NULL, NULL, NULL, 26500.00, '2025-02-04 05:07:00', '2025-02-26 05:08:47'),
(384, 48, 'debit', 'নগদ জমা ', NULL, NULL, NULL, NULL, 63700.00, '2025-02-05 05:09:00', '2025-02-26 05:11:34'),
(385, 30, 'debit', 'নগদ জমা ', NULL, NULL, NULL, NULL, 50000.00, '2025-02-05 05:11:00', '2025-02-26 05:13:20'),
(386, 98, 'debit', 'নগদ জমা ', NULL, NULL, NULL, NULL, 7200.00, '2025-02-05 05:13:00', '2025-02-26 05:26:53'),
(387, 102, 'debit', 'নগদ জমা ', NULL, NULL, NULL, NULL, 6500.00, '2025-02-05 05:26:00', '2025-02-26 05:27:33'),
(388, 20, 'debit', 'নগদ জমা ', NULL, NULL, NULL, NULL, 100000.00, '2025-02-06 05:27:00', '2025-02-26 05:28:57'),
(389, 25, 'debit', 'নগদ জমা ', NULL, NULL, NULL, NULL, 100000.00, '2025-02-06 05:28:00', '2025-02-26 05:29:45'),
(390, 37, 'debit', 'নগদ জমা ', NULL, NULL, NULL, NULL, 60000.00, '2025-02-06 05:29:00', '2025-02-26 05:30:33'),
(391, 23, 'debit', 'নগদ জমা ', NULL, NULL, NULL, NULL, 40000.00, '2025-02-06 05:30:00', '2025-02-26 05:31:09'),
(392, 94, 'debit', 'নগদ জমা ', NULL, NULL, NULL, NULL, 40000.00, '2025-02-06 05:31:00', '2025-02-26 05:32:06'),
(393, 13, 'debit', 'নগদ জমা ', NULL, NULL, NULL, NULL, 350000.00, '2025-02-06 05:32:00', '2025-02-26 05:32:48'),
(394, 16, 'debit', 'নগদ জমা ', NULL, NULL, NULL, NULL, 300000.00, '2025-02-06 05:32:00', '2025-02-26 05:33:27'),
(395, 19, 'debit', 'নগদ জমা ', NULL, NULL, NULL, NULL, 90000.00, '2025-02-06 05:33:00', '2025-02-26 05:34:09'),
(396, 58, 'debit', 'নগদ জমা ', NULL, NULL, NULL, NULL, 9400.00, '2025-02-06 05:34:00', '2025-02-26 05:35:03'),
(397, 69, 'debit', 'নগদ জমা ', NULL, NULL, NULL, NULL, 40000.00, '2025-02-06 05:35:00', '2025-02-26 05:36:01'),
(398, 38, 'debit', 'নগদ জমা ', NULL, NULL, NULL, NULL, 20000.00, '2025-02-06 05:36:00', '2025-02-26 05:37:27'),
(399, 21, 'debit', 'নগদ জমা ', NULL, NULL, NULL, NULL, 100000.00, '2025-02-06 05:37:00', '2025-02-26 05:38:03'),
(400, 88, 'debit', 'নগদ জমা ', NULL, NULL, NULL, NULL, 10000.00, '2025-02-06 05:38:00', '2025-02-26 05:38:37'),
(401, 27, 'debit', 'নগদ জমা ', NULL, NULL, NULL, NULL, 50000.00, '2025-02-06 05:38:00', '2025-02-26 05:39:09'),
(402, 35, 'debit', 'নগদ জমা ', NULL, NULL, NULL, NULL, 20000.00, '2025-02-06 05:39:00', '2025-02-26 05:39:51'),
(403, 96, 'debit', 'নগদ জমা ', NULL, NULL, NULL, NULL, 18000.00, '2025-02-07 05:39:00', '2025-02-26 05:43:08'),
(404, 90, 'debit', 'নগদ জমা ', NULL, NULL, NULL, NULL, 14500.00, '2025-02-07 05:43:00', '2025-02-26 05:43:52'),
(405, 101, 'debit', 'নগদ জমা ', NULL, NULL, NULL, NULL, 9000.00, '2025-02-07 05:43:00', '2025-02-26 05:45:45'),
(406, 50, 'debit', 'নগদ জমা ', NULL, NULL, NULL, NULL, 8800.00, '2025-02-07 05:45:00', '2025-02-26 05:46:30'),
(407, 95, 'debit', 'নগদ জমা ', NULL, NULL, NULL, NULL, 14500.00, '2025-02-08 05:46:00', '2025-02-26 05:48:19'),
(408, 99, 'debit', 'নগদ জমা', NULL, NULL, NULL, NULL, 7900.00, '2025-02-08 05:48:00', '2025-02-26 05:48:53'),
(409, 18, 'debit', 'নগদ জমা ', NULL, NULL, NULL, NULL, 100000.00, '2025-02-09 05:48:00', '2025-02-26 05:49:45'),
(410, 90, 'debit', 'নগদ জমা ', NULL, NULL, NULL, NULL, 15000.00, '2025-02-09 05:49:00', '2025-02-26 05:50:41'),
(411, 89, 'debit', 'নগদ জমা ', NULL, NULL, NULL, NULL, 19500.00, '2025-02-10 05:50:00', '2025-02-26 05:51:22'),
(412, 88, 'debit', 'নগদ জমা ', NULL, NULL, NULL, NULL, 10000.00, '2025-02-10 05:51:00', '2025-02-26 05:52:04'),
(413, 15, 'debit', 'নগদ জমা ', NULL, NULL, NULL, NULL, 215000.00, '2025-02-11 05:52:00', '2025-02-26 05:52:59'),
(414, 26, 'debit', 'নগদ জমা ', NULL, NULL, NULL, NULL, 50000.00, '2025-02-11 05:52:00', '2025-02-26 05:53:38'),
(415, 34, 'debit', 'নগদ জমা ', NULL, NULL, NULL, NULL, 30000.00, '2025-02-11 05:53:00', '2025-02-26 05:54:08'),
(416, 38, 'debit', 'নগদ জমা ', NULL, NULL, NULL, NULL, 20000.00, '2025-02-11 05:54:00', '2025-02-26 05:54:46'),
(417, 100, 'debit', 'নগদ জমা ', NULL, NULL, NULL, NULL, 15000.00, '2025-02-11 05:59:00', '2025-02-26 06:00:45'),
(418, 37, 'debit', 'নগদ জমা ', NULL, NULL, NULL, NULL, 50000.00, '2025-02-12 06:00:00', '2025-02-26 06:02:12'),
(419, 23, 'debit', 'নগদ জমা ', NULL, NULL, NULL, NULL, 50000.00, '2025-02-12 06:02:00', '2025-02-26 06:02:44'),
(420, 106, 'debit', 'নগদ জমা ', NULL, NULL, NULL, NULL, 50000.00, '2025-02-12 06:02:00', '2025-02-26 06:03:34'),
(421, 30, 'debit', 'নগদ জমা ', NULL, NULL, NULL, NULL, 40000.00, '2025-02-12 06:03:00', '2025-02-26 06:04:08'),
(422, 104, 'debit', 'নগদ জমা ', NULL, NULL, NULL, NULL, 36000.00, '2025-02-12 06:04:00', '2025-02-26 06:04:45'),
(423, 31, 'debit', 'নগদ জমা ', NULL, NULL, NULL, NULL, 32000.00, '2025-02-12 06:04:00', '2025-02-26 06:05:54'),
(424, 36, 'debit', 'নগদ জমা ', NULL, NULL, NULL, NULL, 30000.00, '2025-02-12 06:05:00', '2025-02-26 06:06:32'),
(425, 105, 'debit', 'নগদ জমা ', NULL, NULL, NULL, NULL, 8700.00, '2025-02-12 06:06:00', '2025-02-26 06:07:09'),
(426, 17, 'debit', 'নগদ জমা ', NULL, NULL, NULL, NULL, 100000.00, '2025-02-13 06:07:00', '2025-02-26 06:19:19'),
(427, 20, 'debit', 'নগদ জমা ', NULL, NULL, NULL, NULL, 100000.00, '2025-02-13 06:19:00', '2025-02-26 06:20:13'),
(428, 19, 'debit', 'নগদ জমা ', NULL, NULL, NULL, NULL, 90000.00, '2025-02-13 06:20:00', '2025-02-26 06:20:47'),
(429, 92, 'debit', 'নগদ জমা ', NULL, NULL, NULL, NULL, 50000.00, '2025-02-13 06:20:00', '2025-02-26 06:21:19'),
(430, 97, 'debit', 'নগদ জমা ', NULL, NULL, NULL, NULL, 42500.00, '2025-02-14 06:21:00', '2025-02-26 06:22:09'),
(431, 109, 'debit', 'নগদ জমা ', NULL, NULL, NULL, NULL, 10000.00, '2025-02-14 06:22:00', '2025-02-26 06:22:34'),
(432, 99, 'debit', 'নগদ জমা ', NULL, NULL, NULL, NULL, 15000.00, '2025-02-15 06:22:00', '2025-02-26 06:23:18'),
(433, 39, 'debit', 'নগদ জমা ', NULL, NULL, NULL, NULL, 32000.00, '2025-02-16 06:23:00', '2025-02-26 06:23:49'),
(435, 110, 'debit', 'নগদ জমা ', NULL, NULL, NULL, NULL, 9000.00, '2025-02-16 06:24:00', '2025-02-26 06:24:47'),
(436, 112, 'debit', 'নগদ জমা ', NULL, NULL, NULL, NULL, 47500.00, '2025-02-16 06:24:00', '2025-02-26 06:25:14'),
(437, 96, 'debit', 'নগদ জমা ', NULL, NULL, NULL, NULL, 9000.00, '2025-02-16 06:25:00', '2025-02-26 06:26:03'),
(438, 95, 'debit', 'নগদ জমা ', NULL, NULL, NULL, NULL, 18000.00, '2025-02-17 13:04:00', '2025-02-26 13:06:11'),
(439, 111, 'debit', 'নগদ জমা ', NULL, NULL, NULL, NULL, 15700.00, '2025-02-17 13:06:00', '2025-02-26 13:07:27'),
(440, 35, 'debit', 'নগদ জমা ', NULL, NULL, NULL, NULL, 15000.00, '2025-02-17 13:07:00', '2025-02-26 13:08:18'),
(441, 89, 'debit', 'নগদ জমা ', NULL, NULL, NULL, NULL, 15000.00, '2025-02-17 13:08:00', '2025-02-26 13:09:04'),
(442, 34, 'debit', 'নগদ জমা ', NULL, NULL, NULL, NULL, 30000.00, '2025-02-18 13:09:00', '2025-02-26 13:10:20'),
(443, 103, 'debit', 'নগদ জমা ', NULL, NULL, NULL, NULL, 40000.00, '2025-02-19 13:10:00', '2025-02-26 13:11:01'),
(444, 21, 'debit', 'নগদ জমা ', NULL, NULL, NULL, NULL, 100000.00, '2025-02-20 13:11:00', '2025-02-26 13:11:31'),
(445, 38, 'debit', 'নগদ জমা ', NULL, NULL, NULL, NULL, 20000.00, '2025-02-20 13:11:00', '2025-02-26 13:12:05'),
(446, 113, 'debit', 'নগদ জমা ', NULL, NULL, NULL, NULL, 7000.00, '2025-02-20 13:12:00', '2025-02-26 13:12:46'),
(447, 24, 'debit', 'নগদ জমা ', NULL, NULL, NULL, NULL, 50000.00, '2025-02-20 13:12:00', '2025-02-26 13:13:20'),
(448, 25, 'debit', 'নগদ জমা ', NULL, NULL, NULL, NULL, 50000.00, '2025-02-20 13:13:00', '2025-02-26 13:13:53'),
(449, 26, 'debit', 'নগদ জমা ', NULL, NULL, NULL, NULL, 50000.00, '2025-02-20 13:13:00', '2025-02-26 13:14:26'),
(450, 19, 'debit', 'নগদ জমা ', NULL, NULL, NULL, NULL, 45000.00, '2025-02-20 13:14:00', '2025-02-26 13:14:55'),
(451, 107, 'debit', 'নগদ জমা ', NULL, NULL, NULL, NULL, 40000.00, '2025-02-20 13:14:00', '2025-02-26 13:15:31'),
(452, 110, 'debit', 'নগদ জমা ', NULL, NULL, NULL, NULL, 6000.00, '2025-02-22 13:15:00', '2025-02-26 13:16:21'),
(453, 18, 'debit', 'নগদ জমা ', NULL, NULL, NULL, NULL, 100000.00, '2025-02-23 13:16:00', '2025-02-26 13:16:54'),
(454, 31, 'debit', 'নগদ জমা ', NULL, NULL, NULL, NULL, 70000.00, '2025-02-23 13:16:00', '2025-02-26 13:17:26'),
(455, 48, 'debit', 'নগদ জমা ', NULL, NULL, NULL, NULL, 63700.00, '2025-02-23 13:17:00', '2025-02-26 13:17:52'),
(456, 92, 'debit', 'নগদ জমা ', NULL, NULL, NULL, NULL, 33500.00, '2025-02-23 13:17:00', '2025-02-26 13:18:21'),
(457, 50, 'debit', 'নগদ জমা ', NULL, NULL, NULL, NULL, 26000.00, '2025-02-23 13:18:00', '2025-02-26 13:18:52'),
(458, 100, 'debit', 'নগদ জমা ', NULL, NULL, NULL, NULL, 10000.00, '2025-02-23 13:18:00', '2025-02-26 13:19:22'),
(459, 22, 'debit', 'নগদ জমা ', NULL, NULL, NULL, NULL, 225000.00, '2025-02-24 13:19:00', '2025-02-26 13:20:00'),
(460, 20, 'debit', 'নগদ জমা ', NULL, NULL, NULL, NULL, 100000.00, '2025-02-24 13:20:00', '2025-02-26 13:21:36'),
(461, 89, 'debit', 'নগদ জমা ', NULL, NULL, NULL, NULL, 30000.00, '2025-02-24 13:21:00', '2025-02-26 13:22:13'),
(462, 36, 'debit', 'নগদ জমা ', NULL, NULL, NULL, NULL, 20000.00, '2025-02-24 13:22:00', '2025-02-26 13:23:08'),
(463, 34, 'debit', 'নগদ জমা ', NULL, NULL, NULL, NULL, 25000.00, '2025-02-25 13:23:00', '2025-02-26 13:23:41'),
(464, 100, 'debit', 'নগদ জমা ', NULL, NULL, NULL, NULL, 20000.00, '2025-02-25 13:23:00', '2025-02-26 13:24:12'),
(465, 92, 'debit', 'নগদ জমা ', NULL, NULL, NULL, NULL, 8500.00, '2025-02-25 13:24:00', '2025-02-26 13:24:52'),
(466, 37, 'debit', 'নগদ জমা ', NULL, NULL, NULL, NULL, 50000.00, '2025-02-26 13:24:00', '2025-02-26 13:25:25'),
(467, 20, 'credit', '২০/১ গ্রে কটন ', 14433, NULL, 2466, 12.00, 29592.00, '2025-02-25 07:25:00', '2025-02-27 07:50:41'),
(468, 21, 'credit', '৩০/১ কালার ', 14434, NULL, 448, 23.00, 10304.00, '2025-02-25 07:50:00', '2025-02-27 07:51:37'),
(469, 88, 'credit', '৩০/১ কালার ', 14435, NULL, 410, 24.00, 9840.00, '2025-02-25 07:51:00', '2025-02-27 07:52:58'),
(470, 100, 'credit', '৩০/১ কালার ', 14437, NULL, 355, 24.00, 8520.00, '2025-02-25 07:52:00', '2025-02-27 07:53:39'),
(471, 26, 'credit', '45/1 T.C SA ', 14436, NULL, 1899, 22.00, 41778.00, '2025-02-25 07:53:00', '2025-02-27 07:55:37'),
(472, 89, 'credit', '৩০/১ কালার ', 14437, NULL, 362, 23.00, 8326.00, '2025-02-25 07:55:00', '2025-02-27 07:57:48'),
(473, 23, 'credit', '২৫/১ কালার ', 14438, NULL, 519, 22.00, 11418.00, '2025-02-25 07:57:00', '2025-02-27 07:58:29'),
(474, 50, 'credit', '৪০/১ কালার ', 14447, NULL, 375, 24.00, 9000.00, '2025-02-26 07:58:00', '2025-02-27 08:00:03'),
(475, 25, 'credit', '৪০/১ কালার ', 14448, NULL, 755, 25.00, 18875.00, '2025-02-26 08:00:00', '2025-02-27 08:02:22'),
(476, 89, 'credit', '৩০/১ কালার ', 14449, NULL, 709, 23.00, 16307.00, '2025-02-26 08:02:00', '2025-02-27 08:02:56'),
(477, 19, 'credit', '৪০/১ আকবর ', 14450, NULL, 3481, 13.00, 45253.00, '2025-02-26 08:02:00', '2025-02-27 08:03:38'),
(478, 114, 'credit', '45/1 T.C K', 14451, NULL, 580, 30.00, 17400.00, '2025-02-26 08:15:00', '2025-02-27 08:17:02'),
(479, 98, 'credit', '৪০/১ কালার ', 14443, NULL, 1256, 25.00, 31400.00, '2025-02-26 08:17:00', '2025-02-27 08:19:01'),
(480, 32, 'credit', '৬০/১ R.মাদার ', 14444, NULL, 2482, 20.00, 49640.00, '2025-02-26 08:19:00', '2025-02-27 08:22:18'),
(481, 34, 'credit', '৩০/১ কালার ', 14445, NULL, 413, 23.00, 9499.00, '2025-02-26 08:24:00', '2025-02-27 08:26:20'),
(482, 22, 'credit', '৩০/১ কালার ', 14446, NULL, 371, 23.00, 8533.00, '2025-02-26 08:26:00', '2025-02-27 08:27:22'),
(483, 26, 'debit', 'নগদ জমা ', NULL, NULL, NULL, NULL, 50000.00, '2025-02-26 08:35:00', '2025-02-27 08:36:27'),
(484, 30, 'debit', 'নগদ জমা ', NULL, NULL, NULL, NULL, 50000.00, '2025-02-26 08:36:00', '2025-02-27 08:37:01'),
(485, 111, 'debit', 'নগদ জমা ', NULL, NULL, NULL, NULL, 5600.00, '2025-02-26 08:37:00', '2025-02-27 08:37:35'),
(490, 16, 'credit', '৩০/১ আকবর ', NULL, '14452', 5019, 17.00, 85323.00, '2025-02-27 11:24:00', '2025-03-17 10:38:09'),
(491, 14, 'credit', '৩০/১ ইসমাইল ', NULL, '14453', 2672, 17.00, 45424.00, '2025-02-27 11:29:00', '2025-03-01 11:31:05'),
(492, 88, 'credit', '৩০/১ কালার ', NULL, '14454', 414, 24.00, 9936.00, '2025-02-27 11:31:00', '2025-03-01 11:38:07'),
(493, 23, 'credit', '২৫/১ কালার ', NULL, '14455', 406, 22.00, 8932.00, '2025-02-27 11:38:00', '2025-03-01 11:39:07'),
(494, 22, 'credit', '৩০/১ কালার ', NULL, '14456', 403, 23.00, 9269.00, '2025-02-27 11:39:00', '2025-03-01 11:40:54'),
(495, 37, 'credit', '৩০/১ কালার ', NULL, '14457', 516, 23.00, 11868.00, '2025-02-27 11:40:00', '2025-03-01 11:42:55'),
(496, 13, 'credit', '৪৫/১ T.C রোকারা ', NULL, '14458', 2843, 24.00, 68232.00, '2025-02-27 11:42:00', '2025-03-01 11:52:47'),
(497, 50, 'credit', '৪০/১ কালার ', NULL, '14459', 742, 24.00, 17808.00, '2025-02-27 11:52:00', '2025-03-01 11:53:49'),
(498, 17, 'credit', '২০/১ মিন ', NULL, '14466', 3185, 12.00, 38220.00, '2025-02-28 06:48:00', '2025-03-02 06:51:18'),
(499, 31, 'credit', '৪০/১ S.S.F ', NULL, '14467', 2802, 15.00, 42030.00, '2025-02-28 06:51:00', '2025-03-02 06:52:21'),
(500, 32, 'credit', '৪০/১ (V) পাকিজা ', NULL, '14460', 4150, 14.00, 58100.00, '2025-02-28 06:52:00', '2025-03-02 06:54:29'),
(501, 110, 'credit', '৩০/১ কালার ', NULL, '14461', 466, 23.00, 10718.00, '2025-02-28 06:54:00', '2025-03-02 06:55:31'),
(502, 22, 'credit', '৩০/১ কালার ', NULL, '14462', 371, 23.00, 8533.00, '2025-02-28 06:55:00', '2025-03-02 06:57:07'),
(503, 23, 'credit', '২৫/১ কালার ', NULL, '14463', 401, 22.00, 8822.00, '2025-02-28 06:57:00', '2025-03-02 06:58:07'),
(504, 21, 'credit', '৩০/১ কালার ', NULL, '14464', 367, 23.00, 8441.00, '2025-02-28 06:58:00', '2025-03-02 06:59:12'),
(505, 16, 'credit', '৪০/১ নাহিদ ', NULL, '14465', 2711, 20.00, 54220.00, '2025-02-28 07:04:00', '2025-03-02 07:05:00'),
(506, 17, 'debit', 'নগদ জমা ', NULL, NULL, NULL, NULL, 50000.00, '2025-02-27 05:56:00', '2025-03-03 05:57:22'),
(507, 25, 'debit', 'নগদ জমা ', NULL, NULL, NULL, NULL, 50000.00, '2025-02-27 05:57:00', '2025-03-03 05:58:03'),
(508, 27, 'debit', 'নগদ জমা ', NULL, NULL, NULL, NULL, 50000.00, '2025-02-27 05:58:00', '2025-03-03 05:59:54'),
(509, 23, 'debit', 'নগদ জমা ', NULL, NULL, NULL, NULL, 40000.00, '2025-02-27 05:59:00', '2025-03-03 06:00:34'),
(510, 98, 'debit', 'নগদ জমা ', NULL, NULL, NULL, NULL, 31400.00, '2025-02-27 06:00:00', '2025-03-03 06:01:30'),
(511, 94, 'debit', 'নগদ জমা ', NULL, NULL, NULL, NULL, 20000.00, '2025-02-27 06:01:00', '2025-03-03 06:06:15'),
(512, 114, 'debit', 'নগদ জমা ', NULL, NULL, NULL, NULL, 17000.00, '2025-02-27 06:06:00', '2025-03-03 06:06:51'),
(513, 24, 'debit', 'নগদ জমা ', NULL, NULL, NULL, NULL, 50000.00, '2025-02-27 06:06:00', '2025-03-03 06:07:31'),
(514, 107, 'debit', 'নগদ জমা ', NULL, NULL, NULL, NULL, 40000.00, '2025-02-27 06:07:00', '2025-03-03 06:08:47'),
(515, 19, 'debit', 'নগদ জমা ', NULL, NULL, NULL, NULL, 90000.00, '2025-02-28 06:08:00', '2025-03-03 06:09:21'),
(516, 88, 'debit', 'নগদ জমা ', NULL, NULL, NULL, NULL, 20500.00, '2025-02-28 06:09:00', '2025-03-03 06:09:58'),
(517, 97, 'debit', 'নগদ জমা ', NULL, NULL, NULL, NULL, 14500.00, '2025-02-28 06:09:00', '2025-03-03 06:10:35'),
(518, 100, 'debit', 'নগদ জমা ', NULL, NULL, NULL, NULL, 8500.00, '2025-02-28 06:10:00', '2025-03-03 06:11:09'),
(519, 93, 'debit', 'নগদ জমা ', NULL, NULL, NULL, NULL, 5000.00, '2025-02-28 06:11:00', '2025-05-06 01:00:28'),
(520, 20, 'credit', '৩০/১ কালার ', NULL, '14475', 501, 23.00, 11523.00, '2025-03-01 06:16:00', '2025-03-03 06:17:24'),
(521, 20, 'credit', '৪০/১ কালার ', NULL, '14476', 369, 24.00, 8856.00, '2025-03-01 06:17:00', '2025-03-03 06:18:16');
INSERT INTO `sizing_ledger_entries` (`id`, `client_id`, `type`, `details`, `bim_number`, `bill_number`, `quantities`, `rate`, `total`, `created_at`, `updated_at`) VALUES
(522, 37, 'credit', '৩০/১ কালার ', NULL, '1388', 518, 23.00, 11914.00, '2025-03-01 06:18:00', '2025-03-03 06:19:40'),
(523, 101, 'credit', '৩০/১ কালার ', NULL, '14478', 321, 24.00, 7704.00, '2025-03-01 06:19:00', '2025-03-03 06:20:41'),
(524, 89, 'credit', '৩০/১ কালার ', NULL, '14479', 349, 23.00, 8027.00, '2025-03-01 06:20:00', '2025-03-03 06:21:39'),
(525, 98, 'credit', '৪০/১ কালার ', NULL, '14480', 1251, 25.00, 31275.00, '2025-03-01 06:21:00', '2025-03-03 06:23:05'),
(526, 15, 'credit', '২০/১ আকিজ ', NULL, '14481', 3609, 13.00, 46917.00, '2025-03-01 06:23:00', '2025-03-03 06:24:02'),
(527, 36, 'credit', '৩০/১ কালার ', NULL, '14468', 661, 23.00, 15203.00, '2025-03-01 06:24:00', '2025-03-03 06:45:41'),
(528, 93, 'credit', '৩০/১ কালার ', NULL, '14469', 305, 24.00, 7320.00, '2025-03-01 06:49:00', '2025-03-03 06:50:11'),
(529, 109, 'credit', '৩০/১ কালার ', NULL, '14470', 365, 24.00, 8760.00, '2025-03-01 08:52:00', '2025-03-03 09:17:54'),
(530, 23, 'credit', '২৫/১ কালার ', NULL, '14471', 288, 22.00, 6336.00, '2025-03-01 08:54:00', '2025-03-03 09:17:39'),
(531, 116, 'credit', '৪০/১ কালার ', NULL, '14472', 396, 25.00, 9900.00, '2025-03-01 09:16:00', '2025-03-03 09:17:13'),
(532, 97, 'credit', '৩০/১ কালার ', NULL, '14473', 326, 23.00, 7498.00, '2025-03-01 09:19:00', '2025-03-03 09:20:30'),
(533, 107, 'credit', '৪৫/১ T.C ফুয়াদ ', NULL, '14474', 1376, 22.00, 30272.00, '2025-03-01 09:20:00', '2025-03-03 09:22:01'),
(534, 30, 'credit', '৫০/১ ইউ টেক্স ', NULL, '14487', 1930, 16.00, 30880.00, '2025-03-02 09:22:00', '2025-03-03 09:23:57'),
(535, 13, 'credit', '৪৫/১ T.C কুমিল্লা ', NULL, '14488', 3207, 24.00, 76968.00, '2025-03-02 09:23:00', '2025-03-03 09:25:55'),
(536, 88, 'credit', '৩০/১ কালার ', NULL, '14482', 825, 24.00, 19800.00, '2025-03-02 09:25:00', '2025-03-03 09:33:51'),
(537, 37, 'credit', '৩০/১ কালার ', NULL, '14483', 1035, 23.00, 23805.00, '2025-03-02 09:33:00', '2025-03-03 09:34:48'),
(538, 12, 'credit', '৩০/১ K.S.M ', NULL, '14484', 5538, 16.00, 88608.00, '2025-03-02 09:34:00', '2025-03-03 09:35:53'),
(539, 21, 'credit', '৩০/১ কালার ', NULL, '14485', 892, 23.00, 20516.00, '2025-03-02 09:35:00', '2025-03-03 09:37:24'),
(540, 34, 'credit', '৩০/১ কালার ', NULL, '14486', 415, 23.00, 9545.00, '2025-03-02 09:37:00', '2025-03-03 09:38:14'),
(541, 101, 'debit', 'নগদ জমা ', NULL, NULL, NULL, NULL, 15500.00, '2025-03-01 09:38:00', '2025-03-03 09:39:26'),
(542, 38, 'debit', 'নগদ জমা ', NULL, NULL, NULL, NULL, 15000.00, '2025-03-01 09:39:00', '2025-03-03 09:40:06'),
(543, 110, 'debit', 'নগদ জমা ', NULL, NULL, NULL, NULL, 9000.00, '2025-03-01 09:40:00', '2025-03-03 09:41:12'),
(544, 109, 'debit', 'নগদ জমা ', NULL, NULL, NULL, NULL, 8000.00, '2025-03-01 09:41:00', '2025-03-03 09:41:50'),
(545, 89, 'debit', 'নগদ জমা ', NULL, NULL, NULL, NULL, 15000.00, '2025-03-02 09:41:00', '2025-03-03 09:42:20'),
(546, 85, 'debit', 'সাবেক ব্যালেন্স ', NULL, '', NULL, NULL, 525970.00, '2025-02-01 09:46:00', '2025-03-03 09:52:39'),
(547, 85, 'debit', 'মাল আসা ', NULL, '8521', 79650, 1.00, 79650.00, '2025-02-02 09:53:00', '2025-03-03 09:54:38'),
(548, 85, 'credit', 'নগদ জমা ', NULL, NULL, NULL, NULL, 70900.00, '2025-02-01 09:54:00', '2025-03-03 09:55:44'),
(549, 85, 'credit', 'নগদ জমা ', NULL, NULL, NULL, NULL, 100000.00, '2025-02-03 09:55:00', '2025-03-03 09:57:03'),
(550, 85, 'debit', 'মাল আসা ', NULL, NULL, 4570, 1.00, 4570.00, '2025-02-05 09:57:00', '2025-03-03 09:58:14'),
(551, 85, 'credit', 'নগদ জমা', NULL, NULL, NULL, NULL, 155000.00, '2025-02-06 09:59:00', '2025-03-03 10:00:29'),
(552, 85, 'credit', 'নগদ জমা', NULL, NULL, NULL, NULL, 150000.00, '2025-02-07 10:00:00', '2025-03-03 10:03:18'),
(553, 85, 'debit', 'মাল আসা ', NULL, '8625', 172450, 1.00, 172450.00, '2025-02-08 10:03:00', '2025-03-03 10:04:57'),
(554, 85, 'credit', 'নগদ জমা ', NULL, NULL, NULL, NULL, 134200.00, '2025-02-09 10:05:00', '2025-03-03 10:06:30'),
(555, 85, 'debit', 'মাল আসা ', NULL, '8648', 71560, 1.00, 71560.00, '2025-02-09 10:06:00', '2025-03-03 10:07:57'),
(556, 85, 'debit', 'মাল আসা ', NULL, NULL, 213000, 1.00, 213000.00, '2025-02-11 10:07:00', '2025-03-03 11:12:02'),
(557, 85, 'debit', 'মাল আসা ', NULL, '8704', 49910, 1.00, 49910.00, '2025-02-12 10:11:00', '2025-03-03 10:12:08'),
(558, 85, 'debit', 'মাল আসা ', NULL, NULL, 142000, 1.00, 142000.00, '2025-02-13 10:12:00', '2025-03-03 11:12:53'),
(559, 85, 'credit', 'নগদ জমা ', NULL, NULL, NULL, NULL, 200000.00, '2025-02-14 10:13:00', '2025-03-03 10:14:02'),
(560, 85, 'debit', 'মাল আসা', NULL, '8734', 54360, 1.00, 54360.00, '2025-02-14 10:14:00', '2025-03-03 10:15:29'),
(561, 85, 'credit', 'নগদ জমা', NULL, NULL, NULL, NULL, 148900.00, '2025-02-16 10:15:00', '2025-03-03 10:22:21'),
(562, 85, 'debit', 'মাল আসা ', NULL, '8786', 126980, 1.00, 126980.00, '2025-02-18 10:22:00', '2025-03-03 10:24:10'),
(563, 85, 'credit', 'নগদ জমা ', NULL, NULL, NULL, NULL, 150000.00, '2025-02-17 10:24:00', '2025-03-03 11:21:01'),
(564, 85, 'debit', 'মাল আসা ', NULL, '8809', 71560, 1.00, 71560.00, '2025-02-19 10:25:00', '2025-03-03 10:27:22'),
(565, 85, 'credit', 'নগদ জমা ', NULL, NULL, NULL, NULL, 150000.00, '2025-02-20 10:38:00', '2025-03-03 10:40:14'),
(566, 85, 'debit', 'মাল আসা ', NULL, '8833', 88480, 1.00, 88480.00, '2025-02-20 10:41:00', '2025-03-03 10:42:58'),
(567, 85, 'debit', 'মাল আসা ', NULL, '8859', 117890, 1.00, 117890.00, '2025-02-22 10:42:00', '2025-03-03 10:43:54'),
(568, 85, 'debit', 'মাল আসা ', NULL, '234', 355000, 1.00, 355000.00, '2025-02-22 10:43:00', '2025-03-03 10:44:50'),
(569, 85, 'credit', 'নগদ জমা ', NULL, NULL, NULL, NULL, 150000.00, '2025-02-23 10:45:00', '2025-03-03 10:46:50'),
(570, 85, 'credit', 'নগদ জমা ', NULL, NULL, NULL, NULL, 100000.00, '2025-02-24 10:46:00', '2025-03-03 10:47:38'),
(571, 85, 'debit', 'মাল আসা ', NULL, '8891', 12000, 1.00, 12000.00, '2025-02-24 10:52:00', '2025-03-03 10:53:25'),
(572, 85, 'credit', 'নগদ জমা ', NULL, NULL, NULL, NULL, 196300.00, '2025-02-26 10:53:00', '2025-03-03 10:55:15'),
(573, 85, 'debit', 'মাল আসা ', NULL, '8921', 49450, 1.00, 49450.00, '2025-02-26 10:55:00', '2025-03-03 10:56:10'),
(574, 120, 'credit', '২০/১ ইউথ ', NULL, '14489', 2406, 13.00, 31278.00, '2025-03-03 05:55:00', '2025-03-08 05:59:56'),
(575, 88, 'credit', '৩০/১ কালার', NULL, '14490', 410, 24.00, 9840.00, '2025-03-03 05:59:00', '2025-03-08 06:03:27'),
(576, 90, 'credit', '৩০/১ কালার ', NULL, '14491', 431, 24.00, 10344.00, '2025-03-03 06:03:00', '2025-03-08 06:08:51'),
(577, 20, 'credit', '২০/১ কালার ', NULL, '14492', 470, 22.00, 10340.00, '2025-03-03 06:08:00', '2025-03-08 06:24:51'),
(578, 97, 'credit', '৩০/১ কালার', NULL, '14493', 326, 23.00, 7498.00, '2025-03-03 06:24:00', '2025-03-08 06:26:07'),
(579, 21, 'credit', '৩০/১ কালার ', NULL, '14494', 395, 23.00, 9085.00, '2025-03-03 06:26:00', '2025-03-08 06:26:57'),
(580, 20, 'credit', '৩০/১ কালার ', NULL, '14495', 1003, 23.00, 23069.00, '2025-03-03 06:26:00', '2025-03-08 06:27:49'),
(581, 52, 'credit', '৩০/১ কালার ', NULL, '14496', 516, 24.00, 12384.00, '2025-03-03 06:27:00', '2025-03-08 06:28:45'),
(582, 50, 'credit', '৪০/১ কালার ', NULL, '14498', 1125, 24.00, 27000.00, '2025-03-03 06:28:00', '2025-03-08 06:29:41'),
(583, 34, 'credit', '৩০/১ কালার ', NULL, '14499', 413, 23.00, 9499.00, '2025-03-03 06:29:00', '2025-03-08 06:30:30'),
(584, 48, 'credit', '৫০/১ তানিয়া ', NULL, '14500', 3150, 15.50, 48825.00, '2025-03-03 06:33:00', '2025-03-08 06:34:32'),
(585, 27, 'credit', '৪০/১ জালাল ', NULL, '14507', 3119, 15.50, 48344.50, '2025-03-04 06:34:00', '2025-03-08 06:36:12'),
(586, 104, 'credit', '৪০/১ R.M', NULL, '14508', 2604, 14.50, 37758.00, '2025-03-04 06:36:00', '2025-03-08 06:37:48'),
(587, 19, 'credit', '৪০/১ আকবর ', NULL, '14501', 3481, 13.00, 45253.00, '2025-03-04 06:37:00', '2025-03-08 06:39:43'),
(588, 11, 'credit', '১০/১ সুতা\n১৬/১ সুতা ', NULL, '14502', 154, 65.00, 10010.00, '2025-03-04 06:39:00', '2025-03-08 06:42:44'),
(589, 22, 'credit', '৩০/১ কালার ', NULL, '14503', 411, 23.00, 9453.00, '2025-03-04 06:42:00', '2025-03-08 06:46:43'),
(590, 90, 'credit', '৩০/১ কালার ', NULL, '14514', 441, 23.00, 10143.00, '2025-03-04 06:47:00', '2025-03-08 06:48:55'),
(591, 20, 'credit', '২০/১ কালার ', NULL, '14505', 1006, 20.00, 20120.00, '2025-03-04 06:48:00', '2025-03-08 06:50:02'),
(592, 21, 'credit', '৩০/১ কালার ', NULL, '14506', 807, 23.00, 18561.00, '2025-03-04 06:50:00', '2025-03-08 06:50:56'),
(593, 38, 'credit', '৫০/১ হরিন ', NULL, '14514', 1131, 17.00, 19227.00, '2025-03-05 06:50:00', '2025-03-08 06:52:28'),
(594, 23, 'credit', '২৫/১ কালার ', NULL, '14515', 742, 22.00, 16324.00, '2025-03-05 06:52:00', '2025-03-08 06:53:52'),
(595, 97, 'credit', '৪০/১ কালার ', NULL, '14516', 629, 24.00, 15096.00, '2025-03-05 06:53:00', '2025-03-08 06:54:45'),
(596, 50, 'credit', '৪০/১ কালার ', NULL, '14517', 375, 24.00, 9000.00, '2025-03-05 06:54:00', '2025-03-08 06:55:56'),
(597, 52, 'credit', '৩০/১ কালার ', NULL, '14518', 407, 22.00, 8954.00, '2025-03-05 06:55:00', '2025-03-08 06:57:30'),
(598, 31, 'credit', '৪০/১ ম্যাকসন ', NULL, '14525', 2441, 15.00, 36615.00, '2025-03-05 06:57:00', '2025-03-08 07:00:07'),
(599, 24, 'credit', '৩০/১ R মাদার', NULL, '14509', 5436, 16.00, 86976.00, '2025-03-05 07:00:00', '2025-03-08 07:01:23'),
(600, 22, 'credit', '৩০/১ কালার ', NULL, '14510', 411, 23.00, 9453.00, '2025-03-05 07:01:00', '2025-03-08 07:02:09'),
(601, 52, 'credit', '৩০/১ কালার ', NULL, '14511', 523, 22.00, 11506.00, '2025-03-05 07:02:00', '2025-03-08 07:03:34'),
(602, 20, 'credit', '২০/১ কালার ', NULL, '14512', 424, 20.00, 8480.00, '2025-03-05 07:03:00', '2025-03-08 07:04:27'),
(603, 13, 'credit', '৪৫/১ T.C কুমিল্লা ', NULL, '14513', 2263, 24.00, 54312.00, '2025-03-05 07:04:00', '2025-03-08 07:05:33'),
(604, 21, 'credit', '৩০/১ কালার ', NULL, '14519', 829, 23.00, 19067.00, '2025-03-06 07:05:00', '2025-03-08 07:06:53'),
(605, 20, 'credit', '৩০/১ কালার ', NULL, '14521', 2484, 16.00, 39744.00, '2025-03-06 07:06:00', '2025-03-08 07:09:38'),
(606, 16, 'credit', '৩০/১ কাদের ', NULL, '14522', 2559, 17.00, 43503.00, '2025-03-06 07:09:00', '2025-03-08 07:11:45'),
(607, 22, 'credit', '৩০/১ কালার ', NULL, '14523', 411, 23.00, 9453.00, '2025-03-06 07:11:00', '2025-03-08 07:13:05'),
(608, 37, 'credit', '৩০/১ কালার ', NULL, '14524', 524, 23.00, 12052.00, '2025-03-06 07:13:00', '2025-03-08 07:14:05'),
(609, 17, 'credit', '২০/১ মিন ', NULL, '14527', 3185, 12.00, 38220.00, '2025-03-07 07:14:00', '2025-03-08 07:15:08'),
(610, 126, 'credit', '৩৬/১ কালার ', NULL, '14528', 323, 24.00, 7752.00, '2025-03-07 07:16:00', '2025-03-08 07:17:19'),
(611, 48, 'credit', '৫০/১ তানিয়া ', NULL, '14526', 4250, 15.50, 65875.00, '2025-03-07 07:17:00', '2025-03-08 07:19:24'),
(612, 11, 'debit', 'নগদ জমা ', NULL, NULL, NULL, NULL, 250000.00, '2025-03-03 07:21:00', '2025-03-08 07:22:43'),
(613, 98, 'debit', 'নগদ জমা ', NULL, NULL, NULL, NULL, 31000.00, '2025-03-03 07:22:00', '2025-03-08 07:23:16'),
(614, 106, 'debit', 'নগদ জমা ', NULL, NULL, NULL, NULL, 10000.00, '2025-03-03 07:23:00', '2025-03-08 07:24:05'),
(615, 116, 'debit', 'নগদ জমা ', NULL, NULL, NULL, NULL, 5000.00, '2025-03-03 07:24:00', '2025-03-08 07:24:41'),
(616, 13, 'debit', 'নগদ জমা ', NULL, NULL, NULL, NULL, 500000.00, '2025-03-04 07:24:00', '2025-03-08 07:25:30'),
(617, 20, 'debit', 'নগদ জমা ', NULL, NULL, NULL, NULL, 100000.00, '2025-03-04 07:25:00', '2025-03-08 07:25:58'),
(618, 37, 'debit', 'নগদ জমা ', NULL, NULL, NULL, NULL, 50000.00, '2025-03-04 07:25:00', '2025-03-08 07:26:30'),
(619, 50, 'debit', 'নগদ জমা ', NULL, NULL, NULL, NULL, 53000.00, '2025-03-04 07:26:00', '2025-03-08 07:27:05'),
(620, 34, 'debit', 'নগদ জমা ', NULL, NULL, NULL, NULL, 30000.00, '2025-03-04 07:27:00', '2025-03-08 07:27:41'),
(621, 93, 'debit', 'নগদ জমা ', NULL, NULL, NULL, NULL, 5000.00, '2025-03-04 07:27:00', '2025-03-08 07:28:17'),
(622, 21, 'debit', 'নগদ জমা ', NULL, NULL, NULL, NULL, 100000.00, '2025-03-05 07:28:00', '2025-03-08 07:43:48'),
(623, 30, 'debit', 'নগদ জমা ', NULL, NULL, NULL, NULL, 50000.00, '2025-03-05 07:42:00', '2025-03-08 07:43:36'),
(624, 31, 'debit', 'নগদ জমা ', NULL, NULL, NULL, NULL, 50000.00, '2025-03-05 07:45:00', '2025-03-08 07:46:08'),
(625, 104, 'debit', 'নগদ জমা ', NULL, NULL, NULL, NULL, 37700.00, '2025-03-05 07:46:00', '2025-03-08 07:46:56'),
(626, 90, 'debit', 'নগদ জমা ', NULL, NULL, NULL, NULL, 26000.00, '2025-03-05 07:46:00', '2025-03-08 07:47:33'),
(627, 52, 'debit', 'নগদ জমা ', NULL, NULL, NULL, NULL, 20000.00, '2025-03-05 07:47:00', '2025-03-08 07:48:06'),
(628, 25, 'debit', 'নগদ জমা ', NULL, NULL, NULL, NULL, 50000.00, '2025-03-06 11:05:00', '2025-03-08 11:06:41'),
(629, 24, 'debit', 'নগদ জমা ', NULL, NULL, NULL, NULL, 50000.00, '2025-03-06 11:06:00', '2025-03-08 11:08:12'),
(630, 26, 'debit', 'নগদ জমা ', NULL, NULL, NULL, NULL, 50000.00, '2025-03-06 11:08:00', '2025-03-08 11:08:43'),
(631, 19, 'debit', 'নগদ জমা ', NULL, NULL, NULL, NULL, 45000.00, '2025-03-06 11:08:00', '2025-03-08 11:09:32'),
(632, 23, 'debit', 'নগদ জমা ', NULL, NULL, NULL, NULL, 40000.00, '2025-03-06 11:09:00', '2025-03-08 11:13:29'),
(633, 103, 'debit', 'নগদ জম ', NULL, NULL, NULL, NULL, 20000.00, '2025-03-06 11:13:00', '2025-03-08 11:17:51'),
(634, 16, 'debit', 'নগদ জমা ', NULL, NULL, NULL, NULL, 200000.00, '2025-03-06 11:17:00', '2025-03-08 11:18:25'),
(635, 88, 'debit', 'নগদ জমা ', NULL, NULL, NULL, NULL, 29000.00, '2025-03-06 11:18:00', '2025-03-08 11:21:18'),
(636, 97, 'debit', 'নগদ জমা ', NULL, NULL, NULL, NULL, 28500.00, '2025-03-06 11:21:00', '2025-03-08 11:21:56'),
(637, 85, 'credit', 'নগদ জমা ', NULL, '', NULL, NULL, 165000.00, '2025-03-04 06:46:00', '2025-03-09 07:12:45'),
(638, 85, 'credit', 'নগদ জমা ', NULL, '', NULL, NULL, 100000.00, '2025-03-05 06:48:00', '2025-03-09 07:13:45'),
(639, 85, 'debit', 'মাল আসা ', NULL, '8974', 85830, 1.00, 85830.00, '2025-03-02 06:50:00', '2025-03-09 07:15:59'),
(641, 85, 'debit', 'মাল আসা ', NULL, '9002', 129770, 1.00, 129770.00, '2025-03-04 07:16:00', '2025-03-09 07:17:52'),
(644, 85, 'debit', 'মাল আসা ', NULL, '8981', 43740, 1.00, 43740.00, '2025-03-03 07:19:00', '2025-03-09 07:20:40'),
(645, 85, 'debit', 'মাল আসা ', NULL, '9026', 44725, 1.00, 44725.00, '2025-03-05 07:20:00', '2025-03-09 07:21:26'),
(646, 85, 'debit', 'মাল আসা ', NULL, '9045', 107340, 1.00, 107340.00, '2025-03-06 07:21:00', '2025-03-09 07:22:44'),
(647, 126, 'credit', '৫০/১ কালার ', NULL, '14529', 269, 28.00, 7532.00, '2025-03-08 12:45:00', '2025-03-11 12:49:27'),
(648, 110, 'credit', '৩০/১ কালার ', NULL, '14530', 310, 23.00, 7130.00, '2025-03-08 12:49:00', '2025-03-11 12:50:58'),
(649, 23, 'credit', '৩০/১ কালার ', NULL, '14531', 260, 22.00, 5720.00, '2025-03-08 12:51:00', '2025-03-11 12:52:22'),
(650, 26, 'credit', '৪৫/১ T.C S.A ', NULL, '14532', 3255, 22.00, 71610.00, '2025-03-08 12:52:00', '2025-03-11 12:53:43'),
(651, 21, 'credit', '৩০/১ কালার', NULL, '14533', 1286, 23.00, 29578.00, '2025-03-08 12:53:00', '2025-03-11 12:55:00'),
(652, 22, 'credit', '৩০/১ কালার ', NULL, '14534', 411, 23.00, 9453.00, '2025-03-08 13:01:00', '2025-03-11 13:02:16'),
(653, 37, 'credit', '৩০/১ কালার ', NULL, '14535', 1039, 23.00, 23897.00, '2025-03-08 13:02:00', '2025-03-11 13:03:07'),
(654, 20, 'credit', '২০/১ কালার ', NULL, '14536', 574, 20.00, 11480.00, '2025-03-08 13:03:00', '2025-03-11 13:04:38'),
(655, 52, 'credit', '৩০/১ কালার ', NULL, '14537', 396, 23.00, 9108.00, '2025-03-08 13:04:00', '2025-03-11 13:05:51'),
(656, 127, 'credit', '২৫/১ কালার ', NULL, '14538', 495, 22.00, 10890.00, '2025-03-08 13:08:00', '2025-03-11 13:09:39'),
(657, 120, 'credit', '২০/১ ইয়ুথ ', NULL, '14539', 3609, 12.00, 43308.00, '2025-03-09 13:12:00', '2025-03-11 13:14:38'),
(658, 97, 'credit', '৪০/১ কালার ', NULL, '14540', 627, 24.00, 15048.00, '2025-03-09 13:14:00', '2025-03-11 13:16:22'),
(659, 36, 'credit', '৩০/১ কালার ', NULL, '14541', 709, 23.00, 16307.00, '2025-03-09 13:16:00', '2025-03-11 13:17:35'),
(660, 30, 'credit', '৪০/১ আকবর ', NULL, '14544', 1736, 14.50, 25172.00, '2025-03-09 13:17:00', '2025-03-11 13:19:05'),
(661, 19, 'credit', '৪০/১ আকবর ', NULL, '14545', 3481, 13.00, 45253.00, '2025-03-09 13:19:00', '2025-03-11 13:19:54'),
(662, 23, 'credit', '২৫/১ কালার ', NULL, '14546', 262, 22.00, 5764.00, '2025-03-09 13:19:00', '2025-03-11 13:20:39'),
(663, 31, 'credit', '৪০/১ A.A', NULL, '14551', 2751, 15.00, 41265.00, '2025-03-10 13:20:00', '2025-03-11 13:21:36'),
(664, 128, 'credit', '৫০/১ ছালমা ', NULL, '14552', 1775, 16.00, 28400.00, '2025-03-10 13:31:00', '2025-03-11 13:32:22'),
(665, 129, 'credit', '৪০/১ ম্যাকসান ', NULL, '14553', 1668, 15.00, 25020.00, '2025-03-10 13:32:00', '2025-03-11 13:35:52'),
(666, 89, 'credit', '৩০/১ কালার ', NULL, '14547', 349, 23.00, 8027.00, '2025-03-10 13:35:00', '2025-03-11 13:37:08'),
(667, 110, 'credit', '৩০/১ কালার ', NULL, '14548', 468, 23.00, 10764.00, '2025-03-10 13:37:00', '2025-03-11 13:39:52'),
(668, 14, 'credit', '৩০/১ মা ', NULL, '14549', 4008, 17.00, 68136.00, '2025-03-10 13:39:00', '2025-03-11 13:41:27'),
(669, 20, 'credit', '২০/১ কালার ', NULL, '14550', 3608, 15.00, 54120.00, '2025-03-10 13:41:00', '2025-03-11 13:43:00'),
(670, 52, 'debit', 'নগদ জমা ', NULL, NULL, NULL, NULL, 20000.00, '2025-03-08 04:57:00', '2025-03-12 05:00:24'),
(671, 35, 'debit', 'নগদ জমা ', NULL, NULL, NULL, NULL, 20000.00, '2025-03-08 05:00:00', '2025-03-12 05:00:55'),
(672, 127, 'debit', 'নগদ জমা ', NULL, NULL, NULL, NULL, 15000.00, '2025-03-08 05:00:00', '2025-03-12 05:01:25'),
(673, 110, 'debit', 'নগদ জমা ', NULL, NULL, NULL, NULL, 7000.00, '2025-03-08 05:01:00', '2025-03-12 05:02:11'),
(674, 12, 'debit', 'নগদ জমা ', NULL, NULL, NULL, NULL, 500000.00, '2025-03-09 05:02:00', '2025-03-12 05:02:42'),
(675, 14, 'debit', 'নগদ জমা ', NULL, NULL, NULL, NULL, 300000.00, '2025-03-09 05:02:00', '2025-03-12 05:04:21'),
(676, 20, 'debit', 'নগদ জমা ', NULL, NULL, NULL, NULL, 100000.00, '2025-03-09 05:04:00', '2025-03-12 05:04:58'),
(677, 126, 'debit', 'নগদ জমা ', NULL, NULL, NULL, NULL, 15000.00, '2025-03-09 05:04:00', '2025-03-12 05:05:29'),
(678, 36, 'debit', 'নগদ জমা ', NULL, NULL, NULL, NULL, 30000.00, '2025-03-10 05:05:00', '2025-03-12 05:05:59'),
(679, 38, 'debit', 'নগদ জমা ', NULL, NULL, NULL, NULL, 10000.00, '2025-03-10 05:06:00', '2025-03-12 05:06:32'),
(680, 116, 'debit', 'নগদ জমা ', NULL, NULL, NULL, NULL, 4700.00, '2025-03-10 05:06:00', '2025-03-12 05:07:03'),
(681, 30, 'debit', 'নগদ জমা ', NULL, NULL, NULL, NULL, 40000.00, '2025-03-11 05:07:00', '2025-03-12 05:07:45'),
(682, 26, 'debit', 'নগদ জমা ', NULL, NULL, NULL, NULL, 50000.00, '2025-03-11 05:07:00', '2025-03-12 05:08:17'),
(683, 31, 'debit', 'নগদ জমা ', NULL, NULL, NULL, NULL, 70000.00, '2025-03-11 05:08:00', '2025-03-12 05:08:46'),
(684, 129, 'debit', 'নগদ জমা ', NULL, NULL, NULL, NULL, 20000.00, '2025-03-11 05:09:00', '2025-03-12 05:10:15'),
(685, 110, 'debit', 'নগদ জমা ', NULL, NULL, NULL, NULL, 10000.00, '2025-03-11 05:10:00', '2025-03-12 05:10:55'),
(686, 128, 'debit', 'নগদ জমা ', NULL, NULL, NULL, NULL, 30000.00, '2025-03-11 05:10:00', '2025-03-12 05:11:18'),
(687, 131, 'debit', 'নগদ জমা ', NULL, NULL, NULL, NULL, 10000.00, '2025-03-11 05:13:00', '2025-03-12 05:14:04'),
(689, 85, 'debit', 'মাল আসা ', NULL, '9084', 84900, 1.00, 84900.00, '2025-03-09 05:46:00', '2025-03-12 05:47:36'),
(690, 85, 'debit', 'মাল আসা ', NULL, '9095', 71560, 1.00, 71560.00, '2025-03-10 05:47:00', '2025-03-12 05:48:53'),
(691, 85, 'debit', 'মাল আসা ', NULL, '9115', 36280, 1.00, 36280.00, '2025-03-11 05:48:00', '2025-03-12 05:49:59'),
(692, 85, 'credit', 'নগদ জমা ', NULL, NULL, NULL, NULL, 100000.00, '2025-03-09 05:50:00', '2025-03-12 05:50:33'),
(693, 85, 'credit', 'নগদ জমা ', NULL, NULL, NULL, NULL, 100000.00, '2025-03-10 05:50:00', '2025-03-12 05:51:02'),
(694, 85, 'credit', 'নগদ জমা ', NULL, NULL, NULL, NULL, 100000.00, '2025-03-11 05:51:00', '2025-03-12 05:51:56'),
(695, 132, 'debit', '১০ কাটুন(P.V.Z)-২০০\n১ড্রাম (জেইলি)-১২৫', NULL, '688', 37000, 1.00, 37000.00, '2024-11-21 06:01:00', '2025-03-12 06:06:12'),
(696, 132, 'debit', '১০কাটুন (P.V.Z)-১৬০\n১ ড্রাম (জেইলি)-১২৫', NULL, '689', 37000, 1.00, 37000.00, '2024-11-29 06:06:00', '2025-03-12 06:09:09'),
(697, 132, 'debit', '১০ কাটুন(P.V.Z)-১৬০\n১ ড্রাম (জেইলি)-১২৫', NULL, '693', 37000, 1.00, 37000.00, '2024-12-05 06:09:00', '2025-03-12 06:11:08'),
(698, 132, 'debit', '১০ কাটুন(P.V.Z)-২০০\n১ ড্রাম (জেইলি)-১২৫', NULL, '693', 37000, 1.00, 37000.00, '2024-12-11 06:11:00', '2025-03-12 06:15:34'),
(699, 132, 'debit', '১০কাটুন(P.V.Z)-২০০\n২ড্রাম (জেইলি)-১২৫', NULL, '945', 42000, 1.00, 42000.00, '2024-12-17 06:18:00', '2025-03-12 06:20:21'),
(700, 132, 'debit', '১০ কাটুন(P.V.Z)-২০০\n২ ড্রাম জেইলি-২৫০', NULL, '5', 42000, 1.00, 42000.00, '2024-12-24 06:20:00', '2025-03-12 06:23:44'),
(701, 132, 'debit', '১০ কাটুন(P.V.Z)-২০০\n১ ড্রাম (জেইলি)-১২৫', NULL, '964', 39000, 1.00, 39000.00, '2025-01-02 06:23:00', '2025-03-12 06:26:27'),
(702, 132, 'debit', '১০ কাটুন(P.V.Z)-২০০\n২ ড্রাম জেইলি-২৫০', NULL, '11', 44000, 1.00, 44000.00, '2025-01-06 06:26:00', '2025-03-12 06:28:08'),
(703, 132, 'debit', '১০ কাটুন(P.V.Z)-200\n২ড্রাম (জেইলি)-250', NULL, '810', 44000, 1.00, 44000.00, '2025-01-31 08:09:00', '2025-03-12 08:11:15'),
(704, 132, 'debit', '১০ কাটুন(P.V.Z)', NULL, '985', 200, 170.00, 34000.00, '2025-01-16 08:03:00', '2025-03-12 08:09:05'),
(705, 132, 'debit', '৩ ড্রাম জেইলি', NULL, '19', 375, 40.00, 15000.00, '2025-01-20 08:04:00', '2025-03-12 08:08:41'),
(706, 132, 'debit', '১০ কাটুন P.V.Z', NULL, '803', 200, 170.00, 34000.00, '2025-01-23 08:06:00', '2025-03-12 08:08:17'),
(707, 132, 'debit', '১০ কাটুন(P.V.Z)-200\n২ ড্রাম (জেইলি)-250', NULL, '', 44000, 1.00, 44000.00, '2025-02-08 08:11:00', '2025-03-12 08:14:54'),
(708, 132, 'debit', '২ ড্রাম জেইলি ', NULL, '822', 250, 40.00, 10000.00, '2025-02-14 08:52:00', '2025-03-12 08:53:35'),
(709, 132, 'debit', '৪ বস্তা জেলিটিন ', NULL, '823', 100, 220.00, 22000.00, '2025-02-15 08:53:00', '2025-03-12 08:54:29'),
(710, 132, 'debit', '৪ বস্তা জেলিটিন-১০০\n২ ড্রাম জেইলি -২৫০', NULL, '835', 32000, 1.00, 32000.00, '2025-02-19 08:54:00', '2025-03-12 08:55:59'),
(711, 132, 'debit', '৪ বস্তা জেলিটিন-১০০\n২ ড্রাম জেইলি-২৫০', NULL, '726', 32000, 1.00, 32000.00, '2025-02-25 08:55:00', '2025-03-12 08:57:56'),
(712, 132, 'debit', '১০ কাটুন(P.V.Z)-২০০\n৮ বস্তা (জেলিটিন)-২০০\n২ ড্রাম জেইলি-২৫০', NULL, '839', 88000, 1.00, 88000.00, '2025-03-01 08:57:00', '2025-03-12 09:00:55'),
(713, 132, 'debit', '৮ ব্যাগ জেলিটিন-200\n২ ড্রাম জেইলি-250', NULL, '842', 54000, 1.00, 54000.00, '2025-03-08 09:00:00', '2025-03-12 09:02:33'),
(714, 132, 'debit', '২ ড্রাম জেইলি-২৫০', NULL, '978', 10000, 1.00, 10000.00, '2025-01-12 09:06:00', '2025-03-12 09:07:46'),
(715, 132, 'credit', 'নগদ জমা ', NULL, NULL, NULL, NULL, 37000.00, '2024-12-05 09:07:00', '2025-03-12 09:08:23'),
(716, 132, 'credit', 'নগদ জমা ', NULL, NULL, NULL, NULL, 74000.00, '2024-12-19 09:08:00', '2025-03-12 09:08:54'),
(717, 132, 'credit', 'নগদ জমা ', NULL, NULL, NULL, NULL, 45000.00, '2025-01-06 09:08:00', '2025-03-12 09:09:32'),
(718, 132, 'credit', 'নগদ জমা ', NULL, NULL, NULL, NULL, 40000.00, '2025-01-09 09:09:00', '2025-03-12 09:10:05'),
(719, 132, 'credit', 'নগদ জমা ', NULL, NULL, NULL, NULL, 70000.00, '2025-01-23 09:10:00', '2025-03-12 09:10:54'),
(720, 132, 'credit', 'নগদ জমা ', NULL, NULL, NULL, NULL, 63700.00, '2025-02-06 09:10:00', '2025-03-12 09:11:28'),
(721, 132, 'credit', 'নগদ জমা ', NULL, NULL, NULL, NULL, 72000.00, '2025-02-13 09:11:00', '2025-03-12 09:13:52'),
(722, 132, 'credit', 'নগদ জমা ', NULL, NULL, NULL, NULL, 50000.00, '2025-03-07 09:13:00', '2025-03-12 09:14:38'),
(723, 20, 'credit', '২০/১ কালার', NULL, '14559', 1201, 20.00, 24020.00, '2025-03-11 08:05:00', '2025-03-16 08:07:46'),
(724, 22, 'credit', '৩০/১ কালার ', NULL, '14560', 1237, 23.00, 28451.00, '2025-03-11 08:07:00', '2025-03-16 08:08:44'),
(725, 25, 'credit', '৪০/১ কালার ', NULL, '14561', 388, 25.00, 9700.00, '2025-03-11 08:46:00', '2025-03-16 08:49:02'),
(726, 61, 'credit', '৪০/১ R.S ', NULL, '14562', 547, 25.00, 13675.00, '2025-03-11 08:49:00', '2025-03-16 08:50:31'),
(727, 15, 'credit', '২০/১ আকিজ ', NULL, '14564', 2406, 13.00, 31278.00, '2025-03-11 08:50:00', '2025-03-16 08:51:47'),
(728, 34, 'credit', '৩০/১ কালার ', NULL, '14564', 418, 23.00, 9614.00, '2025-03-11 08:51:00', '2025-03-16 08:52:56'),
(729, 21, 'credit', '৩০/১ কালার ', NULL, '14565', 914, 23.00, 21022.00, '2025-03-11 08:52:00', '2025-03-16 08:53:38'),
(730, 94, 'credit', '৫০/১ সালমা ', NULL, '14554', 1990, 16.00, 31840.00, '2025-03-11 08:53:00', '2025-03-16 08:55:35'),
(731, 127, 'credit', '২৫/১ কালার ', NULL, '14555', 264, 22.00, 5808.00, '2025-03-11 08:55:00', '2025-03-16 08:56:52'),
(732, 89, 'credit', '৩০/১ কালার ', NULL, '14556', 354, 23.00, 8142.00, '2025-03-11 08:56:00', '2025-03-16 08:57:49'),
(733, 23, 'credit', '২৫/১ কালার ', NULL, '14557', 252, 22.00, 5544.00, '2025-03-11 08:57:00', '2025-03-16 08:58:48'),
(734, 61, 'credit', '৪০/১ R.S', NULL, '14558', 986, 15.00, 14790.00, '2025-03-11 08:58:00', '2025-03-16 09:00:38'),
(735, 19, 'credit', '৪০/১ আকবর ', NULL, '14572', 3481, 13.00, 45253.00, '2025-03-12 09:00:00', '2025-03-16 09:03:53'),
(736, 127, 'credit', '২৫/১ কালার ', NULL, '14573', 260, 22.00, 5720.00, '2025-03-12 09:03:00', '2025-03-16 09:05:22'),
(737, 131, 'credit', '৪০/১ কালার ', NULL, '14574', 358, 25.00, 8950.00, '2025-03-12 09:05:00', '2025-03-16 09:58:11'),
(738, 90, 'credit', '৩০/১ কালার ', NULL, '14575', 354, 24.00, 8496.00, '2025-03-12 09:58:00', '2025-03-16 09:59:18'),
(739, 37, 'credit', '৩০/১ কালার ', NULL, '14566', 339, 23.00, 7797.00, '2025-03-12 09:59:00', '2025-03-16 10:01:05'),
(740, 20, 'credit', '৪০/১ কালার ', NULL, '14567', 304, 24.00, 7296.00, '2025-03-12 10:01:00', '2025-03-16 10:01:54'),
(741, 12, 'credit', '৩০/১ ইসমাইল ', NULL, '14568', 7792, 16.00, 124672.00, '2025-03-12 10:01:00', '2025-03-16 10:02:53'),
(742, 100, 'credit', '৩০/১ কালার ', NULL, '14569', 421, 24.00, 10104.00, '2025-03-12 10:02:00', '2025-03-16 10:03:43'),
(743, 36, 'credit', '৩০/১ কালার ', NULL, '14570', 707, 23.00, 16261.00, '2025-03-12 10:03:00', '2025-03-16 10:04:30'),
(744, 110, 'credit', '৩০/১ কালার ', NULL, '14576', 456, 23.00, 10488.00, '2025-03-13 10:04:00', '2025-03-16 10:06:21'),
(745, 96, 'credit', '৩০/১ কালার ', NULL, '14583', 391, 24.00, 9384.00, '2025-03-13 10:06:00', '2025-03-16 10:07:44'),
(746, 25, 'credit', '৪০/১ কালার ', NULL, '14584', 1165, 25.00, 29125.00, '2025-03-13 10:07:00', '2025-03-16 10:08:59'),
(747, 133, 'credit', '৩০/১ কালার ', NULL, '14586', 497, 24.00, 11928.00, '2025-03-13 10:11:00', '2025-03-16 10:12:17'),
(748, 76, 'credit', '২০/১ M.L ', NULL, '14587', 2681, 13.00, 34853.00, '2025-03-13 10:12:00', '2025-03-16 10:14:10'),
(749, 20, 'credit', '২০/১ গ্রে ', NULL, '14588', 2460, 15.00, 36900.00, '2025-03-13 10:14:00', '2025-03-16 10:17:41'),
(750, 21, 'credit', '৩০/১ কালার ', NULL, '14577', 726, 23.00, 16698.00, '2025-03-13 10:17:00', '2025-03-16 10:23:10'),
(751, 90, 'credit', '৩০/১ কালার ', NULL, '14578', 353, 24.00, 8472.00, '2025-03-13 10:23:00', '2025-03-16 10:29:27'),
(752, 23, 'credit', '২৫/১ কালার ', NULL, '14580', 290, 22.00, 6380.00, '2025-03-13 10:29:00', '2025-03-16 10:30:59'),
(753, 23, 'credit', '২০/১ কালার ', NULL, '14581', 279, 22.00, 6138.00, '2025-03-13 10:31:00', '2025-03-16 10:33:10'),
(754, 38, 'credit', '৫০/১ হরিন ', NULL, '14582', 1130, 17.00, 19210.00, '2025-03-13 10:33:00', '2025-03-16 10:34:26'),
(755, 31, 'credit', '৪০/১ তাফরিদ ', NULL, '14591', 2649, 15.00, 39735.00, '2025-03-15 10:34:00', '2025-03-16 10:35:38'),
(756, 30, 'credit', '৪০/১ আকবর ', NULL, '14592', 1736, 14.50, 25172.00, '2025-03-15 10:35:00', '2025-03-16 10:36:29'),
(757, 37, 'credit', '৩০/১ কালার ', NULL, '14593', 347, 23.00, 7981.00, '2025-03-15 10:36:00', '2025-03-16 10:37:26'),
(758, 23, 'credit', '২৫/১ কালার ', NULL, '14594', 270, 22.00, 5940.00, '2025-03-15 10:37:00', '2025-03-16 10:38:30'),
(759, 133, 'credit', '৩০/১ কালার ', NULL, '14589', 467, 24.00, 11208.00, '2025-03-15 10:38:00', '2025-03-16 10:40:24'),
(760, 88, 'credit', '৩০/১ কালার ', NULL, '14590', 824, 24.00, 19776.00, '2025-03-15 10:40:00', '2025-03-16 10:41:29'),
(761, 22, 'credit', '৩০/১ কালার ', NULL, '14595', 832, 23.00, 19136.00, '2025-03-15 10:41:00', '2025-03-16 10:43:28'),
(762, 21, 'credit', '৩০/১ কালার ', NULL, '14596', 927, 23.00, 21321.00, '2025-03-15 10:43:00', '2025-03-16 10:44:36'),
(763, 34, 'credit', '৩০/১ কালার ', NULL, '14597', 418, 23.00, 9614.00, '2025-03-15 10:44:00', '2025-03-16 10:46:17'),
(764, 37, 'credit', '৩০/১ কালার ', NULL, '14598', 518, 23.00, 11914.00, '2025-03-15 10:46:00', '2025-03-16 10:48:20'),
(765, 21, 'debit', 'নগদ জমা ', NULL, NULL, NULL, NULL, 400000.00, '2025-03-12 13:37:00', '2025-03-16 13:38:50'),
(766, 89, 'debit', 'নগদ জমা ', NULL, NULL, NULL, NULL, 21000.00, '2025-03-12 13:38:00', '2025-03-16 13:39:19'),
(767, 100, 'debit', 'নগদ জমা ', NULL, NULL, NULL, NULL, 10000.00, '2025-03-12 13:39:00', '2025-03-16 13:39:53'),
(768, 17, 'debit', 'নগদ জমা ', NULL, NULL, NULL, NULL, 50000.00, '2025-03-13 13:39:00', '2025-03-16 13:40:22'),
(769, 27, 'debit', 'নগদ জমা ', NULL, NULL, NULL, NULL, 50000.00, '2025-03-13 13:40:00', '2025-03-16 13:42:33'),
(770, 19, 'debit', 'নগদ জমা ', NULL, NULL, NULL, NULL, 45000.00, '2025-03-13 13:42:00', '2025-03-16 13:43:12'),
(771, 37, 'debit', 'নগদ জমা ', NULL, NULL, NULL, NULL, 40000.00, '2025-03-13 13:43:00', '2025-03-16 13:43:42'),
(772, 23, 'debit', 'নগদ জমা ', NULL, NULL, NULL, NULL, 40000.00, '2025-03-13 13:43:00', '2025-03-16 13:44:16'),
(773, 61, 'debit', 'নগদ জমা ', NULL, NULL, NULL, NULL, 20000.00, '2025-03-13 13:44:00', '2025-03-16 13:44:45'),
(774, 96, 'debit', 'নগদ জমা ', NULL, NULL, NULL, NULL, 9000.00, '2025-03-13 13:44:00', '2025-03-16 13:45:36'),
(775, 38, 'debit', 'নগদ জমা ', NULL, NULL, NULL, NULL, 10000.00, '2025-03-13 13:45:00', '2025-03-16 13:46:44'),
(776, 110, 'debit', 'নগদ জমা ', NULL, NULL, NULL, NULL, 10000.00, '2025-03-14 13:46:00', '2025-03-16 13:49:12'),
(777, 38, 'debit', 'নগদ জমা ', NULL, NULL, NULL, NULL, 10000.00, '2025-03-14 13:49:00', '2025-03-16 13:49:44'),
(778, 90, 'debit', 'নগদ জমা ', NULL, NULL, NULL, NULL, 16000.00, '2025-03-14 13:49:00', '2025-03-16 13:50:54'),
(779, 133, 'debit', 'নগদ জমা ', NULL, NULL, NULL, NULL, 9000.00, '2025-03-15 13:50:00', '2025-03-16 13:52:01'),
(780, 76, 'debit', 'নগদ জমা ', NULL, NULL, NULL, NULL, 32000.00, '2025-03-15 13:52:00', '2025-03-16 13:52:38'),
(781, 132, 'credit', 'নগদ জমা ', NULL, NULL, NULL, NULL, 110000.00, '2025-03-13 05:40:00', '2025-03-17 05:41:14'),
(782, 85, 'credit', 'নগদ জমা ', NULL, '', NULL, NULL, 30000.00, '2025-03-14 05:42:00', '2025-03-17 05:47:30'),
(783, 85, 'credit', 'নগদ জমা ', NULL, NULL, NULL, NULL, 40000.00, '2025-03-16 05:48:00', '2025-03-17 05:48:34'),
(784, 85, 'debit', 'মাল আসা ', NULL, '9133', 35780, 1.00, 35780.00, '2025-03-12 05:48:00', '2025-03-17 05:49:27'),
(785, 85, 'debit', 'মাল আসা', NULL, '9134', 25380, 1.00, 25380.00, '2025-03-12 05:49:00', '2025-03-17 05:50:16'),
(786, 85, 'debit', 'মাল আসা ', NULL, '9142', 71560, 1.00, 71560.00, '2025-03-13 05:50:00', '2025-03-17 05:51:52'),
(787, 85, 'debit', 'মাল আসা ', NULL, '9167', 24330, 1.00, 24330.00, '2025-03-14 05:51:00', '2025-03-17 05:52:31'),
(788, 85, 'debit', 'মাল আসা ', NULL, '9180', 77210, 1.00, 77210.00, '2025-03-15 05:52:00', '2025-03-17 05:53:25'),
(789, 104, 'credit', '৪০/১ B.B', NULL, '14607', 1285, 14.50, 18632.50, '2025-03-16 07:07:00', '2025-03-22 07:11:11'),
(790, 17, 'credit', '২০/১ মিন ', NULL, '14600', 2767, 12.00, 33204.00, '2025-03-16 07:11:00', '2025-03-22 07:13:07'),
(791, 37, 'credit', '৩০/১ কালার', NULL, '14601', 516, 23.00, 11868.00, '2025-03-16 07:13:00', '2025-03-22 07:14:39'),
(792, 22, 'credit', '৩০/১ কালার ', NULL, '14602', 414, 23.00, 9522.00, '2025-03-16 07:14:00', '2025-03-22 07:18:46'),
(793, 21, 'credit', '৩০/১ কালার ', NULL, '14603', 435, 23.00, 10005.00, '2025-03-16 07:18:00', '2025-03-22 07:20:04'),
(794, 20, 'credit', '৩০/১ কালার ', NULL, '14604', 591, 20.00, 11820.00, '2025-03-16 07:20:00', '2025-03-22 07:24:24'),
(795, 110, 'credit', '৩০/১ কালার ', NULL, '14605', 397, 23.00, 9131.00, '2025-03-16 07:24:00', '2025-03-22 07:25:33'),
(796, 27, 'credit', '৩০/১ C.V.C', NULL, '14606', 1541, 15.50, 23885.50, '2025-03-16 07:25:00', '2025-03-22 07:27:06'),
(797, 17, 'credit', '২০/১ মিন ', NULL, '14612', 3185, 12.00, 38220.00, '2025-03-17 07:27:00', '2025-03-22 07:28:34'),
(798, 25, 'credit', '৪০/১ কালার ', NULL, '14613', 746, 25.00, 18650.00, '2025-03-17 07:28:00', '2025-03-22 07:29:30'),
(799, 50, 'credit', '৪০/১ কালার ', NULL, '14614', 371, 24.00, 8904.00, '2025-03-17 07:29:00', '2025-03-22 07:30:27'),
(800, 106, 'credit', '৪০/১ কালার ', NULL, '14615', 308, 24.00, 7392.00, '2025-03-17 07:30:00', '2025-03-22 07:31:39'),
(801, 16, 'credit', '৪০/১ নাহিদ', NULL, '14615', 2711, 20.00, 54220.00, '2025-03-17 07:31:00', '2025-03-22 07:32:55'),
(802, 34, 'credit', '৩০/১ কালার ', NULL, '14617', 415, 23.00, 9545.00, '2025-03-17 07:32:00', '2025-03-22 07:33:48'),
(803, 20, 'credit', '২০/১ কালার ', NULL, '14618', 1111, 20.00, 22220.00, '2025-03-17 07:33:00', '2025-03-22 07:35:05'),
(804, 19, 'credit', '৪০/১ আকবর ', NULL, '14608', 3572, 13.00, 46436.00, '2025-03-17 07:35:00', '2025-03-22 07:37:13'),
(805, 89, 'credit', '৩০/১ কালার ', NULL, '14609', 703, 23.00, 16169.00, '2025-03-17 07:37:00', '2025-03-22 07:38:45'),
(806, 100, 'credit', '৩০/১ কালার ', NULL, '14610', 338, 24.00, 8112.00, '2025-03-17 07:38:00', '2025-03-22 07:39:38'),
(807, 93, 'credit', '৩০/১ কালার ', NULL, '14611', 279, 24.00, 6696.00, '2025-03-17 07:39:00', '2025-03-22 07:40:47'),
(808, 23, 'credit', '২৫/১ কালার ', NULL, '14619', 511, 22.00, 11242.00, '2025-03-18 07:40:00', '2025-03-22 07:44:42'),
(809, 52, 'credit', '৩০/১ কালার ', NULL, '14620', 420, 22.00, 9240.00, '2025-03-18 07:44:00', '2025-03-22 07:45:34'),
(810, 19, 'credit', '৪০/১ আকবর ', NULL, '14621', 3481, 13.00, 45253.00, '2025-03-18 07:45:00', '2025-03-22 07:46:37'),
(811, 30, 'credit', '৪০/১ আকবর ', NULL, '14622', 1287, 15.50, 19948.50, '2025-03-18 07:46:00', '2025-03-22 07:48:07'),
(812, 21, 'credit', '৩০/১ কালার ', NULL, '14623', 435, 23.00, 10005.00, '2025-03-18 07:48:00', '2025-03-22 07:49:54'),
(813, 110, 'credit', '৩০/১ কালার ', NULL, '14624', 462, 23.00, 10626.00, '2025-03-18 07:49:00', '2025-03-22 07:52:09'),
(814, 20, 'credit', '৪০/১ কালার ', NULL, '14625', 503, 24.00, 12072.00, '2025-03-18 07:52:00', '2025-03-22 07:52:56'),
(815, 113, 'credit', '৩০/১ কালার ', NULL, '14626', 292, 24.00, 7008.00, '2025-03-18 07:52:00', '2025-03-22 07:53:49'),
(816, 12, 'credit', '৩০/১ মাল্টিজিম', NULL, '14627', 5538, 16.00, 88608.00, '2025-03-18 07:53:00', '2025-03-22 07:55:30'),
(817, 109, 'credit', '৩০/১ কালার ', NULL, '14635', 740, 24.00, 17760.00, '2025-03-19 06:44:00', '2025-03-23 06:45:15'),
(818, 97, 'credit', '৩০/১ কালার ', NULL, '14636', 651, 23.00, 14973.00, '2025-03-19 06:45:00', '2025-03-23 06:46:27'),
(819, 38, 'credit', '৪০/১ হরিন', NULL, '14637', 1156, 16.00, 18496.00, '2025-03-19 06:46:00', '2025-03-23 06:47:39'),
(820, 23, 'credit', '২৫/১ কালার ', NULL, '14638', 501, 22.00, 11022.00, '2025-03-19 06:47:00', '2025-03-23 06:48:23'),
(821, 89, 'credit', '৩০/১ কালার ', NULL, '14639', 347, 23.00, 7981.00, '2025-03-19 06:48:00', '2025-03-23 06:49:13'),
(822, 22, 'credit', '৩০/১ কালার ', NULL, '14628', 411, 23.00, 9453.00, '2025-03-19 06:49:00', '2025-03-23 06:50:36'),
(823, 21, 'credit', '৩০/১ কালার ', NULL, '14629', 906, 23.00, 20838.00, '2025-03-19 06:50:00', '2025-03-23 06:51:33'),
(824, 34, 'credit', '৩০/১ কালার ', NULL, '14630', 409, 23.00, 9407.00, '2025-03-19 06:51:00', '2025-03-23 06:52:56'),
(825, 37, 'credit', '৪০/১ কালার ', NULL, '14631', 673, 23.00, 15479.00, '2025-03-19 06:52:00', '2025-03-23 06:54:53'),
(826, 50, 'credit', '৪০/১ কালার ', NULL, '14632', 746, 24.00, 17904.00, '2025-03-19 06:56:00', '2025-03-23 06:57:24'),
(827, 106, 'credit', '৪০/১ কালার ', NULL, '14633', 308, 24.00, 7392.00, '2025-03-19 06:57:00', '2025-03-23 06:59:04'),
(828, 25, 'credit', '৪০/১ কালার ', NULL, '14634', 379, 25.00, 9475.00, '2025-03-19 06:59:00', '2025-03-23 07:00:22'),
(829, 103, 'credit', '২০/১ T.C পেয়ারা ', NULL, '14643', 4566, 15.00, 68490.00, '2025-03-20 07:00:00', '2025-03-23 07:01:54'),
(830, 20, 'credit', '২০/১ কালার  ', NULL, '14644', 2513, 15.00, 37695.00, '2025-03-20 07:01:00', '2025-03-23 07:04:36'),
(831, 16, 'credit', '৩০/১ কুনিং ', NULL, '14645', 2362, 17.00, 40154.00, '2025-03-20 07:05:00', '2025-03-23 07:06:54'),
(832, 34, 'credit', '৩০/১ কালার ', NULL, '14646', 413, 23.00, 9499.00, '2025-03-20 07:06:00', '2025-03-23 07:08:25'),
(833, 63, 'credit', '৩০/১ কালার ', NULL, '14647', 371, 23.00, 8533.00, '2025-03-20 07:08:00', '2025-03-23 07:09:55'),
(834, 22, 'credit', '৩০/১ কালার ', NULL, '14648', 414, 23.00, 9522.00, '2025-03-20 07:09:00', '2025-03-23 07:10:56'),
(835, 97, 'credit', '৪০/১ কালার ', NULL, '14640', 645, 23.00, 14835.00, '2025-03-20 07:10:00', '2025-03-23 07:22:27'),
(836, 20, 'credit', '২০/১ কালার ', NULL, '14641', 300, 20.00, 6000.00, '2025-03-23 07:22:00', '2025-03-23 07:28:13'),
(837, 31, 'credit', '৪০/১ R.S', NULL, '14642', 2523, 15.00, 37845.00, '2025-03-20 07:28:00', '2025-03-23 07:30:00'),
(838, 96, 'credit', '৩০/১ কালার ', NULL, '14649', 391, 24.00, 9384.00, '2025-03-22 07:30:00', '2025-03-23 07:31:57'),
(839, 37, 'credit', '৩০/১ কালার ', NULL, '14650', 524, 23.00, 12052.00, '2025-03-22 07:31:00', '2025-03-23 07:34:35'),
(840, 20, 'credit', '২০/১ কালার ', NULL, '14651', 2569, 15.00, 38535.00, '2025-03-22 07:34:00', '2025-03-23 07:36:59'),
(841, 24, 'credit', '৪০/১ নাণ্ণূ ', NULL, '14652', 2812, 18.00, 50616.00, '2025-03-22 07:37:00', '2025-03-23 07:38:27'),
(842, 63, 'credit', '৩০/১ কালার ', NULL, '14653', 371, 23.00, 8533.00, '2025-03-22 07:38:00', '2025-03-23 07:40:06'),
(844, 110, 'credit', '৩০/১ কালার ', NULL, '14655', 354, 23.00, 8142.00, '2025-03-22 07:42:00', '2025-03-23 07:43:25'),
(845, 137, 'credit', '৪০/১ কালার ', NULL, '14656', 359, 28.00, 10052.00, '2025-03-22 07:45:00', '2025-03-23 07:46:59'),
(847, 19, 'credit', '৪০/১ আকবর ', NULL, '14657', 3481, 13.00, 45253.00, '2025-03-22 02:16:00', '2025-04-07 02:17:33'),
(848, 100, 'credit', '৩০/১ কালার ', NULL, '14660', 431, 24.00, 10344.00, '2025-03-23 02:17:00', '2025-04-07 02:21:07'),
(849, 20, 'credit', '৩০/১ কালার', NULL, '14661', 429, 23.00, 9867.00, '2025-03-23 02:21:00', '2025-04-07 02:26:30'),
(850, 90, 'credit', '৩০/১ কালার ', NULL, '14658', 900, 24.00, 21600.00, '2025-03-23 02:26:00', '2025-04-07 02:27:30'),
(851, 88, 'credit', '৩০/১ কালার ', NULL, '14659', 416, 24.00, 9984.00, '2025-03-23 02:27:00', '2025-04-07 02:30:41'),
(852, 101, 'credit', '৩০/১ কালার ', NULL, '14662', 387, 24.00, 9288.00, '2025-03-23 02:29:00', '2025-04-07 02:30:23'),
(853, 108, 'credit', '২০/১ কালার ', NULL, '14663', 341, 22.00, 7502.00, '2025-03-23 02:32:00', '2025-04-07 02:33:06'),
(854, 99, 'credit', '২০/১ T.C A.A', NULL, '14664', 3096, 15.00, 46440.00, '2025-03-23 02:33:00', '2025-04-07 02:34:44'),
(855, 63, 'credit', '৩০/১ কালার ', NULL, '14665', 371, 23.00, 8533.00, '2025-03-23 02:34:00', '2025-04-07 02:36:00'),
(856, 34, 'credit', '৩০/১ কালার ', NULL, '14666', 404, 23.00, 9292.00, '2025-03-23 02:36:00', '2025-04-07 02:37:30'),
(857, 89, 'credit', '৩০/১ কালার ', NULL, '14667', 354, 23.00, 8142.00, '2025-03-23 02:37:00', '2025-04-07 02:38:20'),
(858, 50, 'credit', '৪০/১ কালার ', NULL, '14668', 371, 24.00, 8904.00, '2025-03-23 02:38:00', '2025-04-07 02:39:42'),
(859, 25, 'credit', '৪০/১ কালার ', NULL, '14669', 375, 25.00, 9375.00, '2025-03-23 02:39:00', '2025-04-07 02:41:27'),
(860, 23, 'credit', '২৫/১ কালার ', NULL, '14670', 253, 22.00, 5566.00, '2025-04-07 02:41:00', '2025-04-07 02:42:31'),
(861, 127, 'credit', '২৫/১ কালার ', NULL, '14671', 260, 22.00, 5720.00, '2025-03-23 02:42:00', '2025-04-07 02:44:01'),
(862, 21, 'credit', '৩০/১ কালার ', NULL, '14672', 340, 23.00, 7820.00, '2025-03-23 02:44:00', '2025-04-07 02:48:34'),
(863, 23, 'credit', '২৫/১ কালার ', NULL, '14673', 260, 22.00, 5720.00, '2025-03-23 02:48:00', '2025-04-07 02:49:43'),
(864, 31, 'credit', '৪০/১ R.S', NULL, '14674', 3821, 15.00, 57315.00, '2025-03-23 02:49:00', '2025-04-07 02:51:37'),
(865, 13, 'credit', '45/1 T.C কুমিল্লা ', NULL, '14675', 1628, 24.00, 39072.00, '2025-03-24 02:51:00', '2025-04-07 03:32:52'),
(866, 108, 'credit', '২০/১ কালার ', NULL, '14681', 346, 22.00, 7612.00, '2025-03-24 02:57:00', '2025-04-07 02:59:53'),
(867, 37, 'credit', '৩০/১ কালার ', NULL, '14682', 343, 23.00, 7889.00, '2025-03-24 02:59:00', '2025-04-07 03:00:56'),
(868, 13, 'credit', '৪৫/১ T.C কুমিল্লা ', NULL, '14676', 1603, 24.00, 38472.00, '2025-03-24 03:00:00', '2025-04-07 03:03:28'),
(869, 138, 'credit', '১২/১ কালার ', NULL, '14677', 701, 29.00, 20329.00, '2025-03-24 03:07:00', '2025-04-07 03:08:54'),
(870, 20, 'credit', '৩০/১ কালার ', NULL, '14678', 249, 23.00, 5727.00, '2025-03-24 03:08:00', '2025-04-07 03:10:12'),
(871, 100, 'credit', '৩০/১ কালার ', NULL, '14679', 431, 24.00, 10344.00, '2025-03-24 03:10:00', '2025-04-07 03:12:01'),
(872, 13, 'credit', '৪৫/১ T.C কুমিল্লা ', NULL, '14680', 2886, 24.00, 69264.00, '2025-03-24 03:12:00', '2025-04-07 03:13:46'),
(873, 103, 'credit', '২০/১ T.C পেয়ারা ', NULL, '14683', 4566, 15.00, 68490.00, '2025-03-24 03:13:00', '2025-04-07 03:16:09'),
(874, 24, 'credit', '30/1 T.C R মাদার ', NULL, '14686', 2344, 16.00, 37504.00, '2025-03-25 03:16:00', '2025-04-07 03:18:18'),
(875, 50, 'credit', '৪০/১ কালার ', NULL, '14687', 375, 24.00, 9000.00, '2025-03-25 03:18:00', '2025-04-07 03:21:45'),
(876, 25, 'credit', '৪০/১ কালার ', NULL, '14688', 768, 25.00, 19200.00, '2025-03-25 03:21:00', '2025-04-07 03:22:58'),
(877, 20, 'credit', '২০/১ কালার ', NULL, '14689', 517, 20.00, 10340.00, '2025-03-25 03:22:00', '2025-04-07 03:23:57'),
(878, 22, 'credit', '৩০/১ কালার ', NULL, '14690', 371, 23.00, 8533.00, '2025-03-25 03:23:00', '2025-04-07 03:25:25'),
(879, 37, 'credit', '৩০/১ কালার ', NULL, '14691', 524, 23.00, 12052.00, '2025-03-25 03:25:00', '2025-04-07 03:27:07'),
(880, 23, 'credit', '২৫/১ কালার ', NULL, '14692', 779, 22.00, 17138.00, '2025-03-25 03:27:00', '2025-04-07 03:28:36'),
(881, 48, 'credit', '৫০/১ T.R ', NULL, '14684', 4208, 15.50, 65224.00, '2025-03-25 03:34:00', '2025-04-07 03:35:12'),
(882, 31, 'credit', '৪০/১ কালার ', NULL, '14685', 4207, 15.00, 63105.00, '2025-03-25 03:35:00', '2025-04-07 03:36:34'),
(883, 35, 'credit', '৪০/১ শিবলু ', NULL, '14693', 2035, 15.00, 30525.00, '2025-03-26 03:36:00', '2025-04-07 03:38:21'),
(884, 38, 'credit', '৬০/১ নান্নু ', NULL, '14694', 1439, 20.00, 28780.00, '2025-03-26 03:38:00', '2025-04-07 03:39:26'),
(885, 108, 'credit', '৩০/১ কালার ', NULL, '14695', 387, 24.00, 9288.00, '2025-03-26 03:39:00', '2025-04-07 03:40:57'),
(886, 20, 'credit', '২০/১ কালার ', NULL, '14696', 1002, 20.00, 20040.00, '2025-03-26 03:40:00', '2025-04-07 03:42:00'),
(887, 20, 'credit', '৩০/১ কালার ', NULL, '14697', 397, 23.00, 9131.00, '2025-03-26 03:42:00', '2025-04-07 03:43:00'),
(888, 21, 'credit', '৩০/১ কালার ', NULL, '14698', 969, 23.00, 22287.00, '2025-03-26 03:43:00', '2025-04-07 03:44:30'),
(889, 89, 'credit', '৩০/১ কালার ', NULL, '14699', 354, 23.00, 8142.00, '2025-03-26 03:44:00', '2025-04-07 03:45:42'),
(890, 90, 'credit', '৩০/১ কালার ', NULL, '14700', 354, 23.00, 8142.00, '2025-03-26 03:45:00', '2025-04-07 03:46:57'),
(891, 14, 'credit', '৩০/১ মাল্টিজিম ', NULL, '14702', 3154, 17.00, 53618.00, '2025-03-26 03:46:00', '2025-04-07 03:48:24'),
(892, 17, 'credit', '২০/১ মিন ', NULL, '14703', 2123, 12.00, 25476.00, '2025-03-26 03:48:00', '2025-04-07 03:49:58'),
(893, 26, 'credit', '৪৫/১ T.C ফুয়াদ ', NULL, '14706', 1899, 22.00, 41778.00, '2025-03-27 03:49:00', '2025-04-07 03:54:45'),
(894, 12, 'credit', '৩০/১ ইসমাইল ', NULL, '14707', 5729, 16.00, 91664.00, '2025-03-27 03:54:00', '2025-04-07 03:56:13'),
(895, 21, 'credit', '৩০/১ কালার ', NULL, '14708', 387, 23.00, 8901.00, '2025-03-27 03:56:00', '2025-04-07 03:58:24'),
(896, 48, 'credit', '৫০/১ তানিয়া ', NULL, '14704', 4250, 15.50, 65875.00, '2025-03-27 03:58:00', '2025-04-07 04:01:58'),
(897, 97, 'credit', '৪০/১ কালার ', NULL, '14705', 308, 23.00, 7084.00, '2025-03-27 04:01:00', '2025-04-07 04:11:41'),
(898, 19, 'credit', '৪০/১ আকবর ', NULL, '14710', 3481, 13.00, 45253.00, '2025-03-27 04:11:00', '2025-04-07 04:12:59'),
(899, 30, 'credit', '৫০/১ A.A ', NULL, '14712', 1267, 15.50, 19638.50, '2025-03-28 04:13:00', '2025-04-07 04:14:24'),
(900, 36, 'credit', '৩০/১ কালার ', NULL, '14713', 699, 23.00, 16077.00, '2025-03-28 04:14:00', '2025-04-07 04:15:41'),
(901, 95, 'credit', '৩০/১ কালার ', NULL, '14714', 597, 24.00, 14328.00, '2025-03-28 04:15:00', '2025-04-07 04:16:44'),
(902, 110, 'credit', '৩০/১ কালার ', NULL, '14715', 353, 23.00, 8119.00, '2025-03-28 04:16:00', '2025-04-07 04:17:46'),
(903, 90, 'credit', '৩০/১ কালার ', NULL, '14716', 349, 24.00, 8376.00, '2025-03-28 04:17:00', '2025-04-07 04:18:49'),
(904, 110, 'debit', 'নগদ জমা ', NULL, NULL, NULL, NULL, 10000.00, '2025-03-16 04:20:00', '2025-04-07 04:27:57'),
(905, 50, 'debit', 'নগদ জমা ', NULL, NULL, NULL, NULL, 9000.00, '2025-03-16 04:27:00', '2025-04-07 04:30:18'),
(906, 48, 'debit', 'নগদ জমা ', NULL, NULL, NULL, NULL, 111000.00, '2025-03-17 04:30:00', '2025-04-07 04:31:25'),
(907, 20, 'debit', 'নগদ জমা ', NULL, NULL, NULL, NULL, 100000.00, '2025-03-18 04:31:00', '2025-04-07 04:32:00'),
(908, 15, 'debit', 'নগদ জমা ', NULL, NULL, NULL, NULL, 100000.00, '2025-03-18 04:32:00', '2025-04-07 04:33:49'),
(909, 109, 'debit', 'নগদ জমা ', NULL, NULL, NULL, NULL, 15000.00, '2025-03-18 04:33:00', '2025-04-07 04:41:15'),
(910, 34, 'debit', 'নগদ জমা ', NULL, NULL, NULL, NULL, 25000.00, '2025-03-18 04:41:00', '2025-04-07 04:42:04'),
(911, 100, 'debit', 'নগদ জমা ', NULL, NULL, NULL, NULL, 11000.00, '2025-03-18 04:42:00', '2025-04-07 04:42:51'),
(912, 110, 'debit', 'নগদ জমা ', NULL, NULL, NULL, NULL, 10000.00, '2025-03-18 04:42:00', '2025-04-07 04:43:44'),
(913, 31, 'debit', 'নগদ জমা ', NULL, NULL, NULL, NULL, 40000.00, '2025-03-19 04:43:00', '2025-04-07 04:44:53'),
(914, 133, 'debit', 'নগদ জমা ', NULL, NULL, NULL, NULL, 11000.00, '2025-03-19 04:44:00', '2025-04-07 04:45:42'),
(915, 113, 'debit', 'নগদ জমা ', NULL, NULL, NULL, NULL, 7000.00, '2025-03-19 04:45:00', '2025-04-07 04:46:28'),
(916, 107, 'debit', 'নগদ জমা ', NULL, NULL, NULL, NULL, 29000.00, '2025-03-19 04:47:00', '2025-04-07 04:48:43'),
(917, 30, 'debit', 'নগদ জমা ', NULL, NULL, NULL, NULL, 50000.00, '2025-03-19 04:48:00', '2025-04-07 04:49:18'),
(918, 93, 'debit', 'নগদ জমা ', NULL, NULL, NULL, NULL, 6500.00, '2025-03-19 04:49:00', '2025-04-07 04:50:16'),
(919, 19, 'debit', 'নগদ জমা ', NULL, NULL, NULL, NULL, 135000.00, '2025-03-20 04:50:00', '2025-04-07 04:51:05'),
(920, 103, 'debit', 'নগদ জমা ', NULL, NULL, NULL, NULL, 47500.00, '2025-03-20 04:51:00', '2025-04-07 04:52:14'),
(921, 23, 'debit', 'নগদ জমা ', NULL, NULL, NULL, NULL, 40000.00, '2025-03-20 04:52:00', '2025-04-07 04:53:02'),
(922, 63, 'debit', 'নগদ জমা ', NULL, NULL, NULL, NULL, 30000.00, '2025-03-20 04:53:00', '2025-04-07 04:54:46'),
(923, 16, 'debit', 'নগদ জমা ', NULL, NULL, NULL, NULL, 200000.00, '2025-03-20 04:54:00', '2025-04-07 04:55:21'),
(924, 97, 'debit', 'নগদ জমা ', NULL, NULL, NULL, NULL, 43000.00, '2025-03-21 04:55:00', '2025-04-07 04:56:08'),
(925, 89, 'debit', 'নগদ জমা ', NULL, NULL, NULL, NULL, 22000.00, '2025-03-21 04:56:00', '2025-04-07 04:56:49'),
(926, 38, 'debit', 'নগদ জমা ', NULL, NULL, NULL, NULL, 20000.00, '2025-03-21 04:56:00', '2025-04-07 04:57:27'),
(927, 106, 'debit', 'নগদ জমা ', NULL, NULL, NULL, NULL, 20000.00, '2025-03-21 04:57:00', '2025-04-07 04:59:43'),
(928, 35, 'debit', 'নগদ জমা ', NULL, NULL, NULL, NULL, 15000.00, '2025-03-22 04:59:00', '2025-04-07 05:00:28'),
(929, 137, 'debit', 'নগদ জমা ', NULL, NULL, NULL, NULL, 10000.00, '2025-03-22 05:00:00', '2025-04-07 05:01:11'),
(930, 127, 'debit', 'নগদ জমা ', NULL, NULL, NULL, NULL, 10000.00, '2025-03-22 05:01:00', '2025-04-07 05:01:54'),
(931, 96, 'debit', 'নগদ জমা ', NULL, NULL, NULL, NULL, 9200.00, '2025-03-22 05:01:00', '2025-04-07 05:02:38'),
(932, 110, 'debit', 'নগদ জমা ', NULL, NULL, NULL, NULL, 7000.00, '2025-03-22 05:02:00', '2025-04-07 05:03:25'),
(933, 16, 'debit', 'নগদ জমা ', NULL, NULL, NULL, NULL, 200000.00, '2025-03-23 05:03:00', '2025-04-07 05:04:13'),
(934, 24, 'debit', 'নগদ জমা ', NULL, NULL, NULL, NULL, 100000.00, '2025-03-23 05:04:00', '2025-04-07 05:06:13'),
(935, 25, 'debit', 'নগদ জমা ', NULL, NULL, NULL, NULL, 100000.00, '2025-03-23 05:06:00', '2025-04-07 05:07:05'),
(936, 99, 'debit', 'নগদ জমা ', NULL, NULL, NULL, NULL, 46000.00, '2025-03-23 05:07:00', '2025-04-07 05:08:12'),
(937, 52, 'debit', 'নগদ জমা ', NULL, NULL, NULL, NULL, 15000.00, '2025-03-23 05:08:00', '2025-04-07 05:08:59'),
(938, 17, 'debit', 'নগদ জমা ', NULL, NULL, NULL, NULL, 100000.00, '2025-03-24 05:09:00', '2025-04-07 05:09:38'),
(939, 37, 'debit', 'নগদ জমা ', NULL, NULL, NULL, NULL, 50000.00, '2025-03-24 05:09:00', '2025-04-07 05:10:21'),
(940, 36, 'debit', 'নগদ জমা ', NULL, NULL, NULL, NULL, 60000.00, '2025-03-24 05:10:00', '2025-04-07 05:11:20'),
(941, 50, 'debit', 'নগদ জমা ', NULL, NULL, NULL, NULL, 35000.00, '2025-03-24 05:11:00', '2025-04-07 05:12:19'),
(942, 104, 'debit', 'নগদ জমা ', NULL, NULL, NULL, NULL, 5000.00, '2025-03-24 05:12:00', '2025-04-07 05:12:58'),
(943, 20, 'debit', 'নগদ জমা ', NULL, NULL, NULL, NULL, 100000.00, '2025-03-25 05:12:00', '2025-04-07 05:13:37'),
(944, 26, 'debit', 'নগদ জমা ', NULL, NULL, NULL, NULL, 50000.00, '2025-03-25 05:13:00', '2025-04-07 05:14:10'),
(945, 90, 'debit', 'নগদ জমা ', NULL, NULL, NULL, NULL, 28300.00, '2025-03-25 05:14:00', '2025-04-07 05:14:48'),
(946, 34, 'debit', 'নগদ জমা ', NULL, NULL, NULL, NULL, 20000.00, '2025-03-25 05:14:00', '2025-04-07 05:15:34'),
(947, 138, 'debit', 'নগদ জমা ', NULL, NULL, NULL, NULL, 15000.00, '2025-03-25 05:15:00', '2025-04-07 05:16:18'),
(948, 62, 'debit', 'নগদ জমা ', NULL, NULL, NULL, NULL, 15000.00, '2025-03-25 05:16:00', '2025-04-07 05:18:10'),
(949, 31, 'debit', 'নগদ জমা ', NULL, NULL, NULL, NULL, 150000.00, '2025-03-26 05:18:00', '2025-04-07 05:19:20'),
(950, 103, 'debit', 'নগদ জমা ', NULL, NULL, NULL, NULL, 71000.00, '2025-03-26 05:19:00', '2025-04-07 05:20:07'),
(951, 108, 'debit', 'নগদ জমা ', NULL, NULL, NULL, NULL, 23000.00, '2025-03-26 05:20:00', '2025-04-07 05:21:24'),
(952, 100, 'debit', 'নগদ জমা ', NULL, NULL, NULL, NULL, 20000.00, '2025-03-26 05:21:00', '2025-04-07 05:22:37'),
(953, 39, 'debit', 'নগদ জমা ', NULL, NULL, NULL, NULL, 15000.00, '2025-03-26 05:22:00', '2025-04-07 05:23:14'),
(954, 56, 'debit', 'নগদ জমা ', NULL, NULL, NULL, NULL, 15000.00, '2025-03-26 05:23:00', '2025-04-07 05:24:14'),
(955, 108, 'debit', 'নগদ জমা ', NULL, NULL, NULL, NULL, 9000.00, '2025-03-26 05:25:00', '2025-04-07 05:26:11'),
(956, 16, 'debit', 'নগদ জমা ', NULL, NULL, NULL, NULL, 295000.00, '2025-03-27 05:26:00', '2025-04-07 05:33:08'),
(957, 18, 'debit', 'নগদ জমা ', NULL, NULL, NULL, NULL, 200000.00, '2025-03-27 05:42:00', '2025-04-07 05:42:49');
INSERT INTO `sizing_ledger_entries` (`id`, `client_id`, `type`, `details`, `bim_number`, `bill_number`, `quantities`, `rate`, `total`, `created_at`, `updated_at`) VALUES
(958, 22, 'debit', 'নগদ জমা ', NULL, NULL, NULL, NULL, 200000.00, '2025-03-27 05:42:00', '2025-04-07 05:43:51'),
(959, 17, 'debit', 'নগদ জমা ', NULL, NULL, NULL, NULL, 100000.00, '2025-03-27 05:43:00', '2025-04-07 05:45:07'),
(960, 38, 'debit', 'নগদ জমা ', NULL, NULL, NULL, NULL, 30000.00, '2025-03-27 05:45:00', '2025-04-07 05:45:57'),
(961, 89, 'debit', 'নগদ জমা ', NULL, NULL, NULL, NULL, 15000.00, '2025-03-27 05:45:00', '2025-04-07 05:46:35'),
(962, 11, 'debit', 'নগদ জমা ', NULL, NULL, NULL, NULL, 100000.00, '2025-03-27 05:46:00', '2025-04-07 05:47:23'),
(963, 14, 'debit', 'নগদ জমা ', NULL, NULL, NULL, NULL, 150000.00, '2025-03-27 05:47:00', '2025-04-07 05:48:25'),
(964, 12, 'debit', 'নগদ জমা ', NULL, NULL, NULL, NULL, 300000.00, '2025-03-27 05:48:00', '2025-04-07 05:48:57'),
(965, 13, 'debit', 'নগদ জমা ', NULL, NULL, NULL, NULL, 250000.00, '2025-03-27 05:48:00', '2025-04-07 05:51:36'),
(966, 26, 'debit', 'নগদ জমা ', NULL, NULL, NULL, NULL, 50000.00, '2025-03-27 05:51:00', '2025-04-07 05:52:14'),
(967, 32, 'debit', 'নগদ জমা ', NULL, NULL, NULL, NULL, 500000.00, '2025-03-28 05:52:00', '2025-04-07 06:05:39'),
(968, 20, 'debit', 'নগদ জমা', NULL, NULL, NULL, NULL, 400000.00, '2025-03-28 06:05:00', '2025-04-07 06:21:25'),
(969, 27, 'debit', 'নগদ জমা ', NULL, NULL, NULL, NULL, 50000.00, '2025-03-28 06:21:00', '2025-04-07 06:22:30'),
(970, 88, 'debit', 'নগদ জমা ', NULL, NULL, NULL, NULL, 29500.00, '2025-03-28 06:22:00', '2025-04-07 06:24:26'),
(971, 110, 'debit', 'নগদ জমা ', NULL, NULL, NULL, NULL, 15000.00, '2025-03-28 06:24:00', '2025-04-07 06:25:03'),
(972, 95, 'debit', 'নগদ জমা ', NULL, NULL, NULL, NULL, 15000.00, '2025-03-28 06:25:00', '2025-04-07 06:25:46'),
(973, 35, 'debit', 'নগদ জমা ', NULL, NULL, NULL, NULL, 20000.00, '2025-03-28 06:25:00', '2025-04-07 06:26:56'),
(974, 48, 'debit', 'নগদ জমা ', NULL, NULL, NULL, NULL, 126800.00, '2025-03-28 06:26:00', '2025-04-07 06:28:33'),
(975, 37, 'debit', 'নগদ জমা ', NULL, NULL, NULL, NULL, 80000.00, '2025-03-28 06:28:00', '2025-04-07 06:29:08'),
(976, 57, 'debit', 'নগদ জমা ', NULL, NULL, NULL, NULL, 15000.00, '2025-03-28 06:29:00', '2025-04-07 06:29:47'),
(977, 23, 'debit', 'নগদ জমা ', NULL, NULL, NULL, NULL, 50000.00, '2025-03-29 06:29:00', '2025-04-07 06:30:33'),
(978, 58, 'debit', 'নগদ জমা ', NULL, NULL, NULL, NULL, 10000.00, '2025-03-29 06:30:00', '2025-04-07 06:31:24'),
(979, 90, 'debit', 'নগদ জমা ', NULL, NULL, NULL, NULL, 8000.00, '2025-03-29 06:31:00', '2025-05-06 03:12:37'),
(980, 40, 'debit', 'নগদ জমা ', NULL, NULL, NULL, NULL, 20000.00, '2025-03-29 06:32:00', '2025-04-07 06:32:31'),
(981, 28, 'debit', 'নগদ জমা ', NULL, NULL, NULL, NULL, 40000.00, '2025-03-29 06:32:00', '2025-04-07 06:33:00'),
(982, 19, 'debit', 'নগদ জমা ', NULL, NULL, NULL, NULL, 120000.00, '2025-03-30 06:33:00', '2025-04-07 06:33:31'),
(983, 37, 'credit', '৩০/১ কালার ', NULL, '14717', 507, 23.00, 11661.00, '2025-04-09 07:51:00', '2025-04-13 07:52:01'),
(984, 34, 'credit', '৩০/১ কালার ', NULL, '14718', 405, 23.00, 9315.00, '2025-04-09 07:52:00', '2025-04-13 07:52:53'),
(985, 109, 'credit', '৩০/১ কালার ', NULL, '14719', 362, 24.00, 8688.00, '2025-04-09 07:52:00', '2025-04-13 07:53:49'),
(986, 89, 'credit', '৩০/১ কালার ', NULL, '14720', 343, 23.00, 7889.00, '2025-04-09 07:53:00', '2025-04-13 07:55:41'),
(987, 110, 'credit', '৩০/১ কালার ', NULL, '14721', 275, 23.00, 6325.00, '2025-04-09 07:55:00', '2025-04-13 07:57:00'),
(988, 20, 'credit', '২০/১ কালার ', NULL, '14722', 1086, 20.00, 21720.00, '2025-04-10 07:57:00', '2025-04-13 08:01:35'),
(989, 23, 'credit', '২৫/১ কালার ', NULL, '14723', 260, 22.00, 5720.00, '2025-04-10 07:58:00', '2025-04-13 08:01:25'),
(990, 127, 'credit', '২৫/১ কালার ', NULL, '14724', 260, 22.00, 5720.00, '2025-04-10 07:59:00', '2025-04-13 08:01:06'),
(991, 22, 'credit', '৩০/১ কালার ', NULL, '14726', 829, 23.00, 19067.00, '2025-04-10 08:02:00', '2025-04-13 08:04:17'),
(992, 52, 'credit', '৩০/১ কালার ', NULL, '14727', 520, 23.00, 11960.00, '2025-04-10 08:04:00', '2025-04-13 08:05:41'),
(993, 96, 'credit', '২০/১ কালার ', NULL, '14728', 587, 20.00, 11740.00, '2025-04-10 08:05:00', '2025-04-13 08:07:25'),
(994, 25, 'credit', '৪০/১ কালার ', NULL, '14729', 1126, 25.00, 28150.00, '2025-04-10 08:07:00', '2025-04-13 08:08:15'),
(995, 37, 'credit', '৩০/১ কালার ', NULL, '14730', 373, 23.00, 8579.00, '2025-04-10 08:08:00', '2025-04-13 08:09:16'),
(996, 20, 'credit', '৩০/১ কালার ', NULL, '14731', 1767, 17.00, 30039.00, '2025-04-11 08:09:00', '2025-04-13 08:13:16'),
(997, 120, 'debit', 'নগদ জমা ', NULL, NULL, NULL, NULL, 55000.00, '2025-04-05 08:13:00', '2025-04-13 08:16:03'),
(998, 109, 'debit', 'নগদ জমা ', NULL, NULL, NULL, NULL, 8000.00, '2025-04-08 08:16:00', '2025-04-13 08:16:35'),
(999, 58, 'debit', 'নগদ জমা ', NULL, NULL, NULL, NULL, 10000.00, '2025-04-09 08:16:00', '2025-04-13 08:17:25'),
(1000, 96, 'debit', 'নগদ জমা ', NULL, NULL, NULL, NULL, 9000.00, '2025-04-10 08:17:00', '2025-04-13 08:18:07'),
(1001, 110, 'debit', 'নগদ জমা ', NULL, NULL, NULL, NULL, 5000.00, '2025-04-10 08:18:00', '2025-04-13 08:18:38'),
(1002, 52, 'debit', 'নগদ জমা ', NULL, NULL, NULL, NULL, 20000.00, '2025-04-11 08:18:00', '2025-04-13 08:20:08'),
(1003, 127, 'debit', 'নগদ জমা ', NULL, NULL, NULL, NULL, 15000.00, '2025-04-12 08:20:00', '2025-04-13 08:20:37'),
(1004, 89, 'debit', 'নগদ জমা ', NULL, NULL, NULL, NULL, 15000.00, '2025-04-12 08:20:00', '2025-04-13 08:21:03'),
(1005, 89, 'credit', '৩০/১ কালার ', 14732, NULL, 341, 23.00, 7843.00, '2025-04-12 06:22:00', '2025-04-19 06:25:36'),
(1006, 23, 'credit', '২৫/১ কালার ', 14733, '', 534, 22.00, 11748.00, '2025-04-12 06:25:00', '2025-04-19 06:31:55'),
(1007, 15, 'credit', '২০/১ আকিজ ', 14734, '', 3609, 13.00, 46917.00, '2025-04-12 06:27:00', '2025-04-19 06:28:51'),
(1008, 120, 'credit', '২০/১ ইউথ', 14735, NULL, 3609, 12.00, 43308.00, '2025-04-12 06:28:00', '2025-04-19 06:31:27'),
(1009, 127, 'credit', '২৫/১ কালার ', 14737, NULL, 260, 22.00, 5720.00, '2025-04-13 06:33:00', '2025-04-19 06:34:29'),
(1010, 114, 'credit', '৪৫/১ T.C কুমিল্লা ', 14738, NULL, 1012, 30.00, 30360.00, '2025-04-13 06:34:00', '2025-04-19 06:39:37'),
(1011, 13, 'credit', '45/1 T.C কুমিল্লা ', 44064, NULL, 1836, 24.00, 44064.00, '2025-04-13 06:37:00', '2025-04-19 06:39:12'),
(1012, 14, 'credit', '৩০/১ ইসমাইল ', 14740, NULL, 2969, 17.00, 50473.00, '2025-04-13 06:40:00', '2025-04-19 06:42:18'),
(1013, 22, 'credit', '৩০১ কালার ', 14742, NULL, 829, 23.00, 19067.00, '2025-04-14 06:42:00', '2025-04-19 06:43:27'),
(1014, 95, 'credit', '৩০/১ কালার ', 14743, NULL, 313, 24.00, 7512.00, '2025-04-14 06:43:00', '2025-04-19 06:44:44'),
(1015, 37, 'credit', '৩০/১ কালার ', 14744, NULL, 1047, 23.00, 24081.00, '2025-04-14 06:44:00', '2025-04-19 06:46:30'),
(1016, 100, 'credit', '৩০/১ কালার ', 14745, NULL, 354, 24.00, 8496.00, '2025-04-14 06:46:00', '2025-04-19 07:01:46'),
(1017, 20, 'credit', '২০/১ কালার ', 14746, NULL, 980, 20.00, 19600.00, '2025-04-14 07:01:00', '2025-04-19 07:04:04'),
(1018, 68, 'credit', '৩০/১ কালার', 14747, NULL, 337, 23.00, 7751.00, '2025-04-14 07:04:00', '2025-04-19 07:07:41'),
(1019, 58, 'credit', '৩০/১ কালার ', 14748, NULL, 344, 24.00, 8256.00, '2025-04-14 07:07:00', '2025-04-19 07:08:29'),
(1020, 97, 'credit', '৪০/১ কালার ', 14749, NULL, 618, 23.00, 14214.00, '2025-04-14 07:08:00', '2025-04-19 07:09:20'),
(1021, 30, 'credit', '৪০/১ আকবর ', 14750, '', 1736, 14.50, 25172.00, '2025-04-14 07:14:00', '2025-04-19 07:21:44'),
(1022, 31, 'credit', '৪০/১ তাফরিদ ', 14751, NULL, 3515, 15.00, 52725.00, '2025-04-14 07:21:00', '2025-04-19 07:23:57'),
(1023, 23, 'credit', '২৫/১ কালার ', 14762, NULL, 255, 22.00, 5610.00, '2025-04-15 07:23:00', '2025-04-19 07:25:34'),
(1024, 126, 'credit', '৪০/১ কালার ', 14763, NULL, 786, 28.00, 22008.00, '2025-04-15 07:25:00', '2025-04-19 07:26:57'),
(1025, 116, 'credit', '৪০/১ কালার ', 14764, NULL, 323, 25.00, 8075.00, '2025-04-15 07:26:00', '2025-04-19 07:28:35'),
(1026, 19, 'credit', '৪০/১ আকবর ', 14765, '', 3481, 13.00, 45253.00, '2025-04-15 07:28:00', '2025-04-19 07:30:00'),
(1027, 24, 'credit', '৩০/১ R মাদার ', 14752, NULL, 5260, 16.00, 84160.00, '2025-04-15 07:30:00', '2025-05-05 07:21:42'),
(1028, 22, 'credit', '৩০/১ কালার ', 14753, NULL, 785, 23.00, 18055.00, '2025-04-15 07:31:00', '2025-04-19 07:32:33'),
(1029, 58, 'credit', '৩০/১ কালার ', 14754, NULL, 344, 24.00, 8256.00, '2025-04-15 07:32:00', '2025-04-19 07:35:15'),
(1030, 20, 'credit', '২০/১ কালার ', 14755, NULL, 607, 20.00, 12140.00, '2025-04-15 07:35:00', '2025-04-19 07:37:39'),
(1031, 96, 'credit', '৩০/১ কালার ', 14756, NULL, 400, 24.00, 9600.00, '2025-04-15 07:37:00', '2025-04-19 07:39:40'),
(1032, 23, 'credit', '৩০/১ কালার ', 14757, NULL, 262, 22.00, 5764.00, '2025-04-15 07:39:00', '2025-04-19 07:42:20'),
(1033, 127, 'credit', '২৫/১ কালার ', 14758, NULL, 236, 22.00, 5192.00, '2025-04-15 07:42:00', '2025-04-19 07:43:24'),
(1034, 89, 'credit', '৩০/১ কালার ', 14760, NULL, 345, 23.00, 7935.00, '2025-04-15 07:43:00', '2025-04-19 07:45:11'),
(1035, 90, 'credit', '৩০/১ কালার ', 14761, NULL, 447, 24.00, 10728.00, '2025-04-15 07:45:00', '2025-04-19 07:46:17'),
(1036, 21, 'credit', '৩০/১ কালার ', 14766, NULL, 387, 23.00, 8901.00, '2025-04-16 07:46:00', '2025-04-19 07:48:14'),
(1037, 104, 'credit', '৪০/১ প্রোমেক্স ', 14767, NULL, 2520, 14.50, 36540.00, '2025-04-16 07:48:00', '2025-04-19 07:49:15'),
(1038, 37, 'credit', '৩০/১ কালার ', 14768, NULL, 520, 23.00, 11960.00, '2025-04-16 07:49:00', '2025-04-19 07:51:01'),
(1039, 20, 'credit', '২০/১ কালার ', 14769, NULL, 390, 20.00, 7800.00, '2025-04-16 07:51:00', '2025-04-19 07:52:03'),
(1040, 26, 'credit', '45/1 T.C যমুনা ', 14770, NULL, 1623, 22.00, 35706.00, '2025-04-16 07:52:00', '2025-04-19 08:00:54'),
(1041, 21, 'credit', '৩০/১ কালার ', 14771, NULL, 390, 23.00, 8970.00, '2025-04-16 08:00:00', '2025-04-19 08:02:20'),
(1042, 68, 'credit', '৩০/১ কালার ', 14772, NULL, 334, 23.00, 7682.00, '2025-04-16 08:02:00', '2025-04-19 08:04:57'),
(1043, 52, 'credit', '৩০/১ কালার ', 14773, NULL, 410, 23.00, 9430.00, '2025-04-16 08:04:00', '2025-04-19 08:08:10'),
(1044, 12, 'credit', '৩০/১ ইসমাইল ', 14779, NULL, 5729, 16.00, 91664.00, '2025-04-17 08:08:00', '2025-04-19 08:09:30'),
(1045, 13, 'credit', '45/1 T.C কুমিল্লা ', 14780, NULL, 1603, 24.00, 38472.00, '2025-04-17 08:09:00', '2025-04-19 08:10:46'),
(1046, 25, 'credit', '৪০/১ কালার ', 14782, NULL, 1134, 25.00, 28350.00, '2025-04-17 08:10:00', '2025-04-19 08:12:32'),
(1047, 20, 'credit', '২০/১ কালার ', 14783, NULL, 558, 20.00, 11160.00, '2025-04-17 08:12:00', '2025-04-19 08:13:26'),
(1048, 97, 'credit', '৪০/১ কালার ', 14774, NULL, 622, 23.00, 14306.00, '2025-04-17 08:13:00', '2025-04-19 08:14:57'),
(1049, 93, 'credit', '৩০/১ কালার ', 14775, NULL, 296, 24.00, 7104.00, '2025-04-17 08:14:00', '2025-04-19 08:18:43'),
(1050, 95, 'credit', '৩০/১ কালার ', 14776, NULL, 324, 24.00, 7776.00, '2025-04-17 08:18:00', '2025-04-19 08:19:36'),
(1051, 23, 'credit', '২৫/১ কালার ', 14777, NULL, 251, 22.00, 5522.00, '2025-04-17 08:19:00', '2025-04-19 08:20:39'),
(1052, 17, 'credit', '২০/১ মিন ', 14778, NULL, 3185, 12.00, 38220.00, '2025-04-17 08:20:00', '2025-04-19 08:21:31'),
(1053, 22, 'credit', '৩০/১ কালার ', 14784, '', 371, 23.00, 8533.00, '2025-04-18 08:21:00', '2025-04-19 08:22:41'),
(1054, 34, 'credit', '৩০/১ কালার ', 14785, NULL, 419, 23.00, 9637.00, '2025-04-18 08:22:00', '2025-04-19 08:23:24'),
(1055, 100, 'credit', '৩০/১ কালার ', 14786, NULL, 445, 24.00, 10680.00, '2025-04-18 08:23:00', '2025-04-19 08:24:09'),
(1056, 114, 'debit', 'নগদ জমা ', NULL, NULL, NULL, NULL, 30000.00, '2025-04-12 23:14:00', '2025-04-19 23:15:52'),
(1057, 58, 'debit', 'নগদ জমা ', NULL, NULL, NULL, NULL, 20000.00, '2025-04-13 23:15:00', '2025-04-19 23:16:38'),
(1058, 95, 'debit', 'নগদ জমা ', NULL, NULL, NULL, NULL, 16000.00, '2025-04-13 23:16:00', '2025-04-19 23:17:06'),
(1059, 96, 'debit', 'নগদ জমা ', NULL, NULL, NULL, NULL, 9000.00, '2025-04-14 23:17:00', '2025-04-19 23:18:33'),
(1060, 100, 'debit', 'নগদ জমা ', NULL, NULL, NULL, NULL, 8400.00, '2025-04-14 23:18:00', '2025-04-19 23:19:00'),
(1061, 31, 'debit', 'নগদ জমা ', NULL, NULL, NULL, NULL, 60000.00, '2025-04-15 23:19:00', '2025-04-19 23:19:45'),
(1062, 30, 'debit', 'নগদ জমা ', NULL, NULL, NULL, NULL, 30000.00, '2025-04-15 23:19:00', '2025-04-19 23:22:04'),
(1063, 103, 'debit', 'নগদ জমা ', NULL, NULL, NULL, NULL, 30000.00, '2025-04-15 23:22:00', '2025-04-19 23:22:43'),
(1064, 116, 'debit', 'নগদ জমা ', NULL, NULL, NULL, NULL, 8000.00, '2025-04-15 23:22:00', '2025-04-19 23:23:28'),
(1066, 24, 'debit', 'নগদ জমা ', NULL, NULL, NULL, NULL, 100000.00, '2025-04-16 23:24:00', '2025-05-05 07:32:50'),
(1067, 104, 'debit', 'নগদ জমা ', NULL, NULL, NULL, NULL, 37800.00, '2025-04-16 23:25:00', '2025-04-19 23:29:15'),
(1068, 23, 'debit', 'নগদ জমা ', NULL, NULL, NULL, NULL, 30000.00, '2025-04-16 23:29:00', '2025-04-19 23:31:39'),
(1069, 94, 'debit', 'নগদ জমা ', NULL, NULL, NULL, NULL, 50000.00, '2025-04-16 23:31:00', '2025-04-19 23:32:22'),
(1070, 93, 'debit', 'নগদ জমা ', NULL, NULL, NULL, NULL, 12000.00, '2025-04-16 23:32:00', '2025-04-19 23:33:49'),
(1071, 97, 'debit', 'নগদ জমা ', NULL, NULL, NULL, NULL, 35000.00, '2025-04-17 23:33:00', '2025-04-19 23:34:53'),
(1072, 126, 'debit', 'নগদ জমা ', NULL, NULL, NULL, NULL, 21000.00, '2025-04-17 23:34:00', '2025-04-19 23:35:47'),
(1073, 100, 'debit', 'নগদ জমা ', NULL, NULL, NULL, NULL, 10000.00, '2025-04-17 23:35:00', '2025-04-19 23:36:23'),
(1074, 32, 'debit', 'Discount বাবদ জমা ', NULL, NULL, NULL, NULL, 102394.00, '2025-03-28 06:11:00', '2025-04-22 06:12:20'),
(1075, 18, 'debit', 'Discount বাবদ জমা ', NULL, NULL, NULL, NULL, 32771.00, '2025-03-27 06:13:00', '2025-04-22 06:56:14'),
(1076, 32, 'credit', '৪০/১ ডেলসি ', NULL, '14787', 6434, 14.00, 90076.00, '2025-04-19 06:15:00', '2025-04-22 06:16:55'),
(1077, 68, 'credit', '৩০/১ কালার ', NULL, '14788', 337, 23.00, 7751.00, '2025-04-19 06:18:00', '2025-04-22 06:19:56'),
(1078, 19, 'debit', 'Discount বাবদ জমা', NULL, NULL, NULL, NULL, 21161.00, '2025-03-27 06:22:00', '2025-04-22 06:29:20'),
(1079, 19, 'credit', '৪০/১ আকবর ', NULL, '14789', 4471, 13.00, 58123.00, '2025-04-19 06:29:00', '2025-04-22 06:30:53'),
(1080, 19, 'credit', '৪০/১ আকবর ', NULL, '14790', 3481, 13.00, 45253.00, '2025-04-20 06:31:00', '2025-04-22 06:32:30'),
(1081, 95, 'credit', '৩০/১ কালার ', NULL, '14791', 424, 24.00, 10176.00, '2025-04-20 06:32:00', '2025-04-22 06:34:14'),
(1082, 21, 'credit', '৩০/১ কালার ', NULL, '14792', 923, 23.00, 21229.00, '2025-04-20 06:34:00', '2025-04-22 06:35:21'),
(1083, 52, 'credit', '৩০/১ কালার ', NULL, '14793', 324, 23.00, 7452.00, '2025-04-20 06:35:00', '2025-04-22 06:36:31'),
(1084, 37, 'credit', '৩০/১ কালার ', NULL, '14794', 520, 23.00, 11960.00, '2025-04-20 06:36:00', '2025-04-22 06:37:26'),
(1085, 34, 'credit', '৩০/১ কালার ', NULL, '14795', 418, 23.00, 9614.00, '2025-04-20 06:37:00', '2025-04-22 06:38:20'),
(1086, 20, 'credit', '৩০/১ কালার ', NULL, '14796', 365, 23.00, 8395.00, '2025-04-20 06:38:00', '2025-04-22 06:39:13'),
(1087, 107, 'credit', '45/1 T.C S.A', NULL, '14797', 3599, 22.00, 79178.00, '2025-04-21 06:39:00', '2025-04-22 06:41:23'),
(1088, 16, 'debit', 'Discount বাবদ জমা', NULL, NULL, NULL, NULL, 50328.00, '2025-03-27 06:42:00', '2025-04-22 06:43:21'),
(1089, 16, 'credit', '৩০/১ কাদের ', NULL, '14798', 5019, 17.00, 85323.00, '2025-04-21 06:43:00', '2025-04-22 06:44:22'),
(1090, 68, 'credit', '৩০/১ কালার ', NULL, '14799', 609, 23.00, 14007.00, '2025-04-21 06:44:00', '2025-04-22 06:47:51'),
(1091, 94, 'credit', '40/1  গ্রীন টেক্স ', NULL, '14800', 3080, 15.00, 46200.00, '2025-04-21 06:47:00', '2025-04-22 06:49:58'),
(1092, 23, 'credit', '২৫/১ কালার', NULL, '14801', 261, 22.00, 5742.00, '2025-04-21 06:49:00', '2025-04-22 06:51:30'),
(1093, 52, 'debit', 'নগদ জমা ', NULL, NULL, NULL, NULL, 20000.00, '2025-04-20 06:52:00', '2025-04-22 06:53:10'),
(1094, 68, 'debit', 'নগদ জমা ', NULL, NULL, NULL, NULL, 50000.00, '2025-04-21 06:53:00', '2025-04-22 06:54:00'),
(1095, 37, 'debit', 'Discount বাবদ জমা', NULL, NULL, NULL, NULL, 20232.00, '2025-04-10 06:57:00', '2025-04-22 06:57:43'),
(1096, 36, 'debit', 'Discount বাবদ জমা', NULL, NULL, NULL, NULL, 10992.00, '2025-03-25 06:59:00', '2025-04-22 07:00:01'),
(1097, 22, 'debit', 'Discount বাবদ জমা	', NULL, NULL, NULL, NULL, 30000.00, '2025-03-27 07:02:00', '2025-04-22 07:03:15'),
(1098, 48, 'debit', 'Discount বাবদ জমা ', NULL, NULL, NULL, NULL, 12349.00, '2025-03-28 07:03:00', '2025-04-22 07:07:21'),
(1099, 22, 'credit', '৩০/১ কালার ', NULL, '14803', 782, 23.00, 17986.00, '2025-04-22 00:31:00', '2025-04-24 00:33:14'),
(1100, 37, 'credit', '৩০/১ কালার ', NULL, '14804', 1031, 23.00, 23713.00, '2025-04-22 00:33:00', '2025-04-24 00:34:36'),
(1101, 95, 'credit', '৩০/১ কালার', NULL, '14805', 624, 24.00, 14976.00, '2025-04-22 00:34:00', '2025-04-24 00:37:07'),
(1102, 21, 'credit', '৩০/১ কালার ', NULL, '14806', 484, 23.00, 11132.00, '2025-04-22 00:37:00', '2025-04-24 00:38:01'),
(1103, 97, 'credit', '৩০/১ কালার', NULL, '14807', 646, 23.00, 14858.00, '2025-04-22 00:38:00', '2025-04-24 00:39:03'),
(1104, 93, 'credit', '৩০/১ কালার ', NULL, '14808', 293, 24.00, 7032.00, '2025-04-22 00:39:00', '2025-04-24 00:40:09'),
(1105, 131, 'credit', '৪০/১ কালার ', NULL, '14809', 353, 25.00, 8825.00, '2025-04-22 00:40:00', '2025-04-24 00:41:15'),
(1106, 31, 'credit', '  ৪০/১ R.S', NULL, '14802', 3199, 15.00, 47985.00, '2025-04-22 06:21:00', '2025-04-26 06:30:27'),
(1107, 30, 'credit', '৪০/১ আকবর ', NULL, '14813', 2620, 14.50, 37990.00, '2025-04-23 06:30:00', '2025-04-26 06:35:16'),
(1108, 27, 'credit', '৪০/১ A.S', NULL, '14814', 2495, 15.50, 38672.50, '2025-04-23 06:35:00', '2025-04-26 06:36:14'),
(1109, 20, 'credit', '২০/১ কালার ', NULL, '14810', 655, 20.00, 13100.00, '2025-04-23 06:36:00', '2025-04-26 06:37:40'),
(1110, 27, 'credit', '৩০/১ C.V.C', NULL, '14811', 1630, 15.50, 25265.00, '2025-04-23 06:37:00', '2025-04-26 06:40:39'),
(1111, 27, 'credit', '৪০/১ M.T.M', NULL, '14812', 1080, 15.50, 16740.00, '2025-04-23 06:40:00', '2025-04-26 06:41:48'),
(1112, 25, 'credit', '৪০/১ কালার ', NULL, '14816', 379, 25.00, 9475.00, '2025-04-24 06:41:00', '2025-04-26 06:49:21'),
(1113, 100, 'credit', '৩০/১ কালার ', NULL, '14817', 441, 24.00, 10584.00, '2025-04-24 06:49:00', '2025-04-26 06:50:23'),
(1114, 21, 'credit', '৩০/১ কালার ', NULL, '14818', 824, 23.00, 18952.00, '2025-04-24 06:50:00', '2025-04-26 06:52:00'),
(1115, 89, 'credit', '৩০/১ কালার ', NULL, '14819', 350, 23.00, 8050.00, '2025-04-24 06:52:00', '2025-04-26 06:52:47'),
(1116, 52, 'credit', '৩০/১ কালার ', NULL, '14820', 405, 23.00, 9315.00, '2025-04-24 06:52:00', '2025-04-26 06:53:42'),
(1117, 131, 'credit', '৪০/১ কালার ', NULL, '14821', 353, 25.00, 8825.00, '2025-04-24 06:53:00', '2025-04-26 06:55:45'),
(1118, 90, 'credit', '৩০/১ কালার ', NULL, '14822', 347, 24.00, 8328.00, '2025-04-24 06:55:00', '2025-04-26 06:56:41'),
(1119, 68, 'credit', '৩০/১ কালার ', NULL, '14823', 308, 23.00, 7084.00, '2025-04-24 06:56:00', '2025-04-26 06:58:18'),
(1120, 22, 'credit', '৩০/১ কালার ', NULL, '14824', 821, 23.00, 18883.00, '2025-04-24 06:58:00', '2025-04-26 06:59:47'),
(1121, 26, 'credit', '৪৫/১ T.C ফুয়াদ ', NULL, '14825', 1899, 22.00, 41778.00, '2025-04-24 06:59:00', '2025-04-26 07:01:07'),
(1122, 129, 'credit', '৪০/১ ম্যাকসন ', NULL, '14815', 1628, 15.00, 24420.00, '2025-04-24 07:07:00', '2025-04-26 07:09:20'),
(1123, 120, 'credit', '২০/১ ইউথ ', NULL, '14826', 3609, 12.00, 43308.00, '2025-04-25 07:09:00', '2025-04-26 07:10:12'),
(1124, 43, 'debit', 'নগদ জমা ', NULL, NULL, NULL, NULL, 25000.00, '2025-04-22 07:15:00', '2025-04-26 07:16:21'),
(1125, 95, 'debit', 'নগদ জমা ', NULL, NULL, NULL, NULL, 25000.00, '2025-04-22 07:16:00', '2025-04-26 07:16:50'),
(1126, 131, 'debit', 'নগদ জমা ', NULL, NULL, NULL, NULL, 16500.00, '2025-04-22 07:16:00', '2025-04-26 07:17:30'),
(1127, 31, 'debit', 'নগদ জমা ', NULL, NULL, NULL, NULL, 50000.00, '2025-04-23 07:17:00', '2025-04-26 07:18:24'),
(1128, 100, 'debit', 'নগদ জমা ', NULL, NULL, NULL, NULL, 10000.00, '2025-04-23 07:18:00', '2025-04-26 07:18:51'),
(1129, 58, 'debit', 'নগদ জমা ', NULL, NULL, NULL, NULL, 8000.00, '2025-04-23 07:18:00', '2025-04-26 07:19:23'),
(1130, 19, 'debit', 'নগদ জমা ', NULL, NULL, NULL, NULL, 147500.00, '2025-04-24 07:19:00', '2025-04-26 07:20:27'),
(1131, 15, 'debit', 'নগদ জমা ', NULL, NULL, NULL, NULL, 80000.00, '2025-04-24 07:20:00', '2025-04-26 07:21:07'),
(1132, 17, 'debit', 'নগদ জমা ', NULL, NULL, NULL, NULL, 50000.00, '2025-04-24 07:21:00', '2025-04-26 07:21:37'),
(1133, 26, 'debit', 'নগদ জমা ', NULL, NULL, NULL, NULL, 50000.00, '2025-04-24 07:21:00', '2025-04-26 07:22:15'),
(1134, 89, 'debit', 'নগদ জমা ', NULL, NULL, NULL, NULL, 24000.00, '2025-04-24 07:22:00', '2025-04-26 07:22:45'),
(1135, 129, 'debit', 'নগদ জমা ', NULL, NULL, NULL, NULL, 20000.00, '2025-04-24 07:22:00', '2025-04-26 07:23:51'),
(1136, 90, 'debit', 'নগদ জমা ', NULL, NULL, NULL, NULL, 12000.00, '2025-04-24 07:23:00', '2025-04-26 07:24:21'),
(1137, 52, 'debit', 'নগদ জমা ', NULL, NULL, NULL, NULL, 10000.00, '2025-04-24 07:24:00', '2025-04-26 07:24:57'),
(1138, 109, 'debit', 'নগদ জমা ', NULL, NULL, NULL, NULL, 8000.00, '2025-04-25 07:24:00', '2025-04-26 07:25:26'),
(1139, 12, 'credit', '৩০/১ ইসমাইল ', NULL, '14828', 5729, 16.00, 91664.00, '2025-04-25 23:31:00', '2025-05-03 23:33:53'),
(1140, 21, 'credit', '৩০/১ কালার ', NULL, '14830', 447, 23.00, 10281.00, '2025-04-25 23:33:00', '2025-05-03 23:34:52'),
(1141, 90, 'credit', '৩০/১ কালার ', NULL, '14831', 435, 24.00, 10440.00, '2025-04-25 23:34:00', '2025-05-03 23:35:37'),
(1142, 68, 'credit', '৩০/১ কালার ', NULL, '14832', 321, 23.00, 7383.00, '2025-04-25 23:35:00', '2025-05-03 23:36:31'),
(1143, 58, 'credit', '৩০/১ কালার ', NULL, '14833', 419, 24.00, 10056.00, '2025-04-25 23:36:00', '2025-05-03 23:37:23'),
(1144, 37, 'credit', '৩০/১ কালার ', NULL, '14834', 517, 23.00, 11891.00, '2025-04-25 23:37:00', '2025-05-03 23:38:14'),
(1145, 16, 'credit', 'স্যাম্পল বীম ', NULL, '14835', 772, 26.00, 20072.00, '2025-04-25 23:38:00', '2025-05-03 23:39:35'),
(1146, 22, 'credit', '৩০/১ কালার ', NULL, '14836', 410, 23.00, 9430.00, '2025-04-25 23:39:00', '2025-05-03 23:40:42'),
(1147, 34, 'credit', '৩০/১ কালার ', NULL, '14837', 413, 23.00, 9499.00, '2025-04-25 23:40:00', '2025-05-03 23:41:55'),
(1148, 110, 'credit', '৩০/১ কালার ', NULL, '14838', 439, 23.00, 10097.00, '2025-04-25 23:41:00', '2025-05-03 23:42:55'),
(1149, 109, 'credit', '৩০/১ কালার ', NULL, '14829', 358, 24.00, 8592.00, '2025-04-25 23:42:00', '2025-05-03 23:44:14'),
(1150, 19, 'credit', '৪০/১ আকবর ', NULL, '14844', 3481, 13.00, 45253.00, '2025-04-25 23:44:00', '2025-05-03 23:46:35'),
(1151, 35, 'credit', '৪০/১ শিবলু ', NULL, '14845', 1888, 15.00, 28320.00, '2025-04-26 23:46:00', '2025-05-03 23:48:22'),
(1152, 30, 'credit', '৫০/১ A.A ', NULL, '14846', 1920, 15.50, 29760.00, '2025-04-26 23:48:00', '2025-05-03 23:50:07'),
(1153, 20, 'credit', '২০/১ কালার ', NULL, '14839', 3311, 15.00, 49665.00, '2025-04-26 23:50:00', '2025-05-03 23:51:20'),
(1154, 50, 'credit', '৩৪/১ কালার ', NULL, '14840', 352, 23.00, 8096.00, '2025-04-26 23:51:00', '2025-05-03 23:52:22'),
(1155, 95, 'credit', '৩০/১ কালার ', NULL, '14841', 425, 24.00, 10200.00, '2025-04-26 23:52:00', '2025-05-03 23:53:09'),
(1156, 63, 'credit', '৩০/১ কালার ', NULL, '14842', 371, 23.00, 8533.00, '2025-04-26 23:53:00', '2025-05-03 23:54:24'),
(1157, 22, 'credit', '৩০/১ কালার ', NULL, '14843', 411, 23.00, 9453.00, '2025-04-26 23:54:00', '2025-05-03 23:55:26'),
(1158, 32, 'credit', '৪০/১ পাকিজা ', NULL, '14851', 6940, 14.00, 97160.00, '2025-04-27 23:55:00', '2025-05-03 23:56:38'),
(1159, 88, 'credit', '৩০/১ কালার ', NULL, '14852', 872, 24.00, 20928.00, '2025-04-27 23:56:00', '2025-05-03 23:57:46'),
(1160, 21, 'credit', '৩০/১ কালার ', NULL, '14853', 437, 23.00, 10051.00, '2025-04-27 23:57:00', '2025-05-03 23:58:39'),
(1161, 37, 'credit', '৩০/১ কালার ', NULL, '14854', 520, 23.00, 11960.00, '2025-04-27 23:58:00', '2025-05-03 23:59:35'),
(1162, 15, 'credit', '২০/১ আকিজ ', NULL, '14847', 3609, 13.00, 46917.00, '2025-04-27 23:59:00', '2025-05-04 00:00:49'),
(1163, 97, 'credit', '৪০/১ কালার ', NULL, '14848', 633, 23.00, 14559.00, '2025-04-28 00:00:00', '2025-05-04 00:02:08'),
(1164, 89, 'credit', '৩০/১ কালার ', NULL, '14849', 354, 23.00, 8142.00, '2025-04-28 00:02:00', '2025-05-04 00:03:00'),
(1165, 90, 'credit', '৩০/১ কালার ', NULL, '14850', 351, 24.00, 8424.00, '2025-04-28 00:03:00', '2025-05-04 00:04:00'),
(1166, 31, 'credit', '৪০/১ তাফরিদ', NULL, '14855', 2629, 15.00, 39435.00, '2025-04-29 00:04:00', '2025-05-04 00:05:49'),
(1167, 108, 'credit', '৪০/১ হাসেম ', NULL, '14856', 1534, 18.00, 27612.00, '2025-04-29 00:05:00', '2025-05-04 00:07:00'),
(1168, 68, 'credit', '৩০/১ কালার ', NULL, '14857', 321, 23.00, 7383.00, '2025-04-29 00:07:00', '2025-05-04 00:08:14'),
(1169, 88, 'credit', '৩০/১ কালার ', NULL, '14858', 878, 24.00, 21072.00, '2025-04-29 00:08:00', '2025-05-04 00:08:59'),
(1170, 13, 'credit', '৪৫/১ T.C কুমিল্লা ', NULL, '14859', 2263, 24.00, 54312.00, '2025-04-29 00:09:00', '2025-05-04 00:10:01'),
(1171, 34, 'credit', '৩০/১ কালার ', NULL, '14860', 413, 23.00, 9499.00, '2025-04-29 00:10:00', '2025-05-04 00:10:59'),
(1172, 20, 'credit', '৩০/১ কালার ', NULL, '14866', 576, 23.00, 13248.00, '2025-04-30 00:11:00', '2025-05-04 00:11:50'),
(1173, 21, 'credit', '৩০/১ কালার ', NULL, '14867', 453, 23.00, 10419.00, '2025-04-30 00:11:00', '2025-05-04 00:13:06'),
(1174, 95, 'credit', '৩০/১ কালার ', NULL, '14868', 324, 24.00, 7776.00, '2025-04-30 00:13:00', '2025-05-04 00:13:49'),
(1175, 89, 'credit', '৩০/১ কালার ', NULL, '14869', 350, 23.00, 8050.00, '2025-04-30 00:13:00', '2025-05-04 00:14:46'),
(1176, 101, 'credit', '৩০/১ কালার ', NULL, '14870', 324, 24.00, 7776.00, '2025-04-30 00:14:00', '2025-05-04 00:15:39'),
(1177, 68, 'credit', '৩০/১ কালার ', NULL, '14871', 690, 23.00, 15870.00, '2025-04-30 00:15:00', '2025-05-04 00:16:35'),
(1178, 12, 'credit', '৩০/১ সুফিয়া', NULL, '14872', 5576, 16.00, 89216.00, '2025-04-30 00:16:00', '2025-05-04 00:17:39'),
(1179, 17, 'credit', '২০/১ মিন ', NULL, '14861', 3185, 12.00, 38220.00, '2025-04-30 00:17:00', '2025-05-04 00:19:06'),
(1180, 93, 'credit', '৩০/১ কালার ', NULL, '14862', 213, 24.00, 5112.00, '2025-04-30 00:19:00', '2025-05-04 00:20:09'),
(1181, 26, 'credit', '৪৫/১ T.C ফুয়াদ ', NULL, '14863', 1899, 22.00, 41778.00, '2025-04-30 00:20:00', '2025-05-04 00:21:19'),
(1182, 50, 'credit', '৪০/১ কালার ', NULL, '14864', 375, 24.00, 9000.00, '2025-04-30 00:21:00', '2025-05-04 00:22:15'),
(1183, 97, 'credit', '৪০/১ কালার ', NULL, '14865', 618, 23.00, 14214.00, '2025-04-30 00:22:00', '2025-05-04 00:23:23'),
(1184, 63, 'debit', 'নগদ জমা ', NULL, NULL, NULL, NULL, 25000.00, '2025-04-26 00:29:00', '2025-05-04 00:32:01'),
(1185, 110, 'debit', 'নগদ জমা ', NULL, NULL, NULL, NULL, 11000.00, '2025-04-26 00:32:00', '2025-05-04 00:32:41'),
(1186, 20, 'debit', 'নগদ জমা ', NULL, NULL, NULL, NULL, 100000.00, '2025-04-27 00:32:00', '2025-05-04 00:34:00'),
(1187, 37, 'debit', 'নগদ জমা ', NULL, NULL, NULL, NULL, 40000.00, '2025-04-27 00:34:00', '2025-05-04 00:36:31'),
(1188, 89, 'debit', 'নগদ জমা ', NULL, NULL, NULL, NULL, 8000.00, '2025-04-27 00:36:00', '2025-05-04 00:37:07'),
(1189, 35, 'debit', 'নগদ জমা ', NULL, NULL, NULL, NULL, 20000.00, '2025-04-27 00:37:00', '2025-05-04 00:38:08'),
(1190, 88, 'debit', 'নগদ জমা ', NULL, NULL, NULL, NULL, 40000.00, '2025-04-28 00:38:00', '2025-05-04 00:39:25'),
(1191, 50, 'debit', 'নগদ জমা ', NULL, NULL, NULL, NULL, 15000.00, '2025-04-28 00:39:00', '2025-05-04 00:40:02'),
(1192, 95, 'debit', 'নগদ জমা ', NULL, NULL, NULL, NULL, 9000.00, '2025-04-28 00:40:00', '2025-05-04 00:40:43'),
(1193, 26, 'debit', 'নগদ জমা ', NULL, NULL, NULL, NULL, 50000.00, '2025-04-29 00:40:00', '2025-05-04 00:41:40'),
(1194, 27, 'debit', 'নগদ জমা ', NULL, NULL, NULL, NULL, 50000.00, '2025-04-29 00:41:00', '2025-05-04 00:42:09'),
(1195, 34, 'debit', 'নগদ জমা ', NULL, NULL, NULL, NULL, 30000.00, '2025-04-29 00:42:00', '2025-05-04 00:42:36'),
(1196, 90, 'debit', 'নগদ জমা ', NULL, NULL, NULL, NULL, 24000.00, '2025-04-29 00:42:00', '2025-05-04 00:43:18'),
(1197, 101, 'debit', 'নগদ জমা ', NULL, NULL, NULL, NULL, 9100.00, '2025-04-29 00:43:00', '2025-05-04 00:44:05'),
(1198, 12, 'debit', 'নগদ জমা ', NULL, NULL, NULL, NULL, 200000.00, '2025-04-30 00:44:00', '2025-05-04 00:45:35'),
(1199, 13, 'debit', 'নগদ জমা', NULL, NULL, NULL, NULL, 150000.00, '2025-04-30 00:45:00', '2025-05-04 00:46:02'),
(1200, 120, 'debit', 'নগদ জমা ', NULL, NULL, NULL, NULL, 70000.00, '2025-04-30 00:46:00', '2025-05-04 00:47:04'),
(1201, 30, 'debit', 'নগদ জমা ', NULL, NULL, NULL, NULL, 50000.00, '2025-04-30 00:47:00', '2025-05-04 00:47:46'),
(1202, 31, 'debit', 'নগদ জমা ', NULL, NULL, NULL, NULL, 40000.00, '2025-04-30 00:47:00', '2025-05-04 00:48:19'),
(1203, 95, 'debit', 'নগদ জমা ', NULL, NULL, NULL, NULL, 10000.00, '2025-04-30 00:48:00', '2025-05-04 00:48:56'),
(1204, 16, 'credit', '৪০/১ নাহিদ ', NULL, '14873', 2711, 20.00, 54220.00, '2025-04-30 21:55:00', '2025-05-04 22:13:03'),
(1205, 22, 'credit', '৩০/১ কালার ', NULL, '14874', 821, 23.00, 18883.00, '2025-04-30 22:13:00', '2025-05-04 22:13:55'),
(1206, 34, 'credit', '৩০/১ কালার ', NULL, '14875', 416, 23.00, 9568.00, '2025-04-30 22:13:00', '2025-05-04 22:15:07'),
(1207, 21, 'credit', '৩০/১ কালার ', NULL, '14876', 446, 23.00, 10258.00, '2025-04-30 22:15:00', '2025-05-04 22:16:44'),
(1208, 88, 'credit', '৩০/১ কালার ', NULL, '14877', 439, 24.00, 10536.00, '2025-04-30 22:16:00', '2025-05-04 22:18:21'),
(1209, 19, 'credit', '৪০/১ আকবর ', NULL, '14879', 3481, 13.00, 45253.00, '2025-04-30 22:18:00', '2025-05-04 22:19:35'),
(1210, 13, 'credit', '৪৫/১ T.C যমুনা ', NULL, '14880', 2886, 24.00, 69264.00, '2025-04-30 22:19:00', '2025-05-04 22:21:19'),
(1211, 104, 'credit', '৪০/১ গ্রীন টেক্স ', NULL, '14881', 1932, 15.00, 28980.00, '2025-04-30 22:21:00', '2025-05-04 22:23:00'),
(1212, 110, 'credit', '৩০/১ কালার ', NULL, '14882', 282, 23.00, 6486.00, '2025-05-02 22:23:00', '2025-05-04 22:23:54'),
(1213, 50, 'credit', '৪০/১ কালার ', NULL, '14883', 347, 24.00, 8328.00, '2025-04-30 22:23:00', '2025-05-04 22:25:09'),
(1214, 17, 'credit', '২০/১ মিন ', NULL, '14884', 3868, 12.00, 46416.00, '2025-05-02 22:25:00', '2025-05-04 22:28:11'),
(1215, 27, 'credit', '২০/১ C.V.C ', NULL, '14885', 2180, 14.50, 31610.00, '2025-05-02 22:28:00', '2025-05-04 22:29:37'),
(1216, 68, 'credit', '৩০/১ কালার ', NULL, '14886', 682, 23.00, 15686.00, '2025-05-02 22:29:00', '2025-05-04 22:32:22'),
(1217, 37, 'credit', '৩০/১ কালার ', NULL, '14887', 524, 23.00, 12052.00, '2025-05-02 22:32:00', '2025-05-04 22:34:38'),
(1218, 21, 'credit', '৩০/১ কালার ', NULL, '14888', 437, 23.00, 10051.00, '2025-05-02 22:34:00', '2025-05-04 22:35:40'),
(1219, 22, 'debit', 'নগদ জমা ', NULL, NULL, NULL, NULL, 50000.00, '2025-04-30 22:39:00', '2025-05-04 22:40:18'),
(1220, 19, 'debit', 'নগদ জমা ', NULL, NULL, NULL, NULL, 45000.00, '2025-04-30 22:40:00', '2025-05-04 22:40:57'),
(1221, 97, 'debit', 'নগদ জমা ', NULL, NULL, NULL, NULL, 42000.00, '2025-05-01 22:40:00', '2025-05-04 22:42:00'),
(1222, 110, 'debit', 'নগদ জমা ', NULL, NULL, NULL, NULL, 8000.00, '2025-05-02 22:42:00', '2025-05-04 22:42:37'),
(1223, 89, 'debit', 'নগদ জমা ', NULL, NULL, NULL, NULL, 15000.00, '2025-05-03 22:42:00', '2025-05-04 22:43:20'),
(1224, 50, 'debit', 'নগদ জমা', NULL, NULL, NULL, NULL, 25000.00, '2025-05-03 22:43:00', '2025-05-04 22:44:06'),
(1225, 58, 'debit', 'নগদ জমা', NULL, NULL, NULL, NULL, 10000.00, '2025-05-03 22:44:00', '2025-05-04 22:45:11'),
(1226, 20, 'debit', 'নগদ জমা ', NULL, NULL, NULL, NULL, 100000.00, '2025-05-03 22:45:00', '2025-05-04 22:46:44'),
(1227, 37, 'debit', 'নগদ জমা ', NULL, NULL, NULL, NULL, 35000.00, '2025-05-03 22:46:00', '2025-05-04 22:48:22'),
(1228, 61, 'debit', 'নগদ জমা ', NULL, NULL, NULL, NULL, 10000.00, '2025-05-03 22:48:00', '2025-05-04 22:49:38'),
(1229, 15, 'credit', '20/1 আকিজ', NULL, '14654', 3609, 13.00, 46917.00, '2025-03-21 23:05:00', '2025-05-04 23:08:55'),
(1230, 22, 'debit', 'Discount  বাবদ জমা ', NULL, NULL, NULL, NULL, 7968.00, '2025-02-24 06:50:00', '2025-05-05 06:51:18'),
(1231, 24, 'debit', 'Discount বাবদ জমা', NULL, NULL, NULL, NULL, 21508.00, '2025-05-05 07:33:00', '2025-05-05 07:34:27'),
(1232, 25, 'debit', 'Discount বাবদ জমা', NULL, NULL, NULL, NULL, 17166.00, '2025-05-05 07:34:00', '2025-05-05 07:35:01'),
(1233, 58, 'credit', '৩০/১ কালার ', NULL, '14889', 339, 24.00, 8136.00, '2025-05-04 01:06:00', '2025-05-06 01:10:12'),
(1234, 64, 'debit', 'নগদ জমা ', NULL, NULL, NULL, NULL, 50000.00, '2025-02-13 01:18:00', '2025-05-06 01:19:06'),
(1235, 52, 'debit', 'নগদ জমা ', NULL, NULL, NULL, NULL, 20000.00, '2025-02-13 01:19:00', '2025-05-06 01:19:33'),
(1236, 52, 'debit', 'Discount বাবদ জমা', NULL, NULL, NULL, NULL, 3224.00, '2025-03-04 01:24:00', '2025-05-06 01:26:18'),
(1237, 109, 'credit', 'সাবেক ব্যালেন্স ', NULL, NULL, NULL, NULL, 4019.00, '2025-01-29 01:34:00', '2025-05-06 01:36:00'),
(1238, 34, 'debit', 'নগদ জমা ', NULL, NULL, NULL, NULL, 25000.00, '2025-04-22 01:52:00', '2025-05-06 01:53:00'),
(1239, 89, 'credit', '৩০/১ কালার ', NULL, '14896', 347, 23.00, 7981.00, '2025-05-04 01:55:00', '2025-05-06 01:56:26'),
(1240, 50, 'credit', '৪০/১ কালার ', NULL, '14895', 342, 24.00, 8208.00, '2025-05-04 01:58:00', '2025-05-06 02:00:17'),
(1241, 50, 'debit', 'নগদ জমা ', NULL, NULL, NULL, NULL, 26500.00, '2025-02-16 02:03:00', '2025-05-06 02:04:02'),
(1242, 50, 'debit', 'Discount বাবদ জমা', NULL, NULL, NULL, NULL, 4000.00, '2025-05-06 02:04:00', '2025-05-06 02:05:04'),
(1243, 138, 'debit', 'Discount বাবদ জমা', NULL, NULL, NULL, NULL, 5329.00, '2025-05-06 02:08:00', '2025-05-06 02:09:27'),
(1244, 90, 'debit', 'Discount বাবদ জমা', NULL, NULL, NULL, NULL, 6000.00, '2025-05-06 03:13:00', '2025-05-06 03:13:54'),
(1245, 69, 'debit', 'Discount বাবদ জমা ', NULL, NULL, NULL, NULL, 64000.00, '2025-05-06 03:15:00', '2025-05-06 03:15:55'),
(1246, 62, 'debit', 'Discount বাবদ জমা ', NULL, NULL, NULL, NULL, 3500.00, '2025-05-06 03:17:00', '2025-05-06 03:17:48'),
(1247, 56, 'debit', 'Discount বাবদ জমা ', NULL, NULL, NULL, NULL, 13000.00, '2025-05-06 03:18:00', '2025-05-06 03:18:44'),
(1248, 57, 'debit', 'Discount বাবদ জমা ', NULL, NULL, NULL, NULL, 10000.00, '2025-05-06 03:19:00', '2025-05-06 03:20:41'),
(1249, 63, 'debit', 'Discount বাবদ জমা ', NULL, NULL, NULL, NULL, 13000.00, '2025-05-06 03:21:00', '2025-05-06 03:22:00'),
(1250, 97, 'debit', 'Discount বাবদ জমা ', NULL, NULL, NULL, NULL, 6000.00, '2025-05-06 03:28:00', '2025-05-06 03:28:35'),
(1251, 96, 'debit', 'Discount বাবদ জমা ', NULL, NULL, NULL, NULL, 4000.00, '2025-05-06 03:28:00', '2025-05-06 03:29:03'),
(1252, 30, 'credit', '৪০/১ আকবর ', NULL, '14894', 2620, 14.50, 37990.00, '2025-05-04 03:29:00', '2025-05-06 03:31:49'),
(1253, 15, 'credit', '২০/১ আকিজ ', NULL, '14897', 2406, 13.00, 31278.00, '2025-05-04 03:31:00', '2025-05-06 03:32:31'),
(1254, 120, 'credit', '২০/১ ইয়ুথ ', NULL, '14898', 2406, 12.00, 28872.00, '2025-05-05 03:32:00', '2025-05-06 03:33:36'),
(1255, 22, 'credit', '৩০/১ কালার ', NULL, '14890', 411, 23.00, 9453.00, '2025-05-04 03:33:00', '2025-05-06 03:34:55'),
(1256, 37, 'credit', '৩০/১ কালার ', NULL, '14891', 524, 23.00, 12052.00, '2025-05-04 03:34:00', '2025-05-06 03:35:47'),
(1257, 20, 'credit', '২০/১ কালার ', NULL, '14892', 3169, 15.00, 47535.00, '2025-05-04 03:35:00', '2025-05-06 03:37:52'),
(1258, 25, 'credit', '৪০/১ নান্নু ', NULL, '14893', 2625, 17.00, 44625.00, '2025-05-04 03:37:00', '2025-05-06 03:38:42'),
(1259, 14, 'credit', '৩০/১ ইসমাইল ', NULL, '14899', 2857, 17.00, 48569.00, '2025-05-05 03:38:00', '2025-05-06 03:39:35'),
(1260, 20, 'credit', '৩০/১ কালার ', NULL, '14900', 356, 23.00, 8188.00, '2025-05-05 03:39:00', '2025-05-06 03:40:23'),
(1261, 34, 'credit', '৩০/১ কালার ', NULL, '14901', 415, 23.00, 9545.00, '2025-05-05 03:40:00', '2025-05-06 03:41:13'),
(1262, 21, 'debit', 'নগদ জমা ', NULL, NULL, NULL, NULL, 100000.00, '2025-05-05 03:41:00', '2025-05-06 03:42:27'),
(1263, 35, 'debit', 'নগদ জমা ', NULL, NULL, NULL, NULL, 10000.00, '2025-05-05 03:42:00', '2025-05-06 03:43:09'),
(1264, 85, 'debit', 'মাল আসা ', NULL, '9209', 108100, 1.00, 108100.00, '2025-03-17 04:24:00', '2025-05-07 04:24:59'),
(1265, 85, 'debit', 'মাল আসা ', NULL, '9227', 71560, 1.00, 71560.00, '2025-03-18 04:25:00', '2025-05-07 04:26:25'),
(1266, 85, 'debit', 'মাল আসা ', NULL, '9246', 96100, 1.00, 96100.00, '2025-03-19 04:30:00', '2025-05-07 04:33:44'),
(1267, 85, 'debit', 'মাল আসা ', NULL, '9264', 58200, 1.00, 58200.00, '2025-03-20 04:28:00', '2025-05-07 04:29:15'),
(1268, 85, 'debit', 'মাল আসা ', NULL, NULL, 71060, 1.00, 71060.00, '2025-03-22 04:34:00', '2025-05-07 04:34:54'),
(1269, 85, 'debit', 'মাল আসা ', NULL, '9311', 103475, 1.00, 103475.00, '2025-03-23 04:44:00', '2025-05-07 05:19:02'),
(1270, 85, 'debit', 'মাল আসা ', NULL, '9326', 70125, 1.00, 70125.00, '2025-03-24 05:19:00', '2025-05-07 05:20:29'),
(1271, 85, 'debit', 'মাল আসা ', NULL, '9344', 108050, 1.00, 108050.00, '2025-03-25 05:20:00', '2025-05-07 05:25:49'),
(1272, 85, 'debit', 'মাল আসা ', NULL, '9370', 35780, 1.00, 35780.00, '2025-03-27 05:25:00', '2025-05-07 05:27:20'),
(1273, 85, 'credit', 'নগদ জমা ', NULL, NULL, NULL, NULL, 111000.00, '2025-03-17 05:29:00', '2025-05-07 05:30:12'),
(1274, 85, 'credit', 'নগদ জমা ', NULL, NULL, NULL, NULL, 80000.00, '2025-03-18 05:30:00', '2025-05-07 05:31:15'),
(1275, 85, 'credit', 'নগদ জমা ', NULL, NULL, NULL, NULL, 100000.00, '2025-03-19 05:31:00', '2025-05-07 05:33:08'),
(1276, 85, 'credit', 'নগদ জমা ', NULL, NULL, NULL, NULL, 100000.00, '2025-03-20 05:33:00', '2025-05-07 05:34:14'),
(1277, 85, 'credit', 'নগদ জমা ', NULL, NULL, NULL, NULL, 100000.00, '2025-03-21 05:34:00', '2025-05-07 05:35:12'),
(1278, 85, 'credit', 'নগদ জমা ', NULL, NULL, NULL, NULL, 75000.00, '2025-03-23 05:35:00', '2025-05-07 05:35:53'),
(1279, 85, 'credit', 'নগদ জমা ', NULL, NULL, NULL, NULL, 155000.00, '2025-03-24 05:35:00', '2025-05-07 05:36:49'),
(1280, 85, 'credit', 'নগদ জমা ', NULL, NULL, NULL, NULL, 100000.00, '2025-03-26 05:36:00', '2025-05-07 06:16:08'),
(1281, 85, 'credit', 'নগদ জমা ', NULL, NULL, NULL, NULL, 200000.00, '2025-03-29 06:16:00', '2025-05-07 06:17:38'),
(1282, 85, 'debit', 'মাল আসা ', NULL, '9446', 91330, 1.00, 91330.00, '2025-04-11 06:18:00', '2025-05-07 06:20:53'),
(1283, 85, 'debit', 'মাল আসা ', NULL, '9462', 17020, 1.00, 17020.00, '2025-04-13 06:22:00', '2025-05-07 06:23:02'),
(1284, 85, 'debit', 'মাল আসা ', NULL, '9470', 87490, 1.00, 87490.00, '2025-04-13 06:23:00', '2025-05-07 06:24:29'),
(1285, 85, 'debit', 'মাল আসা ', NULL, '9491', 17015, 1.00, 17015.00, '2025-04-15 06:24:00', '2025-05-07 06:26:14'),
(1286, 85, 'debit', 'মাল আসা ', NULL, '9494', 118510, 1.00, 118510.00, '2025-04-15 06:26:00', '2025-05-07 06:27:19'),
(1287, 85, 'debit', 'মাল আসা ', NULL, '9513', 71560, 1.00, 71560.00, '2025-04-16 06:27:00', '2025-05-07 06:28:26'),
(1288, 85, 'debit', 'মাল আসা', NULL, '9514', 33440, 1.00, 33440.00, '2025-04-16 06:28:00', '2025-05-07 06:29:39'),
(1289, 85, 'debit', 'মাল আসা', NULL, '9539', 95180, 1.00, 95180.00, '2025-04-17 06:29:00', '2025-05-07 06:30:42'),
(1290, 85, 'debit', 'মাল আসা', NULL, '9570', 87640, 1.00, 87640.00, '2025-04-20 06:30:00', '2025-05-07 06:31:52'),
(1291, 85, 'debit', 'মাল আসা', NULL, '9607', 93790, 1.00, 93790.00, '2025-04-22 06:31:00', '2025-05-07 06:33:16'),
(1292, 85, 'debit', 'মাল আসা', NULL, '9646', 112100, 1.00, 112100.00, '2025-04-24 06:33:00', '2025-05-07 06:34:16'),
(1293, 85, 'debit', 'মাল আসা', NULL, '9662', 71560, 1.00, 71560.00, '2025-04-26 06:34:00', '2025-05-07 06:39:43'),
(1294, 85, 'debit', 'মাল আসা', NULL, '9689', 91830, 1.00, 91830.00, '2025-04-27 06:39:00', '2025-05-07 06:59:54'),
(1295, 85, 'debit', 'মাল আসা', NULL, '9713', 111260, 1.00, 111260.00, '2025-04-29 06:59:00', '2025-05-07 07:01:17'),
(1296, 85, 'debit', 'মাল আসা', NULL, '9739', 10420, 1.00, 10420.00, '2025-04-30 07:01:00', '2025-05-07 07:06:22'),
(1297, 85, 'credit', 'নগদ জমা ', NULL, NULL, NULL, NULL, 50000.00, '2025-04-13 07:06:00', '2025-05-07 07:10:53'),
(1298, 85, 'credit', 'নগদ জমা', NULL, NULL, NULL, NULL, 80000.00, '2025-04-15 07:12:00', '2025-05-07 07:12:53'),
(1299, 85, 'credit', 'নগদ জমা', NULL, NULL, NULL, NULL, 50000.00, '2025-04-16 07:12:00', '2025-05-07 07:15:08'),
(1300, 85, 'credit', 'নগদ জমা', NULL, NULL, NULL, NULL, 100000.00, '2025-04-17 07:15:00', '2025-05-07 07:15:43'),
(1301, 85, 'credit', 'নগদ জমা', NULL, NULL, NULL, NULL, 60000.00, '2025-04-19 07:15:00', '2025-05-07 07:16:18'),
(1302, 85, 'credit', 'নগদ জমা', NULL, NULL, NULL, NULL, 50000.00, '2025-04-22 07:16:00', '2025-05-07 07:17:15'),
(1303, 85, 'credit', 'জেলিটিন ফেরৎ দেওয়া -১ টি ', NULL, NULL, NULL, NULL, 11000.00, '2025-04-22 07:17:00', '2025-05-07 07:18:30'),
(1304, 85, 'credit', 'নগদ জমা', NULL, NULL, NULL, NULL, 100000.00, '2025-04-24 07:18:00', '2025-05-07 07:22:12'),
(1305, 85, 'credit', 'নগদ জমা', NULL, NULL, NULL, NULL, 60000.00, '2025-04-27 07:22:00', '2025-05-07 07:22:46'),
(1306, 85, 'credit', 'নগদ জমা', NULL, NULL, NULL, NULL, 70000.00, '2025-04-28 07:22:00', '2025-05-07 07:23:44'),
(1307, 85, 'credit', 'নগদ জমা', NULL, NULL, NULL, NULL, 80000.00, '2025-04-29 07:23:00', '2025-05-07 07:24:54'),
(1308, 85, 'credit', 'নগদ জমা', NULL, NULL, NULL, NULL, 50000.00, '2025-04-30 07:24:00', '2025-05-07 07:25:54'),
(1309, 85, 'credit', 'নগদ জমা', NULL, NULL, NULL, NULL, 100000.00, '2025-05-04 07:26:00', '2025-05-07 07:28:43'),
(1310, 85, 'credit', 'নগদ জমা', NULL, NULL, NULL, NULL, 45000.00, '2025-05-01 07:28:00', '2025-05-07 07:30:01'),
(1311, 85, 'credit', 'নগদ জমা', NULL, NULL, NULL, NULL, 60000.00, '2025-05-04 07:30:00', '2025-05-07 07:33:18'),
(1312, 85, 'credit', 'নগদ জমা', NULL, NULL, NULL, NULL, 40000.00, '2025-05-05 07:33:00', '2025-05-07 07:39:20'),
(1313, 85, 'credit', 'নগদ জমা', NULL, NULL, NULL, NULL, 80000.00, '2025-05-07 07:39:00', '2025-05-07 07:40:40'),
(1314, 85, 'debit', 'মাল আসা ', NULL, '9749', 71560, 1.00, 71560.00, '2025-05-01 07:40:00', '2025-05-07 07:41:45'),
(1315, 85, 'debit', 'মাল আসা ', NULL, '9775', 96200, 1.00, 96200.00, '2025-05-03 07:41:00', '2025-05-07 07:42:32'),
(1316, 85, 'debit', 'মাল আসা', NULL, '9802', 109960, 1.00, 109960.00, '2025-05-05 07:42:00', '2025-05-07 07:43:15'),
(1317, 85, 'debit', 'মাল আসা', NULL, '9840', 111150, 1.00, 111150.00, '2025-05-07 07:43:00', '2025-05-07 07:43:55'),
(1318, 32, 'credit', '৪০/১ ডেলসি ', NULL, '14902', 6338, 14.00, 88732.00, '2025-05-05 22:53:00', '2025-05-09 22:57:39'),
(1319, 68, 'credit', '৩০/১ কালার ', NULL, '14903', 267, 23.00, 6141.00, '2025-05-05 22:57:00', '2025-05-09 22:58:56'),
(1320, 22, 'credit', '৩০/১ কালার ', NULL, '14904', 411, 23.00, 9453.00, '2025-05-05 22:58:00', '2025-05-09 22:59:55'),
(1321, 37, 'credit', '৩০/১ কালার ', NULL, '14905', 524, 23.00, 12052.00, '2025-05-05 22:59:00', '2025-05-09 23:00:40'),
(1322, 20, 'credit', '৩০/১ কালার', NULL, '14906', 503, 23.00, 11569.00, '2025-05-05 23:00:00', '2025-05-09 23:01:34'),
(1323, 12, 'credit', '৩০/১ ইসমাইল ', NULL, '14908', 5729, 16.00, 91664.00, '2025-05-06 23:05:00', '2025-05-09 23:06:34'),
(1324, 103, 'credit', '২০/১ T.C পেয়ারা ', NULL, '14909', 4512, 15.00, 67680.00, '2025-05-06 23:06:00', '2025-05-09 23:07:43'),
(1325, 105, 'credit', '৩০/১ কালার ', NULL, '14910', 2039, 16.00, 32624.00, '2025-05-06 23:07:00', '2025-05-09 23:09:01'),
(1326, 37, 'credit', '৩০/১ কালার', NULL, '14911', 524, 23.00, 12052.00, '2025-05-06 23:09:00', '2025-05-09 23:10:24'),
(1327, 25, 'credit', '৪০/১ কালার', NULL, '14912', 477, 25.00, 11925.00, '2025-05-06 23:10:00', '2025-05-09 23:12:46'),
(1328, 50, 'credit', '৩০/১ কালার', NULL, '14913', 377, 24.00, 9048.00, '2025-05-06 23:12:00', '2025-05-09 23:13:58'),
(1329, 16, 'credit', '৩০/১ কাদের ', NULL, '14921', 5118, 17.00, 87006.00, '2025-05-07 23:13:00', '2025-05-09 23:15:22'),
(1330, 50, 'credit', '৪০/১ কালার', NULL, '14922', 754, 24.00, 18096.00, '2025-05-07 23:15:00', '2025-05-09 23:16:34'),
(1331, 88, 'credit', '৩০/১ কালার', NULL, '14923', 905, 23.00, 20815.00, '2025-05-07 23:17:00', '2025-05-09 23:18:19'),
(1332, 48, 'credit', '৫০/১ তানিয়া ', NULL, '14907', 4250, 15.00, 63750.00, '2025-05-05 23:18:00', '2025-05-09 23:20:22'),
(1333, 26, 'credit', '৪৫/১ T.C যুমনা ', NULL, '14914', 1628, 22.00, 35816.00, '2025-05-06 23:20:00', '2025-05-09 23:23:19'),
(1334, 19, 'credit', '৪০/১ আকবর ', NULL, '14915', 3481, 13.00, 45253.00, '2025-05-06 23:24:00', '2025-05-09 23:25:34'),
(1335, 97, 'credit', '৪০/১ কালার ', NULL, '14916', 627, 23.00, 14421.00, '2025-05-06 23:25:00', '2025-05-09 23:26:52'),
(1336, 93, 'credit', '৩০/১ কালার', NULL, '14917', 289, 24.00, 6936.00, '2025-05-06 23:26:00', '2025-05-09 23:27:56'),
(1337, 13, 'credit', '৪৫/১ T.C রোকারা ', NULL, '14918', 1628, 24.00, 39072.00, '2025-05-07 23:27:00', '2025-05-09 23:29:57'),
(1338, 110, 'credit', '৩০/১ কালার ', NULL, '14919', 346, 23.00, 7958.00, '2025-05-07 23:29:00', '2025-05-09 23:30:59'),
(1339, 126, 'credit', '৬০/১ নাণ্ণূ', NULL, '14920', 1684, 22.00, 37048.00, '2025-05-07 23:31:00', '2025-05-09 23:32:08'),
(1340, 68, 'debit', 'নগদ জমা ', NULL, NULL, NULL, NULL, 50000.00, '2025-05-05 23:38:00', '2025-05-09 23:40:23'),
(1341, 105, 'debit', 'নগদ জমা ', NULL, NULL, NULL, NULL, 20000.00, '2025-05-05 23:40:00', '2025-05-09 23:41:53'),
(1342, 101, 'debit', 'নগদ জমা', NULL, NULL, NULL, NULL, 7700.00, '2025-05-05 23:42:00', '2025-05-09 23:42:32'),
(1343, 48, 'debit', 'নগদ জমা', NULL, NULL, NULL, NULL, 63700.00, '2025-05-06 23:42:00', '2025-05-09 23:43:12'),
(1344, 26, 'debit', 'নগদ জমা ', NULL, NULL, NULL, NULL, 50000.00, '2025-05-06 23:43:00', '2025-05-09 23:43:53'),
(1345, 103, 'debit', 'নগদ জমা ', NULL, NULL, NULL, NULL, 76372.00, '2025-05-07 23:44:00', '2025-05-09 23:44:37'),
(1346, 25, 'debit', 'নগদ জমা ', NULL, NULL, NULL, NULL, 50000.00, '2025-05-07 23:44:00', '2025-05-09 23:45:13'),
(1347, 34, 'debit', 'নগদ জমা', NULL, NULL, NULL, NULL, 34000.00, '2025-05-07 23:45:00', '2025-05-09 23:45:44'),
(1348, 19, 'debit', 'নগদ জমা', NULL, NULL, NULL, NULL, 90000.00, '2025-05-07 23:45:00', '2025-05-09 23:46:19'),
(1349, 96, 'debit', 'নগদ জমা', NULL, NULL, NULL, NULL, 9000.00, '2025-05-07 23:46:00', '2025-05-09 23:46:57'),
(1350, 110, 'debit', 'নগদ জমা', NULL, NULL, NULL, NULL, 7000.00, '2025-05-07 23:47:00', '2025-05-09 23:48:26'),
(1351, 126, 'debit', 'নগদ জমা ', NULL, NULL, NULL, NULL, 33000.00, '2025-05-08 23:24:00', '2025-05-11 23:27:20'),
(1352, 88, 'debit', 'নগদ জমা ', NULL, NULL, NULL, NULL, 33000.00, '2025-05-08 23:27:00', '2025-05-11 23:27:50'),
(1353, 97, 'debit', 'নগদ জমা ', NULL, NULL, NULL, NULL, 14000.00, '2025-05-08 23:27:00', '2025-05-11 23:28:49'),
(1354, 109, 'debit', 'নগদ জমা ', NULL, NULL, NULL, NULL, 16000.00, '2025-05-08 23:28:00', '2025-05-11 23:29:15'),
(1355, 108, 'debit', 'নগদ জমা ', NULL, NULL, NULL, NULL, 27000.00, '2025-05-09 23:29:00', '2025-05-11 23:30:08'),
(1356, 50, 'debit', 'নগদ জমা ', NULL, NULL, NULL, NULL, 12000.00, '2025-05-10 23:30:00', '2025-05-11 23:30:44'),
(1357, 61, 'debit', 'নগদ জমা ', NULL, NULL, NULL, NULL, 20000.00, '2025-05-10 23:30:00', '2025-05-11 23:31:29'),
(1358, 95, 'debit', 'নগদ জমা ', NULL, NULL, NULL, NULL, 14300.00, '2025-05-10 23:31:00', '2025-05-11 23:35:17'),
(1359, 96, 'credit', '৩০/১ কালার ', NULL, '14928', 388, 24.00, 9312.00, '2025-05-08 05:24:00', '2025-05-12 05:32:24'),
(1360, 27, 'credit', '৪০/১ M.T.M ', NULL, '14924', 2994, 15.50, 46407.00, '2025-05-10 05:32:00', '2025-05-12 05:35:23'),
(1361, 120, 'credit', '২০/১ ইয়ুথ ', NULL, '14925', 2406, 12.00, 28872.00, '2025-05-10 05:35:00', '2025-05-12 05:37:08'),
(1362, 109, 'credit', '৩০/১ কালার ', NULL, '14926', 724, 24.00, 17376.00, '2025-05-10 05:37:00', '2025-05-12 05:38:26'),
(1363, 95, 'credit', '৩০/১ কালার ', NULL, '14927', 319, 24.00, 7656.00, '2025-05-10 05:38:00', '2025-05-12 05:41:01'),
(1364, 24, 'credit', '৩০/১ T.C R মাদার ', NULL, '14929', 5173, 16.00, 82768.00, '2025-05-10 05:41:00', '2025-05-12 06:04:52'),
(1365, 22, 'credit', '৩০/১ কালার ', NULL, '14930', 411, 23.00, 9453.00, '2025-05-10 06:04:00', '2025-05-12 06:05:57'),
(1366, 20, 'credit', '৪০/১ কালার ', NULL, '14931', 391, 24.00, 9384.00, '2025-05-10 06:05:00', '2025-05-12 06:13:45'),
(1367, 61, 'credit', '৪০/১ R.S', NULL, '14932', 1481, 18.00, 26658.00, '2025-05-10 06:13:00', '2025-05-12 06:16:46'),
(1368, 21, 'credit', '30/1 কালার ', NULL, '14933', 464, 23.00, 10672.00, '2025-05-10 06:16:00', '2025-05-12 06:20:11'),
(1369, 101, 'credit', '৩০/১ কালার ', NULL, '14934', 383, 24.00, 9192.00, '2025-05-10 06:20:00', '2025-05-12 06:22:22'),
(1370, 68, 'credit', '৩০/১ কালার ', NULL, '14935', 305, 23.00, 7015.00, '2025-05-10 06:22:00', '2025-05-12 06:23:37'),
(1371, 25, 'credit', '৪০/১ কালার ', NULL, '14936', 759, 25.00, 18975.00, '2025-05-10 06:23:00', '2025-05-12 06:24:51'),
(1372, 37, 'credit', '৩০/১ কালার ', NULL, '14937', 1055, 23.00, 24265.00, '2025-05-11 06:24:00', '2025-05-12 06:26:00'),
(1373, 95, 'credit', '৩০/১ কালার ', NULL, '14939', 390, 24.00, 9360.00, '2025-05-11 06:26:00', '2025-05-12 06:27:10'),
(1374, 68, 'credit', '৩০/১ কালার ', NULL, '14940', 343, 23.00, 7889.00, '2025-05-11 06:27:00', '2025-05-12 06:28:15'),
(1375, 22, 'credit', '৩০/১ কালার ', NULL, '14941', 411, 23.00, 9453.00, '2025-05-11 06:28:00', '2025-05-12 06:29:00'),
(1376, 58, 'credit', '৩০/১ কালার ', NULL, '14942', 346, 24.00, 8304.00, '2025-05-11 06:29:00', '2025-05-12 06:29:52'),
(1377, 12, 'credit', '৩০/১ ইসমাইল ', NULL, '14943', 5729, 16.00, 91664.00, '2025-05-11 06:29:00', '2025-05-12 06:34:16'),
(1378, 100, 'credit', '৩০/১ কালার ', NULL, '14944', 350, 24.00, 8400.00, '2025-05-11 06:34:00', '2025-05-12 06:35:53'),
(1379, 13, 'credit', '৪৫/১ T.C কুমিল্লা ', NULL, '14945', 1836, 24.00, 44064.00, '2025-05-11 06:35:00', '2025-05-12 06:37:11'),
(1380, 97, 'credit', '৪০/১ কালার', NULL, '14946', 629, 23.00, 14467.00, '2025-05-11 06:37:00', '2025-05-12 06:38:12'),
(1381, 103, 'debit', 'Discount বাবদ জমা 	', NULL, NULL, NULL, NULL, 28400.00, '2025-05-12 06:40:00', '2025-05-12 06:40:51'),
(1382, 32, 'credit', '৪০/১ পাকিজা ', NULL, '14949', 6940, 14.00, 97160.00, '2025-05-11 23:35:00', '2025-05-14 23:39:06'),
(1383, 100, 'credit', '৩০/১ কালার ', NULL, '14951', 449, 24.00, 10776.00, '2025-05-11 23:39:00', '2025-05-14 23:40:20'),
(1384, 34, 'credit', '৩০/১ কালার', NULL, '14952', 831, 23.00, 19113.00, '2025-05-11 23:40:00', '2025-05-14 23:41:15'),
(1385, 22, 'credit', '৩০/১ কালার', NULL, '14953', 821, 23.00, 18883.00, '2025-05-12 23:41:00', '2025-05-14 23:42:22'),
(1386, 37, 'credit', '৩০/১ কালার', NULL, '14954', 105, 39.00, 4095.00, '2025-05-12 23:42:00', '2025-05-14 23:43:35'),
(1387, 14, 'credit', '৩০/১ কাদের ', NULL, '14955', 3822, 17.00, 64974.00, '2025-05-12 23:43:00', '2025-05-14 23:45:47'),
(1388, 37, 'credit', '৩০/১ কালার ', NULL, '14956', 520, 23.00, 11960.00, '2025-05-12 23:45:00', '2025-05-14 23:46:40'),
(1389, 90, 'credit', '৩০/১ কালার', NULL, '14957', 437, 24.00, 10488.00, '2025-05-12 23:46:00', '2025-05-14 23:48:24');
INSERT INTO `sizing_ledger_entries` (`id`, `client_id`, `type`, `details`, `bim_number`, `bill_number`, `quantities`, `rate`, `total`, `created_at`, `updated_at`) VALUES
(1390, 110, 'credit', '৩০/১ কালার', NULL, '14958', 395, 23.00, 9085.00, '2025-05-12 23:48:00', '2025-05-15 00:02:53'),
(1391, 20, 'credit', '৩০/১ কালার', NULL, '14959', 186, 23.00, 4278.00, '2025-05-13 00:02:00', '2025-05-15 00:03:42'),
(1392, 128, 'credit', '৫০/১ ছালমা ', NULL, '14947', 1797, 16.00, 28752.00, '2025-05-12 00:03:00', '2025-05-15 00:05:22'),
(1393, 30, 'credit', '৫০/১ ডেলল্টা ', NULL, '14948', 1940, 15.50, 30070.00, '2025-05-12 00:05:00', '2025-05-15 00:06:31'),
(1394, 26, 'credit', '৪৫/১ T.C ফুয়াদ ', NULL, '14961', 1899, 22.00, 41778.00, '2025-05-13 00:06:00', '2025-05-15 00:07:51'),
(1395, 15, 'credit', '২০/১ আকিজ ', NULL, '14962', 3609, 13.00, 46917.00, '2025-05-14 00:07:00', '2025-05-15 00:08:36'),
(1396, 19, 'credit', '৪০/১ আকবর ', NULL, '14963', 3481, 13.00, 45253.00, '2025-05-14 00:08:00', '2025-05-15 00:09:27'),
(1397, 27, 'debit', 'Discount বাবদ জমা', NULL, NULL, NULL, NULL, 28504.00, '2025-05-13 00:12:00', '2025-05-15 00:13:32'),
(1398, 50, 'debit', 'নগদ জমা ', NULL, NULL, NULL, NULL, 15000.00, '2025-05-12 00:13:00', '2025-05-15 00:14:26'),
(1399, 58, 'debit', 'নগদ জমা ', NULL, NULL, NULL, NULL, 8000.00, '2025-05-12 00:14:00', '2025-05-15 00:15:06'),
(1400, 27, 'debit', 'নগদ জমা ', NULL, NULL, NULL, NULL, 180000.00, '2025-05-13 00:15:00', '2025-05-15 00:16:35'),
(1401, 30, 'debit', 'নগদ জমা ', NULL, NULL, NULL, NULL, 50000.00, '2025-05-13 00:16:00', '2025-05-15 00:17:06'),
(1402, 37, 'debit', 'নগদ জমা ', NULL, NULL, NULL, NULL, 35000.00, '2025-05-13 00:17:00', '2025-05-15 00:17:27'),
(1403, 100, 'debit', 'নগদ জমা ', NULL, NULL, NULL, NULL, 19500.00, '2025-05-13 00:17:00', '2025-05-15 00:17:54'),
(1404, 34, 'debit', 'নগদ জমা ', NULL, NULL, NULL, NULL, 15000.00, '2025-05-13 00:17:00', '2025-05-15 00:20:02'),
(1405, 128, 'debit', 'নগদ জমা ', NULL, NULL, NULL, NULL, 30000.00, '2025-05-13 00:20:00', '2025-05-15 00:20:26'),
(1406, 26, 'debit', 'নগদ জমা ', NULL, NULL, NULL, NULL, 50000.00, '2025-05-14 00:20:00', '2025-05-15 00:20:51'),
(1407, 93, 'debit', 'নগদ জমা ', NULL, NULL, NULL, NULL, 20000.00, '2025-05-14 00:20:00', '2025-05-15 00:21:17'),
(1408, 110, 'debit', 'নগদ জমা ', NULL, NULL, NULL, NULL, 19000.00, '2025-05-14 00:21:00', '2025-05-15 00:21:45'),
(1409, 17, 'credit', '২০/১ মিন ', NULL, '14979', 3185, 12.00, 38220.00, '2025-05-15 00:07:00', '2025-05-18 00:23:49'),
(1410, 97, 'credit', '৩০/১ কালার ', NULL, '14981', 651, 23.00, 14973.00, '2025-05-15 00:23:00', '2025-05-18 00:26:23'),
(1411, 142, 'credit', '২০/১ T.C ', NULL, '14989', 2659, 15.00, 39885.00, '2025-05-17 00:29:00', '2025-05-18 00:30:25'),
(1412, 68, 'credit', '৩০/১ কালার ', NULL, '14990', 249, 23.00, 5727.00, '2025-05-17 00:30:00', '2025-05-18 00:32:20'),
(1413, 50, 'credit', '৪০/১ কালার ', NULL, '14964', 375, 24.00, 9000.00, '2025-05-14 00:32:00', '2025-05-18 00:52:20'),
(1414, 24, 'credit', '৪০/১ কালার ', NULL, '14965', 746, 24.00, 17904.00, '2025-05-14 00:52:00', '2025-05-18 00:53:13'),
(1415, 68, 'credit', '৩০/১ কালার ', NULL, '14966', 339, 23.00, 7797.00, '2025-05-14 00:53:00', '2025-05-18 00:54:45'),
(1416, 20, 'credit', '৩০/১ কালার ', NULL, '14967', 412, 23.00, 9476.00, '2025-05-14 00:54:00', '2025-05-18 00:58:04'),
(1417, 110, 'credit', '৩০/১ কালার ', NULL, '14968', 468, 23.00, 10764.00, '2025-05-14 00:58:00', '2025-05-18 00:59:15'),
(1418, 90, 'credit', '৩০/১ কালার ', NULL, '14969', 445, 24.00, 10680.00, '2025-05-14 00:59:00', '2025-05-18 01:00:15'),
(1419, 20, 'credit', '৩০/১ কালার ', NULL, '14970', 306, 24.00, 7344.00, '2025-05-14 01:00:00', '2025-05-18 01:22:43'),
(1420, 16, 'credit', '৪০/১ নাহিদ ', NULL, '14971', 2711, 20.00, 54220.00, '2025-05-14 01:22:00', '2025-05-18 01:24:52'),
(1421, 50, 'credit', '৪০/১ কালার ', NULL, '14972', 375, 24.00, 9000.00, '2025-05-15 01:24:00', '2025-05-18 01:35:25'),
(1422, 34, 'credit', '৩০/১ কালার ', NULL, '14973', 829, 23.00, 19067.00, '2025-05-15 01:26:00', '2025-05-18 01:36:08'),
(1423, 37, 'credit', '৩০/১ কালার', NULL, '14975', 1043, 23.00, 23989.00, '2025-05-15 01:36:00', '2025-05-18 01:38:49'),
(1424, 20, 'credit', '২০/১ কালার', NULL, '14976', 656, 20.00, 13120.00, '2025-05-15 01:33:00', '2025-05-18 01:35:09'),
(1425, 68, 'credit', '৩০/১ কালার', NULL, '14974', 657, 23.00, 15111.00, '2025-05-15 01:39:00', '2025-05-18 01:40:04'),
(1426, 63, 'credit', '৩০/১ কালার', NULL, '14977', 371, 23.00, 8533.00, '2025-05-15 01:40:00', '2025-05-18 01:41:25'),
(1427, 120, 'credit', '২০/১ ইউথ ', NULL, '14978', 3609, 12.00, 43308.00, '2025-05-15 01:41:00', '2025-05-18 01:44:16'),
(1428, 143, 'credit', '16/1 T.C ', NULL, '14982', 840, 24.00, 20160.00, '2025-05-17 01:46:00', '2025-05-18 01:48:01'),
(1429, 24, 'credit', '৪০/১ কালার ', NULL, '14983', 369, 24.00, 8856.00, '2025-05-17 01:48:00', '2025-05-18 01:48:59'),
(1430, 50, 'credit', '৪০/১ কালার', NULL, '14984', 375, 24.00, 9000.00, '2025-05-17 01:49:00', '2025-05-18 01:50:13'),
(1431, 110, 'credit', '৩০/১ কালার ', NULL, '14985', 798, 23.00, 18354.00, '2025-05-17 01:50:00', '2025-05-18 01:52:15'),
(1432, 63, 'credit', '৩০/১ কালার', NULL, '14986', 371, 23.00, 8533.00, '2025-05-17 01:52:00', '2025-05-18 01:56:27'),
(1433, 16, 'credit', '৩০/১ গ্লোরি ', NULL, '14987', 2500, 17.00, 42500.00, '2025-05-17 01:56:00', '2025-05-18 01:57:56'),
(1434, 24, 'debit', 'নগদ জমা ', NULL, NULL, NULL, NULL, 100000.00, '2025-05-15 07:46:00', '2025-05-18 07:47:24'),
(1435, 19, 'debit', 'নগদ জমা ', NULL, NULL, NULL, NULL, 45000.00, '2025-05-15 07:47:00', '2025-05-18 07:47:49'),
(1436, 50, 'debit', 'নগদ জমা ', NULL, NULL, NULL, NULL, 20000.00, '2025-05-15 07:47:00', '2025-05-18 07:48:11'),
(1437, 90, 'debit', 'নগদ জমা ', NULL, NULL, NULL, NULL, 20000.00, '2025-05-15 07:48:00', '2025-05-18 07:48:38'),
(1438, 104, 'debit', 'নগদ জমা ', NULL, NULL, NULL, NULL, 10000.00, '2025-05-15 07:48:00', '2025-05-18 07:49:05'),
(1439, 20, 'debit', 'নগদ জমা ', NULL, NULL, NULL, NULL, 50000.00, '2025-05-16 07:49:00', '2025-05-18 07:49:33'),
(1440, 97, 'debit', 'নগদ জমা ', NULL, NULL, NULL, NULL, 28000.00, '2025-05-16 07:49:00', '2025-05-18 07:50:08'),
(1441, 23, 'debit', 'নগদ জমা ', NULL, NULL, NULL, NULL, 20000.00, '2025-05-16 07:50:00', '2025-05-18 07:50:32'),
(1442, 110, 'debit', 'নগদ জমা ', NULL, NULL, NULL, NULL, 6000.00, '2025-05-16 07:50:00', '2025-05-18 07:51:50'),
(1443, 143, 'debit', 'নগদ জমা ', NULL, NULL, NULL, NULL, 15000.00, '2025-05-17 07:51:00', '2025-05-18 07:52:17'),
(1444, 110, 'debit', 'নগদ জমা ', NULL, NULL, NULL, NULL, 11000.00, '2025-05-17 07:52:00', '2025-05-18 07:52:45'),
(1445, 101, 'debit', 'নগদ জমা ', NULL, NULL, NULL, NULL, 10000.00, '2025-05-17 07:52:00', '2025-05-18 07:53:20'),
(1446, 45, 'credit', '২০/১ M.L', NULL, '14992', 5454, 12.00, 65448.00, '2025-05-17 22:41:00', '2025-05-21 22:57:08'),
(1447, 50, 'credit', '৪০/১ কালার ', NULL, '14993', 375, 24.00, 9000.00, '2025-05-17 22:52:00', '2025-05-21 22:56:34'),
(1448, 88, 'credit', '৩০/১ কালার ', NULL, '14994', 447, 24.00, 10728.00, '2025-05-17 22:58:00', '2025-05-21 22:59:59'),
(1449, 101, 'credit', '৩০/১ কালার ', NULL, '14995', 354, 24.00, 8496.00, '2025-05-17 23:00:00', '2025-05-21 23:02:58'),
(1450, 50, 'credit', '৪০/১ কালার ', NULL, '14996', 375, 24.00, 9000.00, '2025-05-18 23:02:00', '2025-05-21 23:04:22'),
(1451, 24, 'credit', '৪০/১ কালার ', NULL, '15000', 757, 24.00, 18168.00, '2025-05-18 23:04:00', '2025-05-21 23:06:15'),
(1452, 24, 'credit', '30/1 T.C R.মাদার ', NULL, '15001', 2612, 16.00, 41792.00, '2025-05-18 23:06:00', '2025-05-21 23:07:28'),
(1453, 143, 'credit', '৩০/১ কালার ', NULL, '15002', 712, 24.00, 17088.00, '2025-05-18 23:07:00', '2025-05-21 23:10:38'),
(1454, 142, 'credit', '20/1 T.C ', NULL, '15003', 682, 22.00, 15004.00, '2025-05-18 23:10:00', '2025-05-21 23:12:03'),
(1455, 90, 'credit', '৩০/১ কালার ', NULL, '15004', 354, 24.00, 8496.00, '2025-05-18 23:12:00', '2025-05-21 23:14:47'),
(1456, 63, 'credit', '৩০/১ কালার ', NULL, '15005', 375, 23.00, 8625.00, '2025-05-18 23:14:00', '2025-05-21 23:15:49'),
(1457, 110, 'credit', '৩০/১ কালার', NULL, '15006', 354, 23.00, 8142.00, '2025-05-18 23:16:00', '2025-05-21 23:17:34'),
(1458, 94, 'credit', '২০/১ গ্রে ', NULL, '14999', 484, 22.00, 10648.00, '2025-05-18 23:17:00', '2025-05-21 23:19:18'),
(1459, 32, 'credit', '৪০/১ V.পাকিজা ', NULL, '15009', 6722, 14.00, 94108.00, '2025-05-19 23:19:00', '2025-05-21 23:21:17'),
(1460, 68, 'credit', '৩০/১ কালার ', NULL, '15010', 388, 23.00, 8924.00, '2025-05-19 23:21:00', '2025-05-21 23:23:29'),
(1461, 22, 'credit', '৩০/১ কালার ', NULL, '15011', 821, 23.00, 18883.00, '2025-05-19 23:23:00', '2025-05-21 23:24:19'),
(1462, 20, 'credit', '২০/১ কালার ', NULL, '15012', 1100, 20.00, 22000.00, '2025-05-19 23:24:00', '2025-05-21 23:25:04'),
(1463, 19, 'credit', '৪০/১ আকবর ', NULL, '14991', 3481, 13.00, 45253.00, '2025-05-17 23:25:00', '2025-05-21 23:28:08'),
(1464, 30, 'credit', '৪০/১ উওরা ', NULL, '14997', 1377, 14.50, 19966.50, '2025-05-18 23:28:00', '2025-05-21 23:29:30'),
(1465, 94, 'credit', '২০/১ গ্রে ', NULL, '14998', 464, 22.00, 10208.00, '2025-05-18 23:29:00', '2025-05-21 23:33:24'),
(1466, 33, 'credit', '20/1 T.C ক্রীম সন ', NULL, '15008', 1406, 15.00, 21090.00, '2025-05-19 23:33:00', '2025-05-21 23:35:22'),
(1467, 105, 'debit', 'নগদ জমা ', NULL, NULL, NULL, NULL, 12000.00, '2025-05-17 23:36:00', '2025-05-21 23:39:36'),
(1468, 107, 'debit', 'নগদ জমা', NULL, NULL, NULL, NULL, 30000.00, '2025-05-18 23:39:00', '2025-05-21 23:40:16'),
(1469, 50, 'debit', 'নগদ জমা', NULL, NULL, NULL, NULL, 25000.00, '2025-05-18 23:40:00', '2025-05-21 23:40:58'),
(1470, 143, 'debit', 'নগদ জমা', NULL, NULL, NULL, NULL, 20000.00, '2025-05-18 23:41:00', '2025-05-21 23:41:28'),
(1471, 15, 'debit', 'নগদ জমা', NULL, NULL, NULL, NULL, 100000.00, '2025-05-18 23:41:00', '2025-05-21 23:41:47'),
(1472, 17, 'debit', 'নগদ জমা', NULL, NULL, NULL, NULL, 100000.00, '2025-05-19 23:41:00', '2025-05-21 23:42:18'),
(1473, 25, 'debit', 'নগদ জমা', NULL, NULL, NULL, NULL, 80000.00, '2025-05-19 23:42:00', '2025-05-21 23:42:46'),
(1474, 24, 'debit', 'নগদ জমা', NULL, NULL, NULL, NULL, 20000.00, '2025-05-19 23:42:00', '2025-05-21 23:43:27'),
(1475, 68, 'debit', 'নগদ জমা', NULL, NULL, NULL, NULL, 40000.00, '2025-05-21 23:43:00', '2025-05-21 23:44:05'),
(1476, 37, 'debit', 'নগদ জমা', NULL, NULL, NULL, NULL, 30000.00, '2025-05-19 23:44:00', '2025-05-21 23:44:29'),
(1477, 142, 'debit', 'নগদ জমা', NULL, NULL, NULL, NULL, 55000.00, '2025-05-19 23:44:00', '2025-05-21 23:47:11'),
(1478, 94, 'debit', 'নগদ জমা', NULL, NULL, NULL, NULL, 19000.00, '2025-05-19 23:47:00', '2025-05-21 23:47:53'),
(1479, 34, 'debit', 'নগদ জমা', NULL, NULL, NULL, NULL, 20000.00, '2025-05-19 23:47:00', '2025-05-21 23:48:24'),
(1480, 110, 'debit', 'নগদ জমা', NULL, NULL, NULL, NULL, 7000.00, '2025-05-20 23:48:00', '2025-05-21 23:49:05'),
(1481, 32, 'debit', 'নগদ জমা', NULL, NULL, NULL, NULL, 50000.00, '2025-05-20 23:49:00', '2025-05-21 23:49:37'),
(1482, 30, 'debit', 'নগদ জমা', NULL, NULL, NULL, NULL, 50000.00, '2025-05-20 23:49:00', '2025-05-21 23:50:45'),
(1483, 33, 'debit', 'নগদ জমা', NULL, NULL, NULL, NULL, 30000.00, '2025-05-20 23:50:00', '2025-05-21 23:51:30'),
(1484, 113, 'credit', '৩০/১ কালার ', NULL, '15013', 305, 23.00, 7015.00, '2025-05-21 06:59:00', '2025-05-26 07:01:34'),
(1485, 68, 'credit', '৩০/১ কালার', NULL, '15014', 410, 23.00, 9430.00, '2025-05-21 07:02:00', '2025-05-26 07:02:54'),
(1486, 50, 'credit', '৪০/১ কালার', NULL, '15015', 360, 24.00, 8640.00, '2025-05-21 07:02:00', '2025-05-26 07:03:47'),
(1487, 24, 'credit', '৪০/১ কালার', NULL, '15016', 379, 24.00, 9096.00, '2025-05-21 07:03:00', '2025-05-26 07:04:47'),
(1488, 12, 'credit', '৩০/১ ইসমাইল + মা ', NULL, '15017', 5729, 16.00, 91664.00, '2025-05-21 07:20:00', '2025-05-26 07:22:04'),
(1489, 15, 'credit', '২০/১ আকিজ ', NULL, '15024', 2406, 13.00, 31278.00, '2025-05-22 07:22:00', '2025-05-26 07:23:09'),
(1490, 16, 'credit', '৩০/১ ডেলসি ', NULL, '15025', 2470, 17.00, 41990.00, '2025-05-22 07:23:00', '2025-05-26 07:24:14'),
(1491, 34, 'credit', '৩০/১ কালার', NULL, '15026', 409, 23.00, 9407.00, '2025-05-22 07:24:00', '2025-05-26 07:25:00'),
(1492, 17, 'credit', '২০/১ নুরুল-ইসলাম ', NULL, '15027', 3185, 12.00, 38220.00, '2025-05-22 07:25:00', '2025-05-26 07:26:03'),
(1493, 88, 'credit', '৩০/১ কালার', NULL, '15028', 588, 23.00, 13524.00, '2025-05-22 07:26:00', '2025-05-26 07:26:52'),
(1494, 50, 'credit', '৪০/১ কালার', NULL, '15029', 1073, 24.00, 25752.00, '2025-05-23 07:26:00', '2025-05-26 07:37:25'),
(1495, 98, 'credit', '৪০/১ কালার', NULL, '15030', 378, 25.00, 9450.00, '2025-05-23 07:37:00', '2025-05-26 07:38:18'),
(1496, 97, 'credit', '৩০/১ কালার', NULL, '15031', 651, 23.00, 14973.00, '2025-05-23 07:38:00', '2025-05-26 07:41:18'),
(1497, 93, 'credit', '৩০/১ কালার', NULL, '15034', 230, 24.00, 5520.00, '2025-05-24 07:41:00', '2025-05-26 07:43:09'),
(1498, 20, 'credit', '৩০/১ কালার', NULL, '15035', 1117, 20.00, 22340.00, '2025-05-24 07:43:00', '2025-05-26 07:45:54'),
(1499, 110, 'credit', '৩০/১ কালার', NULL, '15036', 393, 23.00, 9039.00, '2025-05-24 07:45:00', '2025-05-26 07:46:53'),
(1500, 34, 'credit', '৩০/১ কালার', NULL, '15037', 416, 23.00, 9568.00, '2025-05-24 07:46:00', '2025-05-26 07:47:33'),
(1501, 68, 'credit', '৩০/১ কালার', NULL, '15038', 635, 23.00, 14605.00, '2025-05-24 07:47:00', '2025-05-26 07:48:56'),
(1502, 22, 'credit', '৩০/১ কালার', NULL, '15039', 821, 23.00, 18883.00, '2025-05-24 07:48:00', '2025-05-26 07:50:52'),
(1503, 100, 'credit', '৩০/১ কালার', NULL, '15033', 461, 24.00, 11064.00, '2025-05-24 07:50:00', '2025-05-26 07:51:58'),
(1504, 26, 'credit', '৪৫/১ T.C যমুনা ', NULL, '15042', 1628, 22.00, 35816.00, '2025-05-25 07:51:00', '2025-05-26 08:00:46'),
(1505, 24, 'credit', '৩০/১ T.C R.মাদার ', NULL, '15046', 2833, 16.00, 45328.00, '2025-05-25 08:00:00', '2025-05-26 08:02:49'),
(1506, 100, 'credit', '৩০/১ কালার', NULL, '15047', 347, 24.00, 8328.00, '2025-05-25 08:02:00', '2025-05-26 08:04:02'),
(1507, 68, 'credit', '৩০/১ কালার', NULL, '15048', 265, 23.00, 6095.00, '2025-05-25 08:04:00', '2025-05-26 08:04:58'),
(1508, 20, 'credit', '২০/১ কালার', NULL, '15050', 516, 20.00, 10320.00, '2025-05-25 08:04:00', '2025-05-26 08:07:45'),
(1509, 147, 'credit', '৩০/১ কালার', NULL, '15049', 416, 23.00, 9568.00, '2025-05-25 08:09:00', '2025-05-26 08:11:01'),
(1510, 48, 'credit', '৫০/১ তানিয়া ', NULL, '15018', 4250, 15.00, 63750.00, '2025-05-20 23:42:00', '2025-05-26 23:44:22'),
(1511, 26, 'credit', '৪৫/১ T.C যমুনা ', NULL, '15019', 1899, 22.00, 41778.00, '2025-05-20 23:44:00', '2025-05-26 23:46:14'),
(1512, 148, 'credit', '৮০/১ কালার ', NULL, '15020', 412, 30.00, 12360.00, '2025-05-21 23:49:00', '2025-05-26 23:50:38'),
(1513, 55, 'credit', '৬০/১ কালার ', NULL, '15021', 205, 28.00, 5740.00, '2025-05-21 23:50:00', '2025-05-26 23:51:18'),
(1514, 35, 'credit', '৪০/১ শিপলু ', NULL, '15022', 1872, 15.00, 28080.00, '2025-05-21 23:51:00', '2025-05-26 23:52:39'),
(1515, 19, 'credit', '৪০/১ আকবর ', NULL, '15032', 3481, 13.00, 45253.00, '2025-05-22 23:52:00', '2025-05-26 23:55:00'),
(1516, 61, 'credit', '৪০/১ R.S ', NULL, '15040', 1396, 15.00, 20940.00, '2025-05-23 23:55:00', '2025-05-27 00:01:39'),
(1517, 129, 'credit', '৪০/১ ম্যাকসন ', NULL, '15041', 1644, 15.00, 24660.00, '2025-05-25 00:01:00', '2025-05-27 00:03:18'),
(1518, 98, 'credit', '৪০/১ কালার', NULL, '15042', 737, 24.00, 17688.00, '2025-05-25 00:03:00', '2025-05-27 00:04:18'),
(1519, 24, 'credit', '৪০/১ কালার', NULL, '15043', 759, 24.00, 18216.00, '2025-05-25 00:04:00', '2025-05-27 00:05:09'),
(1520, 88, 'credit', '৩০/১ কালার', NULL, '15044', 727, 23.00, 16721.00, '2025-05-25 00:05:00', '2025-05-27 00:06:16'),
(1521, 19, 'debit', 'নগদ জমা', NULL, NULL, NULL, NULL, 45000.00, '2025-05-22 01:14:00', '2025-05-27 01:15:29'),
(1522, 48, 'debit', 'নগদ জমা', NULL, NULL, NULL, NULL, 63500.00, '2025-05-22 01:15:00', '2025-05-27 01:17:01'),
(1523, 26, 'debit', 'নগদ জমা', NULL, NULL, NULL, NULL, 50000.00, '2025-05-22 01:17:00', '2025-05-27 01:18:41'),
(1524, 38, 'debit', 'নগদ জমা', NULL, NULL, NULL, NULL, 10000.00, '2025-05-22 01:18:00', '2025-05-27 01:19:22'),
(1525, 35, 'debit', 'নগদ জমা', NULL, NULL, NULL, NULL, 10000.00, '2025-05-22 01:19:00', '2025-05-27 01:19:54'),
(1526, 113, 'debit', 'নগদ জমা', NULL, NULL, NULL, NULL, 7000.00, '2025-05-22 01:19:00', '2025-05-27 01:21:15'),
(1527, 90, 'debit', 'নগদ জমা', NULL, NULL, NULL, NULL, 7000.00, '2025-05-22 01:21:00', '2025-05-27 01:22:16'),
(1528, 45, 'debit', 'নগদ জমা', NULL, NULL, NULL, NULL, 75300.00, '2025-05-22 01:22:00', '2025-05-27 01:22:49'),
(1529, 55, 'debit', 'নগদ জমা', NULL, NULL, NULL, NULL, 10000.00, '2025-05-22 01:22:00', '2025-05-27 01:23:50'),
(1530, 88, 'debit', 'নগদ জমা', NULL, NULL, NULL, NULL, 24000.00, '2025-05-23 01:23:00', '2025-05-27 01:25:28'),
(1531, 110, 'debit', 'নগদ জমা', NULL, NULL, NULL, NULL, 10000.00, '2025-05-24 01:25:00', '2025-05-27 01:26:03'),
(1532, 100, 'debit', 'নগদ জমা', NULL, NULL, NULL, NULL, 10000.00, '2025-05-24 01:26:00', '2025-05-27 01:26:25'),
(1533, 50, 'debit', 'নগদ জমা', NULL, NULL, NULL, NULL, 34000.00, '2025-05-24 01:26:00', '2025-05-27 01:26:54'),
(1534, 129, 'debit', 'নগদ জমা', NULL, NULL, NULL, NULL, 25000.00, '2025-05-25 01:26:00', '2025-05-27 01:27:41'),
(1535, 36, 'debit', 'নগদ জমা', NULL, NULL, NULL, NULL, 16000.00, '2025-05-25 01:27:00', '2025-05-27 01:28:10'),
(1536, 100, 'debit', 'নগদ জমা', NULL, NULL, NULL, NULL, 10000.00, '2025-05-25 01:28:00', '2025-05-27 01:28:32'),
(1537, 147, 'debit', 'নগদ জমা', NULL, NULL, NULL, NULL, 10000.00, '2025-05-25 01:28:00', '2025-05-27 01:29:04'),
(1538, 20, 'debit', 'নগদ জমা', NULL, NULL, NULL, NULL, 100000.00, '2025-05-26 01:29:00', '2025-05-27 01:29:33'),
(1539, 98, 'debit', 'নগদ জমা', NULL, NULL, NULL, NULL, 26700.00, '2025-05-26 01:29:00', '2025-05-27 01:30:03'),
(1540, 61, 'debit', 'নগদ জমা', NULL, NULL, NULL, NULL, 20000.00, '2025-05-26 01:30:00', '2025-05-27 01:30:31'),
(1541, 149, 'debit', 'নগদ জমা', NULL, NULL, NULL, NULL, 10000.00, '2025-05-26 01:34:00', '2025-05-27 01:34:32'),
(1542, 12, 'credit', '৩০/১ সুফিয়া ', NULL, '15051', 5576, 16.00, 89216.00, '2025-05-26 07:18:00', '2025-05-31 07:19:30'),
(1543, 108, 'credit', '৪০/১ হাজি হাশেম', NULL, '15052', 1527, 18.00, 27486.00, '2025-05-26 07:20:00', '2025-05-31 07:21:54'),
(1544, 34, 'credit', '৩০/১ কালার ', NULL, '15053', 413, 23.00, 9499.00, '2025-05-26 07:21:00', '2025-05-31 07:23:17'),
(1545, 149, 'credit', '৪০/১ কালার ', NULL, '15054', 282, 25.00, 7050.00, '2025-05-26 07:23:00', '2025-05-31 07:24:31'),
(1546, 100, 'credit', '৩০/১ কালার ', NULL, '15055', 461, 24.00, 11064.00, '2025-05-27 07:24:00', '2025-05-31 07:25:25'),
(1547, 88, 'credit', '৩০/১ কালার ', NULL, '15056', 369, 23.00, 8487.00, '2025-05-27 07:25:00', '2025-05-31 07:30:08'),
(1548, 32, 'credit', '৪০/১ পাকিজা Viscose', NULL, '15057', 6722, 14.00, 94108.00, '2025-05-27 07:30:00', '2025-05-31 07:31:34'),
(1549, 147, 'credit', '৩০/১ কালার ', NULL, '15058', 201, 23.00, 4623.00, '2025-05-27 07:31:00', '2025-05-31 07:33:20'),
(1550, 22, 'credit', '৩০/১ কালার ', NULL, '15059', 411, 23.00, 9453.00, '2025-05-27 07:33:00', '2025-05-31 07:34:07'),
(1551, 150, 'credit', '৩০/১ P.C R.মাদার ', NULL, '15069', 2486, 16.00, 39776.00, '2025-05-28 07:37:00', '2025-05-31 07:59:59'),
(1552, 24, 'credit', '৩০/১ P.C R.মাদার ', NULL, '15070', 2612, 16.00, 41792.00, '2025-05-31 08:00:00', '2025-05-31 08:11:43'),
(1553, 37, 'credit', '৩০/১ কালার ', NULL, '15071', 1047, 23.00, 24081.00, '2025-05-28 08:11:00', '2025-05-31 08:12:51'),
(1554, 22, 'credit', '৩০/১ কালার ', NULL, '15072', 411, 23.00, 9453.00, '2025-05-28 08:12:00', '2025-05-31 08:13:46'),
(1555, 101, 'credit', '৩০/১ কালার ', NULL, '15073', 480, 24.00, 11520.00, '2025-05-28 08:13:00', '2025-05-31 08:14:37'),
(1556, 68, 'credit', '৩০/১ কালার ', NULL, '15080', 712, 23.00, 16376.00, '2025-05-29 08:14:00', '2025-05-31 08:16:30'),
(1557, 88, 'credit', '৩০/১ কালার ', NULL, '15081', 739, 23.00, 16997.00, '2025-05-29 08:16:00', '2025-05-31 08:17:13'),
(1558, 20, 'credit', '৩০/১ কালার ', NULL, '15082', 493, 23.00, 11339.00, '2025-05-29 08:17:00', '2025-05-31 08:18:03'),
(1559, 58, 'credit', '৩০/১ কালার ', NULL, '15083', 412, 24.00, 9888.00, '2025-05-29 08:18:00', '2025-05-31 08:18:51'),
(1560, 15, 'credit', '২০/১ আকিজ ', NULL, '15084', 3609, 13.00, 46917.00, '2025-05-30 08:18:00', '2025-05-31 08:19:34'),
(1561, 147, 'credit', '৩০/১ কালার ', NULL, '15085', 414, 23.00, 9522.00, '2025-05-30 08:19:00', '2025-05-31 08:20:55'),
(1562, 22, 'credit', '৩০/১ কালার ', NULL, '411', 411, 23.00, 9453.00, '2025-05-30 08:20:00', '2025-05-31 08:23:47'),
(1563, 100, 'credit', '৩০/১ কালার', NULL, '15055', 347, 24.00, 8328.00, '2025-05-26 06:25:00', '2025-06-03 06:26:27'),
(1564, 97, 'credit', '৪০/১ কালার ', NULL, '15056', 624, 23.00, 14352.00, '2025-05-26 06:26:00', '2025-06-03 06:27:55'),
(1565, 149, 'credit', '৪০/১ কালার ', NULL, '15057', 249, 25.00, 6225.00, '2025-05-26 06:39:00', '2025-06-03 06:41:25'),
(1566, 30, 'credit', '৫০/১ A.A', NULL, '15058', 1293, 15.50, 20041.50, '2025-05-26 06:43:00', '2025-06-03 06:45:27'),
(1567, 38, 'credit', '৬০/১ নান্নু ', NULL, '15059', 1468, 21.00, 30828.00, '2025-05-26 06:48:00', '2025-06-03 06:48:55'),
(1568, 98, 'credit', '৪০/১ কালার ', NULL, '15065', 748, 24.00, 17952.00, '2025-05-27 06:48:00', '2025-06-03 06:52:56'),
(1569, 21, 'credit', '৩০/১ কালার	', NULL, '15066', 387, 23.00, 8901.00, '2025-05-27 06:52:00', '2025-06-03 06:55:06'),
(1570, 20, 'credit', '৩০/১ কালার	', NULL, '15067', 666, 23.00, 15318.00, '2025-05-27 06:55:00', '2025-06-03 06:56:02'),
(1571, 95, 'credit', '৩০/১ কালার	', NULL, '15068', 386, 24.00, 9264.00, '2025-05-27 06:56:00', '2025-06-03 06:56:52'),
(1572, 88, 'credit', '৩০/১ কালার	', NULL, '15071', 390, 22.00, 8580.00, '2025-05-28 06:56:00', '2025-06-03 06:59:00'),
(1573, 19, 'credit', '৪০/১ আকবর ', NULL, '15075', 3592, 13.00, 46696.00, '2025-05-28 07:01:00', '2025-06-03 07:01:33'),
(1574, 13, 'credit', '45/1 T.C কুমিল্লা', NULL, '15076', 2405, 24.00, 57720.00, '2025-05-29 07:02:00', '2025-06-03 07:02:57'),
(1575, 50, 'credit', '৪০/১ কালার ', NULL, '15078', 742, 24.00, 17808.00, '2025-05-29 07:02:00', '2025-06-03 07:05:20'),
(1576, 148, 'credit', '50/১ কালার ', NULL, '15079', 211, 26.00, 5486.00, '2025-05-29 07:05:00', '2025-06-03 07:08:33'),
(1577, 98, 'credit', '৪০/১ কালার ', NULL, '15087', 374, 25.00, 9350.00, '2025-05-30 07:08:00', '2025-06-03 07:11:12'),
(1578, 97, 'credit', '৪০/১ কালার ', NULL, '15088', 618, 23.00, 14214.00, '2025-05-30 07:11:00', '2025-06-03 07:12:38'),
(1579, 88, 'credit', '৩০/১ কালার ', NULL, '15089', 366, 22.00, 8052.00, '2025-05-30 07:12:00', '2025-06-03 07:14:22'),
(1580, 21, 'credit', '৩০/১ কালার', NULL, '15090', 387, 23.00, 8901.00, '2025-05-31 07:14:00', '2025-06-03 07:24:50'),
(1581, 34, 'credit', '৩০/১ কালার', NULL, '15091', 409, 23.00, 9407.00, '2025-05-31 07:24:00', '2025-06-03 07:25:38'),
(1582, 19, 'credit', '৪০/১ আকবর ', NULL, '15092', 3481, 13.00, 45253.00, '2025-05-31 07:25:00', '2025-06-03 07:26:28'),
(1583, 16, 'debit', 'নগদ জমা', NULL, NULL, NULL, NULL, 200000.00, '2025-05-27 08:04:00', '2025-06-03 08:12:05'),
(1584, 28, 'debit', 'নগদ জমা', NULL, NULL, NULL, NULL, 50000.00, '2025-05-27 08:12:00', '2025-06-03 08:14:55'),
(1585, 34, 'debit', 'নগদ জমা', NULL, NULL, NULL, NULL, 31000.00, '2025-05-27 08:15:00', '2025-06-03 08:15:48'),
(1586, 38, 'debit', 'নগদ জমা', NULL, NULL, NULL, NULL, 30000.00, '2025-05-27 08:15:00', '2025-06-03 08:16:18'),
(1587, 100, 'debit', 'নগদ জমা', NULL, NULL, NULL, NULL, 18500.00, '2025-05-27 08:16:00', '2025-06-03 08:16:51'),
(1588, 149, 'debit', 'নগদ জমা', NULL, NULL, NULL, NULL, 3000.00, '2025-05-27 08:16:00', '2025-06-03 08:17:38'),
(1589, 26, 'debit', 'নগদ জমা', NULL, NULL, NULL, NULL, 40000.00, '2025-05-27 08:17:00', '2025-06-03 08:26:02'),
(1590, 150, 'debit', 'নগদ জমা', NULL, NULL, NULL, NULL, 39500.00, '2025-05-28 08:26:00', '2025-06-03 08:39:14'),
(1591, 98, 'debit', 'নগদ জমা', NULL, NULL, NULL, NULL, 15000.00, '2025-05-28 08:39:00', '2025-06-03 08:40:38'),
(1592, 104, 'debit', 'নগদ জমা', NULL, NULL, NULL, NULL, 10000.00, '2025-05-28 08:40:00', '2025-06-03 08:41:31'),
(1593, 95, 'debit', 'নগদ জমা', NULL, NULL, NULL, NULL, 9000.00, '2025-05-28 08:41:00', '2025-06-03 08:49:10'),
(1594, 147, 'debit', 'নগদ জমা', NULL, NULL, NULL, NULL, 8000.00, '2025-05-28 08:49:00', '2025-06-03 08:50:36'),
(1595, 137, 'debit', 'নগদ জমা', NULL, NULL, NULL, NULL, 5000.00, '2025-05-28 08:52:00', '2025-06-03 08:52:58'),
(1596, 24, 'debit', 'নগদ জমা', NULL, NULL, NULL, NULL, 100000.00, '2025-05-29 08:52:00', '2025-06-03 08:54:36'),
(1597, 17, 'debit', 'নগদ জমা', NULL, NULL, NULL, NULL, 100000.00, '2025-05-29 08:54:00', '2025-06-03 08:55:27'),
(1598, 19, 'debit', 'নগদ জমা', NULL, NULL, NULL, NULL, 45000.00, '2025-05-29 08:55:00', '2025-06-03 08:55:45'),
(1599, 97, 'debit', 'নগদ জমা', NULL, NULL, NULL, NULL, 28300.00, '2025-05-30 08:55:00', '2025-06-03 08:57:20'),
(1600, 88, 'debit', 'নগদ জমা', NULL, NULL, NULL, NULL, 48700.00, '2025-05-30 08:57:00', '2025-06-03 08:57:49'),
(1601, 14, 'credit', '৩০/১ কাদের ', NULL, '15093', 3154, 17.00, 53618.00, '2025-05-31 05:26:00', '2025-06-15 05:32:39'),
(1602, 20, 'credit', '২০/১ কালার ', NULL, '15094', 2647, 14.00, 37058.00, '2025-05-31 05:32:00', '2025-06-15 05:35:45'),
(1603, 68, 'credit', '৩০/১ কালার', NULL, '15095', 401, 23.00, 9223.00, '2025-05-31 05:57:00', '2025-06-15 05:58:14'),
(1604, 21, 'credit', '৩০/১ কালার', NULL, '15096', 450, 23.00, 10350.00, '2025-05-31 05:58:00', '2025-06-15 05:58:49'),
(1605, 16, 'credit', '৩০/১ কাদের ', NULL, '15097', 5078, 17.00, 86326.00, '2025-06-01 05:58:00', '2025-06-15 06:13:54'),
(1606, 68, 'credit', '৩০/১ কালার', NULL, '15098', 407, 23.00, 9361.00, '2025-06-01 06:13:00', '2025-06-15 06:15:28'),
(1607, 58, 'credit', '৩০/১ কালার', NULL, '15100', 447, 24.00, 10728.00, '2025-06-02 06:15:00', '2025-06-15 06:23:00'),
(1608, 12, 'credit', '৩০/১ সুফিয়া ', NULL, '15101', 5462, 16.00, 87392.00, '2025-06-02 06:17:00', '2025-06-15 06:22:43'),
(1609, 90, 'credit', '৩০/১ কালার', NULL, '15102', 431, 24.00, 10344.00, '2025-06-02 06:45:00', '2025-06-15 06:46:22'),
(1610, 37, 'credit', '৩০/১ কালার', NULL, '15103', 1047, 23.00, 24081.00, '2025-06-02 06:46:00', '2025-06-15 06:46:57'),
(1611, 90, 'credit', '৩০/১ কালার', NULL, '15104', 431, 24.00, 10344.00, '2025-06-02 06:46:00', '2025-06-15 06:47:39'),
(1612, 20, 'credit', '১৬/১ কালার ', NULL, '15105', 568, 20.00, 11360.00, '2025-06-02 06:47:00', '2025-06-15 06:48:35'),
(1613, 68, 'credit', '৩০/১ কালার', NULL, '15106', 65, 61.60, 4004.00, '2025-06-02 06:48:00', '2025-06-15 06:49:40'),
(1614, 34, 'credit', '৩০/১ কালার', NULL, '15107', 411, 23.00, 9453.00, '2025-06-02 06:49:00', '2025-06-15 06:50:46'),
(1615, 50, 'credit', '৪০/১ কালার', NULL, '15108', 377, 24.00, 9048.00, '2025-06-02 06:50:00', '2025-06-15 06:51:34'),
(1616, 88, 'credit', '৩০/১ কালার', NULL, '15116', 386, 22.00, 8492.00, '2025-06-03 06:51:00', '2025-06-15 06:52:35'),
(1617, 22, 'credit', '৩০/১ কালার', NULL, '15117', 791, 23.00, 18193.00, '2025-06-03 06:52:00', '2025-06-15 06:53:19'),
(1618, 37, 'credit', '৩০/১ কালার', NULL, '15118', 1047, 23.00, 24081.00, '2025-06-03 06:53:00', '2025-06-15 06:54:05'),
(1619, 24, 'credit', '৩০/১ T.C R মাদার ', NULL, '15119', 2833, 16.00, 45328.00, '2025-06-03 06:54:00', '2025-06-15 06:55:18'),
(1620, 32, 'credit', '৪০/১ পাকিজা ', NULL, '15120', 5032, 14.00, 70448.00, '2025-06-03 06:55:00', '2025-06-15 06:56:31'),
(1621, 34, 'credit', '৩০/১ কালার', NULL, '15121', 418, 23.00, 9614.00, '2025-06-04 06:56:00', '2025-06-15 06:58:13'),
(1622, 100, 'credit', '৩০/১ কালার', NULL, '15122', 465, 24.00, 11160.00, '2025-06-04 06:58:00', '2025-06-15 06:58:52'),
(1623, 20, 'credit', '১৬/১ কালার ', NULL, '15123', 369, 20.00, 7380.00, '2025-06-04 06:58:00', '2025-06-15 07:01:01'),
(1624, 37, 'credit', '৩০/১ কালার', NULL, '15124', 524, 23.00, 12052.00, '2025-06-04 07:01:00', '2025-06-15 07:01:53'),
(1625, 88, 'credit', '৩০/১ কালার', NULL, '15125', 387, 23.00, 8901.00, '2025-06-04 07:01:00', '2025-06-15 07:02:33'),
(1626, 151, 'credit', '৩০/১ কালার', NULL, '15126', 342, 23.00, 7866.00, '2025-06-04 07:05:00', '2025-06-15 07:06:33'),
(1627, 17, 'credit', '২০/১ প্যাসিফিক ', NULL, '15127', 3185, 12.00, 38220.00, '2025-06-04 07:06:00', '2025-06-15 07:08:54'),
(1628, 50, 'credit', '৪০/১ কালার', NULL, '15128', 375, 24.00, 9000.00, '2025-06-04 07:08:00', '2025-06-15 07:09:59'),
(1629, 68, 'credit', '৩০/১ কালার', NULL, '15129', 227, 23.00, 5221.00, '2025-06-04 07:10:00', '2025-06-15 07:11:35'),
(1630, 120, 'credit', '২০/১ ইয়ুথ ', NULL, '15099', 3609, 12.00, 43308.00, '2025-06-01 07:11:00', '2025-06-15 07:13:07'),
(1631, 88, 'credit', '৩০/১ কালার ', NULL, '15109', 727, 22.00, 15994.00, '2025-06-02 07:13:00', '2025-06-15 07:14:11'),
(1632, 50, 'credit', '৪০/১ কালার', NULL, '15110', 1113, 24.00, 26712.00, '2025-06-02 07:14:00', '2025-06-15 07:15:05'),
(1633, 21, 'credit', '৩০/১ কালার', NULL, '15111', 426, 23.00, 9798.00, '2025-06-02 07:15:00', '2025-06-15 07:15:52'),
(1634, 26, 'credit', '৪৫/১ T.C ফুয়াদ ', NULL, '15112', 1628, 22.00, 35816.00, '2025-06-02 07:15:00', '2025-06-15 07:16:50'),
(1635, 30, 'credit', '৪০/১ উওরা ', NULL, '15113', 2072, 14.50, 30044.00, '2025-06-03 07:16:00', '2025-06-15 07:18:09'),
(1636, 19, 'credit', '৪০/১ আকবর ', NULL, '15114', 3481, 15.00, 52215.00, '2025-06-03 07:18:00', '2025-06-15 07:19:11'),
(1637, 88, 'credit', '৩০/১ কালার', NULL, '15115', 382, 23.00, 8786.00, '2025-06-03 07:19:00', '2025-06-15 07:20:00'),
(1638, 19, 'credit', '৪০/১ আকবর ', NULL, '15132', 3481, 13.50, 46993.50, '2025-06-04 07:20:00', '2025-06-15 07:21:10'),
(1639, 19, 'credit', '৪০/১ আকবর ', NULL, '15134', 3592, 13.50, 48492.00, '2025-06-04 07:21:00', '2025-06-15 07:22:05'),
(1640, 21, 'credit', '৩০/১ কালার', NULL, '15135', 426, 23.00, 9798.00, '2025-06-04 07:22:00', '2025-06-15 07:22:59'),
(1641, 98, 'debit', 'নগদ জমা ', NULL, NULL, NULL, NULL, 11800.00, '2025-05-30 23:31:00', '2025-06-15 23:32:16'),
(1642, 35, 'debit', 'নগদ জমা ', NULL, NULL, NULL, NULL, 20000.00, '2025-05-31 23:32:00', '2025-06-15 23:33:19'),
(1643, 50, 'debit', 'নগদ জমা ', NULL, NULL, NULL, NULL, 50000.00, '2025-06-01 23:33:00', '2025-06-15 23:34:12'),
(1644, 58, 'debit', 'নগদ জমা', NULL, NULL, NULL, NULL, 20000.00, '2025-06-01 23:34:00', '2025-06-15 23:34:54'),
(1645, 148, 'debit', 'নগদ জমা', NULL, NULL, NULL, NULL, 17000.00, '2025-06-01 23:34:00', '2025-06-15 23:35:37'),
(1646, 101, 'debit', 'নগদ জমা', NULL, NULL, NULL, NULL, 10000.00, '2025-06-01 23:35:00', '2025-06-15 23:36:05'),
(1647, 17, 'debit', 'নগদ জমা', NULL, NULL, NULL, NULL, 280000.00, '2025-06-02 23:36:00', '2025-06-15 23:36:31'),
(1648, 90, 'debit', 'নগদ জমা', NULL, NULL, NULL, NULL, 19500.00, '2025-06-02 23:36:00', '2025-06-15 23:37:03'),
(1649, 100, 'debit', 'নগদ জমা', NULL, NULL, NULL, NULL, 10000.00, '2025-06-02 23:37:00', '2025-06-15 23:37:30'),
(1650, 22, 'debit', 'নগদ জমা', NULL, NULL, NULL, NULL, 100000.00, '2025-06-03 23:37:00', '2025-06-15 23:38:10'),
(1651, 32, 'debit', 'নগদ জমা', NULL, NULL, NULL, NULL, 100000.00, '2025-06-03 23:38:00', '2025-06-15 23:38:54'),
(1652, 37, 'debit', 'নগদ জমা', NULL, NULL, NULL, NULL, 90000.00, '2025-06-03 23:38:00', '2025-06-15 23:40:04'),
(1653, 26, 'debit', 'নগদ জমা', NULL, NULL, NULL, NULL, 50000.00, '2025-06-03 23:40:00', '2025-06-15 23:40:30'),
(1654, 88, 'debit', 'নগদ জমা', NULL, NULL, NULL, NULL, 47000.00, '2025-06-03 23:40:00', '2025-06-15 23:40:56'),
(1655, 30, 'debit', 'নগদ জমা', NULL, NULL, NULL, NULL, 35000.00, '2025-06-03 23:40:00', '2025-06-15 23:42:35'),
(1656, 39, 'debit', 'নগদ জমা', NULL, NULL, NULL, NULL, 14000.00, '2025-06-03 23:42:00', '2025-06-15 23:42:59'),
(1657, 12, 'debit', 'নগদ জমা', NULL, NULL, NULL, NULL, 600000.00, '2025-06-03 23:43:00', '2025-06-15 23:44:14'),
(1658, 14, 'debit', 'নগদ জমা', NULL, NULL, NULL, NULL, 250000.00, '2025-06-03 23:44:00', '2025-06-15 23:44:40'),
(1659, 120, 'debit', 'নগদ জমা', NULL, NULL, NULL, NULL, 150000.00, '2025-06-03 23:44:00', '2025-06-15 23:45:03'),
(1660, 13, 'debit', 'নগদ জমা', NULL, NULL, NULL, NULL, 200000.00, '2025-06-03 23:45:00', '2025-06-15 23:45:28'),
(1661, 16, 'debit', 'নগদ জমা', NULL, NULL, NULL, NULL, 200000.00, '2025-06-03 23:45:00', '2025-06-15 23:45:51'),
(1662, 19, 'debit', 'নগদ জমা', NULL, NULL, NULL, NULL, 150000.00, '2025-06-04 23:45:00', '2025-06-15 23:46:17'),
(1663, 20, 'debit', 'নগদ জমা', NULL, NULL, NULL, NULL, 50000.00, '2025-06-04 23:46:00', '2025-06-15 23:46:37'),
(1664, 21, 'debit', 'নগদ জমা', NULL, NULL, NULL, NULL, 50000.00, '2025-06-04 23:46:00', '2025-06-15 23:47:20'),
(1665, 68, 'debit', 'নগদ জমা ', NULL, NULL, NULL, NULL, 50000.00, '2025-06-04 23:47:00', '2025-06-15 23:47:47'),
(1666, 50, 'debit', 'নগদ জমা', NULL, NULL, NULL, NULL, 11500.00, '2025-06-04 23:47:00', '2025-06-15 23:48:10'),
(1667, 34, 'debit', 'নগদ জমা ', NULL, NULL, NULL, NULL, 10000.00, '2025-06-04 23:48:00', '2025-06-15 23:48:31'),
(1668, 11, 'debit', 'নগদ জমা ', NULL, NULL, NULL, NULL, 50000.00, '2025-06-04 23:48:00', '2025-06-15 23:48:53'),
(1669, 108, 'debit', 'নগদ জমা', NULL, NULL, NULL, NULL, 10000.00, '2025-06-04 23:48:00', '2025-06-15 23:49:30'),
(1670, 24, 'debit', 'নগদ জমা', NULL, NULL, NULL, NULL, 50000.00, '2025-06-04 23:49:00', '2025-06-15 23:49:53'),
(1671, 85, 'debit', 'মাল আসা ', NULL, '9868', 94220, 1.00, 94220.00, '2025-05-08 04:34:00', '2025-06-17 04:35:20'),
(1672, 85, 'debit', 'মাল আসা ', NULL, '9898', 118930, 1.00, 118930.00, '2025-05-10 04:35:00', '2025-06-17 04:36:15'),
(1673, 85, 'debit', 'মাল আসা ', NULL, '9917', 71560, 1.00, 71560.00, '2025-05-11 04:36:00', '2025-06-17 04:39:34'),
(1674, 85, 'debit', 'মাল আসা ', NULL, '9943', 84630, 1.00, 84630.00, '2025-05-13 04:39:00', '2025-06-17 04:40:58'),
(1675, 85, 'debit', 'মাল আসা ', NULL, '9971', 90340, 1.00, 90340.00, '2025-05-14 04:40:00', '2025-06-17 04:41:40'),
(1676, 85, 'debit', 'মাল আসা ', NULL, '1117', 99800, 1.00, 99800.00, '2025-05-17 04:41:00', '2025-06-17 04:42:30'),
(1677, 85, 'debit', 'মাল আসা ', NULL, '1141', 99500, 1.00, 99500.00, '2025-05-19 04:42:00', '2025-06-17 04:44:43'),
(1678, 85, 'debit', 'মাল আসা ', NULL, '1166', 83170, 1.00, 83170.00, '2025-05-20 04:44:00', '2025-06-17 04:46:21'),
(1679, 85, 'debit', 'মাল আসা ', NULL, '1195', 97540, 1.00, 97540.00, '2025-05-22 04:46:00', '2025-06-17 04:47:46'),
(1680, 85, 'debit', 'মাল আসা ', NULL, '1232', 94390, 1.00, 94390.00, '2025-05-24 04:47:00', '2025-06-17 04:48:40'),
(1681, 85, 'debit', 'মাল আসা ', NULL, '1265', 51400, 1.00, 51400.00, '2025-05-26 04:48:00', '2025-06-17 04:49:25'),
(1682, 85, 'debit', 'মাল আসা ', NULL, '1272', 69560, 1.00, 69560.00, '2025-05-27 04:49:00', '2025-06-17 04:53:50'),
(1683, 85, 'debit', 'মাল আসা ', NULL, '1291', 13420, 1.00, 13420.00, '2025-05-27 04:53:00', '2025-06-17 04:54:38'),
(1684, 85, 'debit', 'মাল আসা ', NULL, '1311', 59360, 1.00, 59360.00, '2025-05-28 04:54:00', '2025-06-17 04:55:23'),
(1685, 85, 'debit', 'মাল আসা ', NULL, '1313', 69560, 1.00, 69560.00, '2025-05-29 04:55:00', '2025-06-17 04:56:20'),
(1686, 85, 'debit', 'মাল আসা ', NULL, '1345', 27140, 1.00, 27140.00, '2025-05-31 04:56:00', '2025-06-17 04:57:00'),
(1687, 85, 'credit', 'নগদ জমা ', NULL, NULL, NULL, NULL, 100000.00, '2025-05-08 05:04:00', '2025-06-17 05:05:40'),
(1688, 85, 'credit', 'নগদ জমা ', NULL, NULL, NULL, NULL, 100000.00, '2025-05-10 05:12:00', '2025-06-17 05:14:26'),
(1689, 85, 'credit', 'নগদ জমা ', NULL, NULL, NULL, NULL, 100000.00, '2025-05-13 05:14:00', '2025-06-17 05:15:10'),
(1690, 85, 'credit', 'নগদ জমা ', NULL, NULL, NULL, NULL, 100000.00, '2025-05-14 05:15:00', '2025-06-17 05:17:01'),
(1691, 85, 'credit', 'নগদ জমা ', NULL, NULL, NULL, NULL, 100000.00, '2025-05-17 05:17:00', '2025-06-17 05:17:43'),
(1692, 85, 'credit', 'নগদ জমা ', NULL, NULL, NULL, NULL, 50000.00, '2025-05-19 05:17:00', '2025-06-17 05:18:22'),
(1693, 85, 'credit', 'নগদ জমা ', NULL, NULL, NULL, NULL, 40000.00, '2025-05-19 05:18:00', '2025-06-17 05:19:20'),
(1694, 85, 'credit', 'নগদ জমা ', NULL, NULL, NULL, NULL, 100000.00, '2025-05-20 05:19:00', '2025-06-17 05:21:22'),
(1695, 85, 'credit', 'নগদ জমা ', NULL, NULL, NULL, NULL, 100000.00, '2025-05-22 05:20:00', '2025-06-17 05:21:45'),
(1696, 85, 'credit', 'নগদ জমা ', NULL, NULL, NULL, NULL, 100000.00, '2025-05-25 05:22:00', '2025-06-17 05:23:24'),
(1697, 85, 'credit', 'নগদ জমা ', NULL, NULL, NULL, NULL, 100000.00, '2025-05-26 05:23:00', '2025-06-17 05:23:48'),
(1698, 85, 'credit', 'নগদ জমা ', NULL, NULL, NULL, NULL, 80000.00, '2025-05-28 05:23:00', '2025-06-17 05:24:16'),
(1699, 85, 'credit', 'নগদ জমা ', NULL, NULL, NULL, NULL, 100000.00, '2025-05-29 05:24:00', '2025-06-17 05:24:43'),
(1700, 85, 'credit', 'নগদ জমা', NULL, NULL, NULL, NULL, 100000.00, '2025-06-03 05:35:00', '2025-06-17 05:36:18'),
(1701, 85, 'credit', 'নগদ জমা', NULL, NULL, NULL, NULL, 120000.00, '2025-06-02 05:36:00', '2025-06-17 05:37:49'),
(1702, 85, 'credit', 'নগদ জমা', NULL, NULL, NULL, NULL, 100000.00, '2025-06-16 05:37:00', '2025-06-17 05:38:28'),
(1703, 85, 'debit', 'মাল আসা', NULL, '1361', 81170, 1.00, 81170.00, '2025-06-01 05:38:00', '2025-06-17 05:39:22'),
(1704, 85, 'debit', 'মাল আসা', NULL, '1383', 49450, 1.00, 49450.00, '2025-06-02 05:39:00', '2025-06-17 05:40:38'),
(1705, 85, 'debit', 'মাল আসা', NULL, '1398', 92040, 1.00, 92040.00, '2025-06-03 05:40:00', '2025-06-17 05:42:00'),
(1706, 20, 'credit', '২০/১ কালার ', NULL, '15136', 2630, 15.00, 39450.00, '2025-06-16 22:48:00', '2025-06-20 22:50:24'),
(1707, 50, 'credit', '৪০/১ কালার ', NULL, '15137', 742, 24.00, 17808.00, '2025-06-16 22:50:00', '2025-06-20 22:51:41'),
(1708, 22, 'credit', '৩০/১ কালার ', NULL, '15138', 411, 23.00, 9453.00, '2025-06-17 22:51:00', '2025-06-20 22:52:52'),
(1709, 12, 'credit', '৩০/১ সুফিয়া ', NULL, '15139', 5424, 16.00, 86784.00, '2025-06-17 22:52:00', '2025-06-20 22:53:55'),
(1710, 22, 'credit', '৩০/১ কালার ', NULL, '15140', 412, 23.00, 9476.00, '2025-06-17 22:53:00', '2025-06-20 22:54:53'),
(1711, 152, 'credit', '৪০/১ শিপন ', NULL, '15141', 1847, 15.00, 27705.00, '2025-06-17 22:58:00', '2025-06-20 22:59:11'),
(1712, 151, 'debit', 'নগদ জমা ', NULL, NULL, NULL, NULL, 9000.00, '2025-06-13 23:04:00', '2025-06-20 23:06:13'),
(1713, 19, 'credit', '৪০/১ আকবর ', NULL, '15142', 3481, 13.50, 46993.50, '2025-06-18 23:06:00', '2025-06-22 23:10:57'),
(1714, 98, 'credit', '৪০/১ কালার ', NULL, '15158', 1162, 24.00, 27888.00, '2025-06-20 23:10:00', '2025-06-22 23:11:57'),
(1715, 26, 'credit', '৪৫/১ T.C ফুয়াদ ', NULL, '15159', 1899, 22.00, 41778.00, '2025-06-20 23:11:00', '2025-06-22 23:21:17'),
(1716, 68, 'credit', '৩০/১ কালার ', NULL, '15143', 403, 23.00, 9269.00, '2025-06-18 23:21:00', '2025-06-22 23:28:42'),
(1717, 34, 'credit', '৩০/১ কালার ', NULL, '15144', 833, 23.00, 19159.00, '2025-06-18 23:28:00', '2025-06-22 23:29:26'),
(1718, 97, 'credit', '৪০/১ কালার ', NULL, '15146', 633, 23.00, 14559.00, '2025-06-18 23:29:00', '2025-06-22 23:30:47'),
(1719, 98, 'credit', '৪০/১ কালার ', NULL, '15147', 1174, 24.00, 28176.00, '2025-06-18 23:30:00', '2025-06-22 23:31:35'),
(1720, 20, 'credit', '৩০/১ কালার ', NULL, '15148', 762, 24.00, 18288.00, '2025-06-20 23:31:00', '2025-06-22 23:33:51'),
(1721, 37, 'credit', '৩০/১ কালার ', NULL, '15149', 524, 23.00, 12052.00, '2025-06-20 23:33:00', '2025-06-22 23:50:59'),
(1722, 22, 'credit', '৩০/১ কালার ', NULL, '15150', 845, 23.00, 19435.00, '2025-06-20 23:51:00', '2025-06-22 23:51:42'),
(1723, 21, 'credit', '৩০/১ কালার ', NULL, '15151', 886, 23.00, 20378.00, '2025-06-20 23:51:00', '2025-06-22 23:52:12'),
(1724, 68, 'credit', '৩০/১ কালার ', NULL, '15152', 429, 23.00, 9867.00, '2025-06-20 23:52:00', '2025-06-22 23:52:49'),
(1725, 96, 'credit', '৩০/১ কালার ', NULL, '15153', 391, 23.00, 8993.00, '2025-06-20 23:52:00', '2025-06-22 23:53:59'),
(1726, 131, 'credit', '৪০/১ কালার ', NULL, '15154', 353, 25.00, 8825.00, '2025-06-20 23:54:00', '2025-06-22 23:55:18'),
(1727, 88, 'credit', '৩০/১ কালার ', NULL, '15155', 387, 22.00, 8514.00, '2025-06-20 23:55:00', '2025-06-22 23:55:58'),
(1728, 100, 'credit', '৩০/১ কালার ', NULL, '15156', 334, 24.00, 8016.00, '2025-06-20 23:55:00', '2025-06-22 23:56:34'),
(1729, 22, 'credit', '৩০/১ কালার ', NULL, '15160', 411, 23.00, 9453.00, '2025-06-22 07:21:00', '2025-06-26 07:24:18'),
(1730, 20, 'credit', '৩০/১ কালার ', NULL, '15161', 2128, 16.00, 34048.00, '2025-06-22 07:24:00', '2025-06-26 07:33:52'),
(1731, 109, 'credit', '৩০/১ কালার ', NULL, '15162', 359, 24.00, 8616.00, '2025-06-22 07:33:00', '2025-06-26 07:34:45'),
(1732, 97, 'credit', '৪০/১ কালার ', NULL, '15163', 313, 23.00, 7199.00, '2025-06-22 07:34:00', '2025-06-26 07:35:51'),
(1733, 131, 'credit', '৪০/১ কালার ', NULL, '15164', 318, 25.00, 7950.00, '2025-06-22 07:35:00', '2025-06-26 07:37:12'),
(1734, 20, 'credit', '২০/১ কালার ', NULL, '15165', 562, 20.00, 11240.00, '2025-06-22 07:37:00', '2025-06-26 07:38:00'),
(1735, 16, 'credit', '৪০/১ নাহিদ ', NULL, '15166', 2711, 20.00, 54220.00, '2025-06-22 07:38:00', '2025-06-26 07:39:10'),
(1736, 17, 'credit', '২০/১ প্যাসিফিক ', NULL, '15171', 3185, 12.00, 38220.00, '2025-06-23 06:23:00', '2025-06-28 06:30:07'),
(1737, 58, 'credit', '৩০/১ কালার ', NULL, '15172', 911, 24.00, 21864.00, '2025-06-23 06:30:00', '2025-06-28 06:34:55'),
(1738, 15, 'credit', '২০/১ আকিজ ', NULL, '15173', 2406, 13.00, 31278.00, '2025-06-23 06:34:00', '2025-06-28 07:00:01'),
(1739, 37, 'credit', '৩০/১ কালার ', NULL, '15174', 520, 23.00, 11960.00, '2025-06-23 07:00:00', '2025-06-28 07:01:36'),
(1740, 22, 'credit', '৩০/১ কালার ', NULL, '15175', 411, 23.00, 9453.00, '2025-06-23 07:01:00', '2025-06-28 07:02:37'),
(1741, 98, 'credit', '৪০/১ কালার ', NULL, '15176', 756, 24.00, 18144.00, '2025-06-23 07:02:00', '2025-06-28 07:03:22'),
(1742, 34, 'credit', '৩০/১ কালার ', NULL, '15177', 413, 23.00, 9499.00, '2025-06-23 07:03:00', '2025-06-28 07:04:07'),
(1743, 95, 'credit', '৩০/১ কালার ', NULL, '15178', 313, 24.00, 7512.00, '2025-06-23 07:04:00', '2025-06-28 07:04:53'),
(1744, 22, 'credit', '৩০/১ কালার ', NULL, '15179', 803, 23.00, 18469.00, '2025-06-24 07:04:00', '2025-06-28 07:05:35'),
(1745, 21, 'credit', '৩০/১ কালার ', NULL, '15610', 432, 23.00, 9936.00, '2025-06-24 07:05:00', '2025-06-28 07:06:20'),
(1746, 37, 'credit', '৩০/১ কালার ', NULL, '15181', 524, 23.00, 12052.00, '2025-06-24 07:06:00', '2025-06-28 07:10:10'),
(1747, 68, 'credit', '৩০/১ কালার ', NULL, '15182', 395, 23.00, 9085.00, '2025-06-24 07:10:00', '2025-06-28 07:15:44'),
(1748, 120, 'credit', '২০/১ ইয়ুথ ', NULL, '15183', 4812, 12.00, 57744.00, '2025-06-24 07:15:00', '2025-06-28 07:19:05'),
(1749, 17, 'credit', '২০/১ প্যাসিফিক ', NULL, '15186', 3273, 12.00, 39276.00, '2025-06-25 07:19:00', '2025-06-28 07:19:54'),
(1750, 88, 'credit', '৩০/১ কালার ', NULL, '15187', 779, 22.00, 17138.00, '2025-06-25 07:19:00', '2025-06-28 07:21:29'),
(1751, 21, 'credit', '৩০/১ কালার ', NULL, '15188', 471, 23.00, 10833.00, '2025-06-25 07:21:00', '2025-06-28 07:22:47'),
(1752, 20, 'credit', '৩০/১ কালার ', NULL, '15189', 2619, 16.00, 41904.00, '2025-06-25 07:22:00', '2025-06-28 07:23:57'),
(1753, 90, 'credit', '৩০/১ কালার ', NULL, '15190', 433, 24.00, 10392.00, '2025-06-25 07:23:00', '2025-06-28 07:25:13'),
(1754, 37, 'credit', '৩০/১ কালার ', NULL, '15191', 1029, 23.00, 23667.00, '2025-06-25 07:25:00', '2025-06-28 07:30:17'),
(1755, 20, 'credit', '২০/১ কালার ', NULL, '15196', 579, 20.00, 11580.00, '2025-06-26 07:30:00', '2025-06-28 07:31:39'),
(1756, 24, 'credit', '৩০/১ T.C R মাদার ', NULL, '15198', 2833, 16.00, 45328.00, '2025-06-26 07:31:00', '2025-06-28 07:33:23'),
(1757, 22, 'credit', '৩০/১ কালার ', NULL, '15197', 430, 23.00, 9890.00, '2025-06-26 07:33:00', '2025-06-28 07:34:20'),
(1758, 100, 'credit', '৩০/১ কালার ', NULL, '15199', 461, 24.00, 11064.00, '2025-06-26 07:34:00', '2025-06-28 07:35:04'),
(1759, 110, 'credit', '৩০/১ কালার ', NULL, '15200', 463, 23.00, 10649.00, '2025-06-26 07:35:00', '2025-06-28 07:35:58'),
(1760, 88, 'credit', '৩০/১ কালার ', NULL, '15201', 416, 23.00, 9568.00, '2025-06-26 07:35:00', '2025-06-28 07:36:34'),
(1761, 21, 'credit', '৩০/১ কালার ', NULL, '15202', 382, 23.00, 8786.00, '2025-06-26 07:36:00', '2025-06-28 07:37:00'),
(1762, 34, 'credit', '৩০/১ কালার ', NULL, '15203', 416, 23.00, 9568.00, '2025-06-26 07:37:00', '2025-06-28 07:37:35'),
(1763, 153, 'credit', '৪০/১ প্রোমেক্স ', NULL, '15168', 2441, 15.00, 36615.00, '2025-06-22 07:41:00', '2025-06-28 07:43:05'),
(1764, 97, 'credit', '৪০/১ কালার ', NULL, '15169', 297, 23.00, 6831.00, '2025-06-22 07:43:00', '2025-06-28 07:44:17'),
(1765, 110, 'credit', '৩০/১ কালার ', NULL, '15347', 283, 23.00, 6509.00, '2025-06-23 07:44:00', '2025-06-28 07:44:58'),
(1766, 19, 'credit', '৪০/১ আকবর ', NULL, '15384', 3592, 13.50, 48492.00, '2025-06-24 07:44:00', '2025-06-28 07:46:31'),
(1767, 129, 'credit', '৪০/১ শিপলু ', NULL, '15385', 1847, 15.00, 27705.00, '2025-06-24 07:46:00', '2025-06-28 07:47:49'),
(1768, 38, 'credit', '৫০/১ নাশা ', NULL, '15392', 1181, 17.00, 20077.00, '2025-06-25 07:47:00', '2025-06-28 07:49:38'),
(1769, 88, 'credit', '৩০/১ কালার ', NULL, '15393', 367, 22.00, 8074.00, '2025-06-25 07:49:00', '2025-06-28 07:51:07'),
(1770, 110, 'credit', '৩০/১ কালার ', NULL, '15394', 363, 23.00, 8349.00, '2025-06-25 07:51:00', '2025-06-28 07:53:01'),
(1771, 19, 'credit', '৪০/১ আকবর ', NULL, '15395', 3481, 13.50, 46993.50, '2025-06-26 07:53:00', '2025-06-28 07:54:10'),
(1772, 152, 'credit', '৪০/১ শিপলু ', NULL, '15205', 2051, 15.00, 30765.00, '2025-06-26 07:54:00', '2025-06-28 07:55:19'),
(1773, 35, 'credit', '৪০/১ শিপলু ', NULL, '15205', 1872, 15.00, 28080.00, '2025-06-26 07:55:00', '2025-06-28 07:56:20'),
(1774, 68, 'debit', 'নগদ জমা ', NULL, NULL, NULL, NULL, 30000.00, '2025-06-17 22:42:00', '2025-06-28 22:44:37'),
(1775, 20, 'debit', 'নগদ জমা ', NULL, NULL, NULL, NULL, 50000.00, '2025-06-18 22:44:00', '2025-06-28 22:45:08'),
(1776, 152, 'debit', 'নগদ জমা ', NULL, NULL, NULL, NULL, 27500.00, '2025-06-18 22:45:00', '2025-06-28 22:45:46'),
(1777, 97, 'debit', 'নগদ জমা ', NULL, NULL, NULL, NULL, 28000.00, '2025-06-19 22:45:00', '2025-06-28 22:46:14'),
(1778, 109, 'debit', 'নগদ জমা ', NULL, NULL, NULL, NULL, 8000.00, '2025-06-19 22:46:00', '2025-06-28 22:46:36'),
(1779, 131, 'debit', 'নগদ জমা ', NULL, NULL, NULL, NULL, 15000.00, '2025-06-20 22:46:00', '2025-06-28 22:47:07'),
(1780, 96, 'debit', 'নগদ জমা ', NULL, NULL, NULL, NULL, 9000.00, '2025-06-20 22:47:00', '2025-06-28 22:47:52'),
(1781, 50, 'debit', 'নগদ জমা ', NULL, NULL, NULL, NULL, 17800.00, '2025-06-21 22:47:00', '2025-06-28 22:48:37'),
(1782, 98, 'debit', 'নগদ জমা ', NULL, NULL, NULL, NULL, 77000.00, '2025-06-22 22:48:00', '2025-06-28 22:49:17'),
(1783, 110, 'debit', 'নগদ জমা ', NULL, NULL, NULL, NULL, 7000.00, '2025-06-22 22:49:00', '2025-06-28 22:49:55'),
(1784, 22, 'debit', 'নগদ জমা ', NULL, NULL, NULL, NULL, 111000.00, '2025-06-23 22:49:00', '2025-06-28 22:50:27'),
(1785, 63, 'debit', 'নগদ জমা ', NULL, NULL, NULL, NULL, 33000.00, '2025-06-23 22:50:00', '2025-06-28 22:50:59'),
(1786, 37, 'debit', 'নগদ জমা ', NULL, NULL, NULL, NULL, 40000.00, '2025-06-23 22:51:00', '2025-06-28 22:51:22'),
(1787, 34, 'debit', 'নগদ জমা ', NULL, NULL, NULL, NULL, 20000.00, '2025-06-23 22:51:00', '2025-06-28 22:51:43'),
(1788, 100, 'debit', 'নগদ জমা ', NULL, NULL, NULL, NULL, 9000.00, '2025-06-23 22:51:00', '2025-06-28 22:52:05'),
(1789, 58, 'debit', 'নগদ জমা ', NULL, NULL, NULL, NULL, 10000.00, '2025-06-23 22:52:00', '2025-06-28 22:52:42'),
(1790, 153, 'debit', 'নগদ জমা ', NULL, NULL, NULL, NULL, 20000.00, '2025-06-24 22:52:00', '2025-06-28 22:53:36'),
(1791, 129, 'debit', 'নগদ জমা ', NULL, NULL, NULL, NULL, 20000.00, '2025-06-24 22:53:00', '2025-06-28 22:54:04'),
(1792, 110, 'debit', 'নগদ জমা ', NULL, NULL, NULL, NULL, 8000.00, '2025-06-24 22:54:00', '2025-06-28 22:55:02'),
(1793, 19, 'debit', 'নগদ জমা ', NULL, NULL, NULL, NULL, 100000.00, '2025-06-25 22:55:00', '2025-06-28 22:56:23'),
(1794, 26, 'debit', 'নগদ জমা ', NULL, NULL, NULL, NULL, 50000.00, '2025-06-25 22:56:00', '2025-06-28 22:56:45'),
(1795, 24, 'debit', 'নগদ জমা ', NULL, NULL, NULL, NULL, 50000.00, '2025-06-25 22:56:00', '2025-06-28 22:57:20'),
(1796, 38, 'debit', 'নগদ জমা ', NULL, NULL, NULL, NULL, 20000.00, '2025-06-25 22:57:00', '2025-06-28 23:01:38'),
(1797, 95, 'debit', 'নগদ জমা ', NULL, NULL, NULL, NULL, 7000.00, '2025-06-25 23:01:00', '2025-06-28 23:03:05'),
(1798, 20, 'debit', 'নগদ জমা ', NULL, NULL, NULL, NULL, 100000.00, '2025-06-26 23:03:00', '2025-06-28 23:04:29'),
(1799, 88, 'debit', 'নগদ জমা ', NULL, NULL, NULL, NULL, 43000.00, '2025-06-26 23:04:00', '2025-06-28 23:05:50'),
(1800, 97, 'debit', 'নগদ জমা ', NULL, NULL, NULL, NULL, 14000.00, '2025-06-26 23:05:00', '2025-06-28 23:06:41'),
(1801, 110, 'debit', 'নগদ জমা ', NULL, NULL, NULL, NULL, 11000.00, '2025-06-26 23:06:00', '2025-06-28 23:07:16'),
(1802, 131, 'debit', 'নগদ জমা ', NULL, NULL, NULL, NULL, 1000.00, '2025-06-27 23:07:00', '2025-06-28 23:08:55'),
(1803, 110, 'debit', 'নগদ জমা ', NULL, NULL, NULL, NULL, 8000.00, '2025-06-27 23:08:00', '2025-06-28 23:10:24'),
(1804, 15, 'credit', '২০/১ আকিজ', NULL, '15206', 3609, 13.00, 46917.00, '2025-06-28 03:03:00', '2025-07-10 03:05:19'),
(1805, 148, 'credit', '৮০/১ কটন ', NULL, '15207', 1105, 28.00, 30940.00, '2025-06-28 03:05:00', '2025-07-10 03:06:19'),
(1806, 148, 'credit', '৮০/১ কটন ', NULL, '15218', 682, 28.00, 19096.00, '2025-06-29 03:07:00', '2025-07-10 03:08:09'),
(1807, 37, 'credit', '৩০/১ কালার ', NULL, '15219', 518, 23.00, 11914.00, '2025-06-29 03:08:00', '2025-07-10 03:09:22'),
(1808, 154, 'credit', '৩০/১ কালার ', NULL, '15220', 391, 24.00, 9384.00, '2025-06-29 03:12:00', '2025-07-10 03:13:41'),
(1809, 100, 'credit', '৩০/১ কালার ', NULL, '15221', 441, 24.00, 10584.00, '2025-06-29 03:14:00', '2025-07-10 03:14:48'),
(1810, 21, 'credit', '৩০/১ কালার ', NULL, '15222', 437, 23.00, 10051.00, '2025-06-29 03:14:00', '2025-07-10 03:15:40'),
(1811, 26, 'credit', '২০/১ নান্নু', NULL, '15232', 4254, 12.00, 51048.00, '2025-06-30 03:15:00', '2025-07-10 03:16:57'),
(1812, 120, 'credit', '২০/১ ইউথ ', NULL, '15233', 3609, 12.00, 43308.00, '2025-06-30 03:16:00', '2025-07-10 03:20:57'),
(1813, 61, 'credit', '৪০/১ R.S', NULL, '15234', 1405, 15.00, 21075.00, '2025-06-30 03:20:00', '2025-07-10 03:22:42'),
(1814, 14, 'credit', '৩০/১ ম্যাকসন ', NULL, '15210', 7607, 17.00, 129319.00, '2025-06-28 03:22:00', '2025-07-10 03:24:47'),
(1815, 20, 'credit', '২০/১ কালার ', NULL, '15211', 554, 20.00, 11080.00, '2025-06-28 03:24:00', '2025-07-10 03:25:36'),
(1816, 110, 'credit', '৩০/১ কালার ', NULL, '15212', 371, 23.00, 8533.00, '2025-06-28 03:25:00', '2025-07-10 03:26:35'),
(1817, 32, 'credit', '৪০/১ ডেলসি ', NULL, '15213', 4801, 14.00, 67214.00, '2025-06-29 03:26:00', '2025-07-10 03:27:54'),
(1818, 22, 'credit', '৩০/১ কালার ', NULL, '15214', 430, 23.00, 9890.00, '2025-06-29 03:27:00', '2025-07-10 03:28:46'),
(1819, 88, 'credit', '৩০/১ কালার ', NULL, '15215', 817, 22.00, 17974.00, '2025-06-29 03:28:00', '2025-07-10 03:29:53'),
(1820, 151, 'credit', '৩০/১ কালার ', NULL, '15216', 1856, 16.00, 29696.00, '2025-06-29 03:29:00', '2025-07-10 03:30:56');
INSERT INTO `sizing_ledger_entries` (`id`, `client_id`, `type`, `details`, `bim_number`, `bill_number`, `quantities`, `rate`, `total`, `created_at`, `updated_at`) VALUES
(1821, 68, 'credit', '৩০/১ কালার ', NULL, '15217', 328, 23.00, 7544.00, '2025-06-29 03:30:00', '2025-07-10 03:34:34'),
(1822, 37, 'credit', '৩০/১ কালার ', NULL, '15224', 518, 23.00, 11914.00, '2025-06-30 03:34:00', '2025-07-10 03:45:13'),
(1823, 22, 'credit', '৩০/১ কালার ', NULL, '15225', 841, 23.00, 19343.00, '2025-06-30 03:45:00', '2025-07-10 03:46:24'),
(1824, 147, 'credit', '৩০/১ কালার ', NULL, '15227', 412, 23.00, 9476.00, '2025-06-30 03:46:00', '2025-07-10 03:48:11'),
(1825, 21, 'credit', '৩০/১ কালার ', NULL, '15228', 448, 23.00, 10304.00, '2025-06-30 03:48:00', '2025-07-10 03:48:44'),
(1826, 37, 'credit', '৩০/১ কালার ', NULL, '15229', 516, 23.00, 11868.00, '2025-06-30 03:48:00', '2025-07-10 04:00:44'),
(1827, 95, 'credit', '৩০/১ কালার ', NULL, '15230', 636, 24.00, 15264.00, '2025-06-30 04:00:00', '2025-07-10 04:01:34'),
(1828, 16, 'credit', '৩০/১ ডেলসি ', NULL, '15231', 5019, 17.00, 85323.00, '2025-06-30 04:01:00', '2025-07-10 04:07:14'),
(1829, 35, 'debit', 'নগদ জমা ', NULL, NULL, NULL, NULL, 20000.00, '2025-06-29 04:07:00', '2025-07-10 04:08:49'),
(1830, 152, 'debit', 'নগদ জমা ', NULL, NULL, NULL, NULL, 20000.00, '2025-06-29 04:09:00', '2025-07-10 04:10:26'),
(1831, 100, 'debit', 'নগদ জমা ', NULL, NULL, NULL, NULL, 20000.00, '2025-06-29 04:10:00', '2025-07-10 04:10:56'),
(1832, 154, 'debit', 'নগদ জমা ', NULL, NULL, NULL, NULL, 9000.00, '2025-06-29 04:10:00', '2025-07-10 04:11:21'),
(1833, 61, 'debit', 'নগদ জমা ', NULL, NULL, NULL, NULL, 10000.00, '2025-06-29 04:11:00', '2025-07-10 04:12:20'),
(1834, 147, 'debit', 'নগদ জমা ', NULL, NULL, NULL, NULL, 5000.00, '2025-06-30 04:12:00', '2025-07-10 04:12:55'),
(1835, 37, 'debit', 'নগদ জমা ', NULL, NULL, NULL, NULL, 50000.00, '2025-07-01 04:12:00', '2025-07-10 04:14:15'),
(1836, 95, 'debit', 'নগদ জমা ', NULL, NULL, NULL, NULL, 14500.00, '2025-07-01 04:14:00', '2025-07-10 04:14:42'),
(1837, 34, 'debit', 'নগদ জমা ', NULL, NULL, NULL, NULL, 10000.00, '2025-07-01 04:14:00', '2025-07-10 04:15:06'),
(1838, 153, 'debit', 'নগদ জমা ', NULL, NULL, NULL, NULL, 16500.00, '2025-07-02 04:15:00', '2025-07-10 04:15:38'),
(1839, 19, 'debit', 'নগদ জমা ', NULL, NULL, NULL, NULL, 100000.00, '2025-07-03 04:15:00', '2025-07-10 04:16:04'),
(1840, 26, 'debit', 'নগদ জমা ', NULL, NULL, NULL, NULL, 50000.00, '2025-07-03 04:16:00', '2025-07-10 04:16:39'),
(1841, 21, 'debit', 'নগদ জমা ', NULL, NULL, NULL, NULL, 50000.00, '2025-07-03 04:16:00', '2025-07-10 04:17:06'),
(1842, 90, 'debit', 'নগদ জমা ', NULL, NULL, NULL, NULL, 19000.00, '2025-07-03 04:17:00', '2025-07-10 04:17:29'),
(1843, 50, 'debit', 'নগদ জমা ', NULL, NULL, NULL, NULL, 18000.00, '2025-07-03 04:17:00', '2025-07-10 04:18:00'),
(1844, 47, 'debit', 'নগদ জমা ', NULL, NULL, NULL, NULL, 10000.00, '2025-07-03 04:18:00', '2025-07-10 04:18:33'),
(1845, 88, 'debit', 'নগদ জমা ', NULL, NULL, NULL, NULL, 52000.00, '2025-07-04 04:18:00', '2025-07-10 04:19:16'),
(1846, 64, 'debit', 'নগদ জমা ', NULL, NULL, NULL, NULL, 15000.00, '2025-07-04 04:19:00', '2025-07-10 04:19:57'),
(1847, 20, 'debit', 'নগদ জমা ', NULL, NULL, NULL, NULL, 100000.00, '2025-07-05 04:19:00', '2025-07-10 04:20:29'),
(1848, 58, 'debit', 'নগদ জমা ', NULL, NULL, NULL, NULL, 21500.00, '2025-07-05 04:20:00', '2025-07-10 04:21:05'),
(1849, 147, 'debit', 'নগদ জমা ', NULL, NULL, NULL, NULL, 14000.00, '2025-07-05 04:21:00', '2025-07-10 04:21:40'),
(1850, 109, 'debit', 'নগদ জমা ', NULL, NULL, NULL, NULL, 8000.00, '2025-07-05 04:21:00', '2025-07-10 04:22:05'),
(1851, 100, 'debit', 'নগদ জমা ', NULL, NULL, NULL, NULL, 8000.00, '2025-07-06 04:22:00', '2025-07-10 04:24:58'),
(1852, 110, 'debit', 'নগদ জমা ', NULL, NULL, NULL, NULL, 20000.00, '2025-07-07 04:24:00', '2025-07-10 04:25:59'),
(1853, 34, 'debit', 'নগদ জমা ', NULL, NULL, NULL, NULL, 20000.00, '2025-07-08 04:26:00', '2025-07-10 04:26:25'),
(1854, 23, 'debit', 'নগদ জমা ', NULL, NULL, NULL, NULL, 20000.00, '2025-07-08 04:26:00', '2025-07-10 04:26:53'),
(1855, 64, 'debit', 'নগদ জমা ', NULL, NULL, NULL, NULL, 10000.00, '2025-07-08 04:26:00', '2025-07-10 04:27:27'),
(1856, 31, 'debit', 'নগদ জমা ', NULL, NULL, NULL, NULL, 40000.00, '2025-07-09 04:27:00', '2025-07-10 04:28:09'),
(1857, 127, 'debit', 'নগদ জমা ', NULL, NULL, NULL, NULL, 4500.00, '2025-07-09 04:28:00', '2025-07-10 04:28:40');

-- --------------------------------------------------------

--
-- Table structure for table `sizing_yarns`
--

CREATE TABLE `sizing_yarns` (
  `id` bigint(20) UNSIGNED NOT NULL,
  `name` varchar(191) NOT NULL,
  `description` text DEFAULT NULL,
  `created_at` timestamp NULL DEFAULT NULL,
  `updated_at` timestamp NULL DEFAULT NULL
) ENGINE=InnoDB DEFAULT CHARSET=utf8mb4 COLLATE=utf8mb4_unicode_ci;

--
-- Dumping data for table `sizing_yarns`
--

INSERT INTO `sizing_yarns` (`id`, `name`, `description`, `created_at`, `updated_at`) VALUES
(4, '30/1 কাদের সুতা ', 'মাধবদী ', '2025-02-28 05:25:11', '2025-03-03 16:16:34'),
(5, '30/1 সুফিয়া সুতা ', NULL, '2025-03-03 16:17:41', '2025-03-03 16:17:41');

-- --------------------------------------------------------

--
-- Table structure for table `sizing_yarn_stocks`
--

CREATE TABLE `sizing_yarn_stocks` (
  `id` bigint(20) UNSIGNED NOT NULL,
  `client_id` bigint(20) UNSIGNED DEFAULT NULL,
  `yarn_id` bigint(20) UNSIGNED NOT NULL,
  `type` enum('in','out') NOT NULL,
  `quantities` bigint(20) NOT NULL,
  `details` text DEFAULT NULL,
  `created_at` timestamp NULL DEFAULT NULL,
  `updated_at` timestamp NULL DEFAULT NULL
) ENGINE=InnoDB DEFAULT CHARSET=utf8mb4 COLLATE=utf8mb4_unicode_ci;

--
-- Dumping data for table `sizing_yarn_stocks`
--

INSERT INTO `sizing_yarn_stocks` (`id`, `client_id`, `yarn_id`, `type`, `quantities`, `details`, `created_at`, `updated_at`) VALUES
(20, 12, 4, 'in', 5000, '', '2025-02-28 05:25:00', '2025-02-28 05:26:31'),
(21, 12, 4, 'out', 3000, '', '2025-02-28 05:27:00', '2025-02-28 05:27:54');

-- --------------------------------------------------------

--
-- Table structure for table `units`
--

CREATE TABLE `units` (
  `id` bigint(20) UNSIGNED NOT NULL,
  `branch_id` bigint(20) UNSIGNED NOT NULL,
  `name` varchar(191) NOT NULL,
  `email` varchar(191) DEFAULT NULL,
  `phone` varchar(191) DEFAULT NULL,
  `address` text DEFAULT NULL,
  `created_at` timestamp NULL DEFAULT NULL,
  `updated_at` timestamp NULL DEFAULT NULL
) ENGINE=InnoDB DEFAULT CHARSET=utf8mb4 COLLATE=utf8mb4_unicode_ci;

--
-- Dumping data for table `units`
--

INSERT INTO `units` (`id`, `branch_id`, `name`, `email`, `phone`, `address`, `created_at`, `updated_at`) VALUES
(5, 35, 'Midland Tex', 'Midland123@gamil.com', NULL, 'মাধবাদী', '2025-02-19 13:27:35', '2025-02-19 13:27:35'),
(6, 35, 'অণূকুল সাহা টেক্স (মিডল্যান্ড.2)', 'Anukal123@gamil.com', NULL, 'মাধবাদী', '2025-03-02 07:31:16', '2025-03-28 23:44:01'),
(9, 36, 'মেসাস আঞ্জমান সাইজিং (নোমান)', 'Anjuman789@email.com', NULL, NULL, '2025-03-22 00:18:40', '2025-03-28 23:26:43'),
(10, 36, 'মেসাস ইয়ামিন টেক্স( নোমান.2)', 'Eaymin456@gamil.com', NULL, 'রাইনাদী ', '2025-03-22 00:30:09', '2025-04-12 07:05:41'),
(16, 37, 'মেসাস আঞ্জমান টেক্স.( I.W.T.1)', 'Rakib456@gamil.com', '01713224806', 'মাধবাদী', '2025-03-28 23:41:09', '2025-03-28 23:41:09'),
(17, 35, 'মেসাস আঞ্জমান টেক্স( মিডল্যান্ড.1)', 'Anjuman123@gamil.com', '01713224806', 'মাধবাদী ', '2025-03-28 23:55:27', '2025-03-28 23:55:27'),
(18, 35, 'মেসাস আঞ্জমান সাইজিং (মিডল্যান্ড.1)', 'Midland412@email.com', NULL, 'মাধবাদী ', '2025-03-29 02:33:01', '2025-03-29 02:33:01'),
(19, 37, 'মেসাস আঞ্জমান সাইজিং(I.W.T.1)', 'I.W.T753@gamil.com', NULL, 'মাধবাদী ', '2025-03-29 02:40:02', '2025-03-29 02:40:02'),
(21, 38, 'মেসাস শিকদার টেক্সটাইল (A.R টেক্স)', 'Shikeder123@gamil.com', '01711139717', 'মাধবাদী ', '2025-04-12 06:51:46', '2025-05-17 01:55:02'),
(22, 43, 'মেসাস আঞ্জমান টেক্স( রুমাইশা.1)', 'Rumasa456@gamil.com', '01713224806', 'মাধবাদী ', '2025-04-12 06:59:11', '2025-04-12 06:59:11'),
(23, 43, 'মেসাস অনুকুল সাহা টেক্স( রুমাইশা.২)', 'Anukal456@gamil.com', '01713224806', 'মাধবাদী ', '2025-04-12 07:01:23', '2025-04-12 07:01:23'),
(24, 36, 'মেসাস আঞ্জমান টেক্স.(নোমান.1)', 'noman456@email.com', '01713224806', 'মাধবাদী ', '2025-04-12 07:03:03', '2025-04-12 07:03:03');

-- --------------------------------------------------------

--
-- Table structure for table `unit_types`
--

CREATE TABLE `unit_types` (
  `id` bigint(20) UNSIGNED NOT NULL,
  `name` varchar(191) NOT NULL,
  `description` text DEFAULT NULL,
  `created_at` timestamp NULL DEFAULT NULL,
  `updated_at` timestamp NULL DEFAULT NULL
) ENGINE=InnoDB DEFAULT CHARSET=utf8mb4 COLLATE=utf8mb4_unicode_ci;

--
-- Dumping data for table `unit_types`
--

INSERT INTO `unit_types` (`id`, `name`, `description`, `created_at`, `updated_at`) VALUES
(1, 'Yarn', 'for Yarn', '2025-01-20 11:10:31', '2025-01-20 11:10:31'),
(2, 'Cloth', NULL, '2025-01-20 11:17:08', '2025-01-20 11:17:08'),
(3, 'BIM', 'bim for branch', '2025-01-20 11:17:33', '2025-01-20 11:17:33'),
(9, 'Branch Yarn Stock', 'Madhabdi', '2025-02-06 06:25:47', '2025-02-06 06:25:47');

-- --------------------------------------------------------

--
-- Table structure for table `unit_type_assigns`
--

CREATE TABLE `unit_type_assigns` (
  `id` bigint(20) UNSIGNED NOT NULL,
  `unit_type_id` bigint(20) UNSIGNED NOT NULL,
  `name` enum('cloth','yarn','bim') NOT NULL,
  `created_at` timestamp NULL DEFAULT NULL,
  `updated_at` timestamp NULL DEFAULT NULL
) ENGINE=InnoDB DEFAULT CHARSET=utf8mb4 COLLATE=utf8mb4_unicode_ci;

--
-- Dumping data for table `unit_type_assigns`
--

INSERT INTO `unit_type_assigns` (`id`, `unit_type_id`, `name`, `created_at`, `updated_at`) VALUES
(1, 1, 'yarn', NULL, NULL),
(2, 2, 'cloth', NULL, NULL),
(3, 3, 'bim', NULL, NULL);

-- --------------------------------------------------------

--
-- Table structure for table `unit_type_pivot`
--

CREATE TABLE `unit_type_pivot` (
  `id` bigint(20) UNSIGNED NOT NULL,
  `unit_id` bigint(20) UNSIGNED NOT NULL,
  `type_id` bigint(20) UNSIGNED NOT NULL,
  `created_at` timestamp NULL DEFAULT NULL,
  `updated_at` timestamp NULL DEFAULT NULL
) ENGINE=InnoDB DEFAULT CHARSET=utf8mb4 COLLATE=utf8mb4_unicode_ci;

--
-- Dumping data for table `unit_type_pivot`
--

INSERT INTO `unit_type_pivot` (`id`, `unit_id`, `type_id`, `created_at`, `updated_at`) VALUES
(11, 5, 2, NULL, NULL),
(12, 6, 1, NULL, NULL),
(17, 9, 1, NULL, NULL),
(18, 9, 2, NULL, NULL),
(19, 9, 3, NULL, NULL),
(20, 10, 1, NULL, NULL),
(21, 10, 2, NULL, NULL),
(22, 10, 3, NULL, NULL),
(26, 5, 1, NULL, NULL),
(27, 5, 3, NULL, NULL),
(41, 16, 1, NULL, NULL),
(42, 16, 2, NULL, NULL),
(43, 16, 3, NULL, NULL),
(44, 17, 1, NULL, NULL),
(45, 17, 2, NULL, NULL),
(46, 17, 3, NULL, NULL),
(47, 6, 2, NULL, NULL),
(48, 6, 3, NULL, NULL),
(49, 18, 1, NULL, NULL),
(50, 18, 2, NULL, NULL),
(51, 18, 3, NULL, NULL),
(52, 18, 9, NULL, NULL),
(53, 19, 1, NULL, NULL),
(54, 19, 2, NULL, NULL),
(55, 19, 3, NULL, NULL),
(56, 19, 9, NULL, NULL),
(62, 21, 1, NULL, NULL),
(63, 21, 2, NULL, NULL),
(64, 21, 3, NULL, NULL),
(65, 21, 9, NULL, NULL),
(66, 22, 1, NULL, NULL),
(67, 22, 2, NULL, NULL),
(68, 22, 3, NULL, NULL),
(69, 22, 9, NULL, NULL),
(70, 23, 1, NULL, NULL),
(71, 23, 2, NULL, NULL),
(72, 23, 3, NULL, NULL),
(73, 23, 9, NULL, NULL),
(74, 24, 1, NULL, NULL),
(75, 24, 2, NULL, NULL),
(76, 24, 3, NULL, NULL),
(77, 24, 9, NULL, NULL);

-- --------------------------------------------------------

--
-- Table structure for table `yarns`
--

CREATE TABLE `yarns` (
  `id` bigint(20) UNSIGNED NOT NULL,
  `name` varchar(191) NOT NULL,
  `description` text DEFAULT NULL,
  `created_at` timestamp NULL DEFAULT NULL,
  `updated_at` timestamp NULL DEFAULT NULL
) ENGINE=InnoDB DEFAULT CHARSET=utf8mb4 COLLATE=utf8mb4_unicode_ci;

--
-- Dumping data for table `yarns`
--

INSERT INTO `yarns` (`id`, `name`, `description`, `created_at`, `updated_at`) VALUES
(8, '৩০/১ মাল্টিজিম সুতা ', NULL, '2025-02-04 03:44:49', '2025-04-12 01:16:57'),
(11, '৪৫/১ T.C নাহিদ -৫৬৪০ তার', 'মেসাস আঞ্জমান টেক্স ', '2025-02-17 07:18:31', '2025-02-17 07:18:31'),
(12, '৩০/১ নাইচ-৮৮০০ তার', 'মেসাস নোমান টেক্স ', '2025-02-17 08:54:22', '2025-02-17 08:54:22'),
(13, '২০/১-আকিজ -৩৩৬০ তার', 'মেসাস মিডল্যান্ড টেক্স ', '2025-02-17 08:55:55', '2025-02-17 08:55:55'),
(14, '৪৫/১ T.C S.A -৩৭২০ তার', 'মেসাস A.R টেক্স ', '2025-02-17 09:01:10', '2025-02-17 09:01:10'),
(15, '৩০/১ সুফিয়া -৮৮০০ তার ', 'মেসাস নোমান টেক্স ', '2025-02-17 09:03:16', '2025-02-17 09:03:16'),
(16, '৩০/১ আকবার -৮৫৫০ তার', 'মেসাস I.W.T টেক্স ', '2025-02-17 09:05:08', '2025-02-17 09:05:08'),
(17, '৩০/১ ইসমাইল -৮৮০০ তার', 'মেসাস নোমান টেক্স ', '2025-02-17 09:06:58', '2025-02-17 09:06:58'),
(18, '৩০/১ ইসমাইল -৮৫৫০ তার', 'মেসাস I.W.T টেক্স ', '2025-02-17 09:07:36', '2025-02-17 09:07:36'),
(19, '৩০/১ কাদের -৮৫৫০ তার', 'I.W.T টেক্স ', '2025-03-04 06:53:13', '2025-03-04 06:53:50'),
(20, '20/1 A.A ', NULL, '2025-03-22 00:33:14', '2025-03-22 00:33:14'),
(21, '৩০/১ ইসমাইল সুতা ', NULL, '2025-03-22 04:54:45', '2025-03-22 04:54:45'),
(22, '৩০/১ সুফিয়া সুতা ', NULL, '2025-03-22 04:55:17', '2025-03-22 04:55:17'),
(23, '৩০/১ কাদের সুতা ', NULL, '2025-03-22 04:55:36', '2025-03-22 04:55:36'),
(24, '৩০/১ আকবর সুতা', NULL, '2025-03-22 04:55:55', '2025-04-12 01:15:53'),
(25, '৩০/১ নাইচ সুতা ', NULL, '2025-03-22 04:56:18', '2025-03-22 04:56:18'),
(26, '৩০/১ SCML সুতা', NULL, '2025-03-22 04:56:51', '2025-03-22 04:56:51'),
(27, '৩০/১ মুনতাসির সুতা', NULL, '2025-03-22 04:57:49', '2025-03-22 04:57:49'),
(28, '৩০/১ KSM সুতা ', NULL, '2025-03-22 04:58:56', '2025-03-22 04:58:56'),
(30, '৩০/১ মা সুতা ', NULL, '2025-03-24 10:30:28', '2025-04-12 01:16:26'),
(31, '২০/১ ডেইলছি সুতা ', NULL, '2025-03-24 10:30:38', '2025-04-12 01:17:53'),
(32, '২০/১ R.A সুতা ', NULL, '2025-04-12 01:18:48', '2025-04-12 01:18:48'),
(33, '২০/১ মিন সুতা ', NULL, '2025-04-12 01:19:07', '2025-04-12 01:19:07'),
(34, '২০/১ মন্নু সুতা ', NULL, '2025-04-12 04:45:07', '2025-04-12 04:45:07'),
(35, '৪৫/১ T.C নাহিদ সুতা ', NULL, '2025-04-12 05:43:15', '2025-04-12 05:43:15'),
(36, '৪৫/১ T.C কুমিল্লা সুতা ', NULL, '2025-04-12 05:45:16', '2025-04-12 05:45:16'),
(37, '৪৫/১ T.C যমুনা সুতা', NULL, '2025-04-12 05:46:27', '2025-05-17 05:54:39'),
(38, '৪৫/১ T.C রোকারে সুতা', NULL, '2025-04-12 05:47:20', '2025-04-12 05:47:20');

-- --------------------------------------------------------

--
-- Table structure for table `yarn_stocks`
--

CREATE TABLE `yarn_stocks` (
  `id` bigint(20) UNSIGNED NOT NULL,
  `client_id` bigint(20) UNSIGNED DEFAULT NULL,
  `branch_id` bigint(20) UNSIGNED DEFAULT NULL,
  `yarn_id` bigint(20) UNSIGNED NOT NULL,
  `branch_yarn_stock_id` bigint(20) UNSIGNED DEFAULT NULL,
  `type` enum('in','out') NOT NULL,
  `quantities` bigint(20) NOT NULL,
  `details` text DEFAULT NULL,
  `created_at` timestamp NULL DEFAULT NULL,
  `updated_at` timestamp NULL DEFAULT NULL
) ENGINE=InnoDB DEFAULT CHARSET=utf8mb4 COLLATE=utf8mb4_unicode_ci;

--
-- Dumping data for table `yarn_stocks`
--

INSERT INTO `yarn_stocks` (`id`, `client_id`, `branch_id`, `yarn_id`, `branch_yarn_stock_id`, `type`, `quantities`, `details`, `created_at`, `updated_at`) VALUES
(160, NULL, 36, 21, 145, 'out', 174, 'সাবেক ব্যালেন্স ', '2025-03-31 01:02:00', '2025-04-12 01:11:20'),
(162, 12, NULL, 21, NULL, 'in', 174, 'সাবেক প্রবেশ', '2025-03-31 08:32:00', '2025-04-12 01:01:46'),
(164, 12, NULL, 20, NULL, 'in', 571, NULL, '2025-03-31 08:52:00', '2025-04-11 08:52:46'),
(165, NULL, 36, 20, 148, 'out', 571, NULL, '2025-03-31 08:52:00', '2025-04-11 08:53:10'),
(169, 12, NULL, 25, NULL, 'in', 9, 'সাবেক প্রবেশ ', '2025-03-31 01:19:00', '2025-04-12 01:20:34'),
(170, 12, NULL, 22, NULL, 'in', 20, 'সাবেক প্রবেশ ', '2025-03-31 01:20:00', '2025-04-12 01:21:34'),
(171, 12, NULL, 30, NULL, 'in', 20, 'সাবেক প্রবেশ', '2025-03-31 01:21:00', '2025-05-17 07:52:12'),
(172, NULL, 36, 25, 153, 'out', 9, 'সাবেক ব্যালেন্স ', '2025-03-31 01:22:00', '2025-04-12 01:24:32'),
(173, NULL, 36, 22, 154, 'out', 20, 'সাবেক ব্যালেন্স', '2025-03-31 01:24:00', '2025-04-12 01:25:58'),
(175, 12, NULL, 31, NULL, 'in', 40, 'সাবেক ব্যালেন্স ', '2025-03-31 01:28:00', '2025-05-19 05:25:27'),
(176, NULL, 36, 31, 156, 'out', 40, 'সাবেক প্রবেশ ', '2025-03-31 01:35:00', '2025-05-19 05:25:39'),
(177, 12, NULL, 20, NULL, 'in', 12, 'সাবেক ব্যালেন্স', '2025-03-31 01:36:00', '2025-05-18 23:28:18'),
(178, NULL, 36, 20, 157, 'out', 12, 'সাবেক প্রবেশ ', '2025-03-31 01:37:00', '2025-05-18 23:28:28'),
(179, 12, NULL, 33, NULL, 'in', 55, 'সাবেক ব্যালেন্স ', '2025-03-31 01:38:00', '2025-05-19 05:25:59'),
(180, NULL, 36, 33, 158, 'out', 55, 'সাবেক প্রবেশ ', '2025-03-31 01:58:00', '2025-05-19 05:26:10'),
(181, 12, NULL, 32, NULL, 'in', 70, 'সাবেক ব্যালেন্স ', '2025-03-31 01:59:00', '2025-04-12 02:05:00'),
(182, NULL, 36, 32, 159, 'out', 70, 'সাবেক প্রবেশ ', '2025-03-31 02:05:00', '2025-04-12 02:11:42'),
(183, 14, NULL, 23, NULL, 'in', 1, 'সাবেক প্রবেশ ', '2025-03-31 04:45:00', '2025-04-12 04:54:05'),
(185, 14, NULL, 34, NULL, 'in', 53, 'সাবেক প্রবেশ ', '2025-03-31 04:56:00', '2025-04-12 04:57:17'),
(186, NULL, 37, 34, 165, 'out', 53, 'সাবেক ব্যালেন্স ', '2025-03-31 04:57:00', '2025-04-12 04:58:11'),
(187, 15, NULL, 35, NULL, 'in', 1, 'সাবেক প্রবেশ ', '2025-03-31 05:48:00', '2025-04-12 05:51:47'),
(188, NULL, 35, 35, 168, 'out', 1, 'সাবেক ব্যালেন্স ', '2025-03-31 05:51:00', '2025-04-12 05:59:21'),
(189, 13, NULL, 38, NULL, 'in', 106, 'সাবেক প্রবেশ ', '2025-03-31 06:04:00', '2025-04-12 06:07:38'),
(190, NULL, 38, 38, 170, 'out', 106, 'সাবেক ব্যালেন্স ', '2025-03-31 06:14:00', '2025-04-12 06:18:32'),
(191, 13, NULL, 37, NULL, 'in', 16, 'সাবেক প্রবেশ ', '2025-03-31 06:31:00', '2025-04-12 06:32:41'),
(192, NULL, 38, 37, 171, 'out', 16, 'সাবেক ব্যালেন্স ', '2025-03-31 06:32:00', '2025-04-12 06:33:41'),
(193, 13, NULL, 36, NULL, 'in', 72, 'সাবেক প্রবেশ ', '2025-03-31 06:33:00', '2025-04-12 06:35:25'),
(194, NULL, 38, 36, 172, 'out', 72, 'সাবেক ব্যালেন্স ', '2025-03-31 06:35:00', '2025-04-12 06:36:34'),
(195, 13, NULL, 36, NULL, 'in', 205, 'সাবেক প্রবেশ ', '2025-03-31 07:13:00', '2025-04-12 07:14:18'),
(197, 12, NULL, 22, NULL, 'in', 37, '22964', '2025-04-23 00:40:00', '2025-05-17 07:41:02'),
(198, 12, NULL, 21, NULL, 'in', 96, '23172', '2025-05-04 00:41:00', '2025-05-18 23:12:33'),
(199, 12, NULL, 21, NULL, 'in', 80, '23454', '2025-05-14 00:48:00', '2025-05-18 23:12:53'),
(201, NULL, 38, 36, 180, 'out', 205, 'সাবেক প্রবেশ ', '2025-03-31 06:45:00', '2025-05-17 06:46:26'),
(202, NULL, 36, 30, 181, 'out', 20, 'সাবেক ব্যালেন্স', '2025-03-31 08:06:00', '2025-05-17 08:10:56'),
(204, NULL, 36, 22, 183, 'out', 37, '22964', '2025-04-22 23:10:00', '2025-05-18 23:12:11'),
(205, NULL, 36, 21, 184, 'out', 96, '23172', '2025-05-03 23:13:00', '2025-05-18 23:14:36'),
(206, NULL, 36, 21, 185, 'out', 80, '23454', '2025-05-13 23:14:00', '2025-05-18 23:15:45'),
(207, 12, NULL, 32, NULL, 'in', 74, '22966', '2025-04-23 02:13:00', '2025-05-19 02:15:34'),
(208, NULL, 36, 32, 198, 'out', 74, '22966', '2025-04-23 02:15:00', '2025-05-19 02:16:36'),
(209, 12, NULL, 33, NULL, 'in', 49, '৮৯২৭৯', '2025-05-04 03:16:00', '2025-05-19 03:18:00'),
(210, NULL, 36, 33, 207, 'out', 49, '89279', '2025-05-04 04:32:00', '2025-05-19 04:33:42'),
(211, 12, NULL, 33, NULL, 'in', 50, '৯০৪৮৮', '2025-05-14 05:11:00', '2025-05-19 05:12:35'),
(212, NULL, 36, 33, 219, 'out', 50, '৯০৪৮৮', '2025-05-14 05:12:00', '2025-05-19 05:13:09'),
(213, 12, NULL, 21, NULL, 'in', 51, '23744', '2025-05-25 03:29:00', '2025-05-31 03:30:32'),
(214, NULL, 36, 21, 221, 'out', 51, '23744', '2025-05-25 03:30:00', '2025-05-31 03:31:17'),
(215, 12, NULL, 21, NULL, 'in', 16, '23787', '2025-05-27 03:31:00', '2025-05-31 03:32:51'),
(216, NULL, 36, 21, 222, 'out', 16, '23787', '2025-05-27 03:32:00', '2025-05-31 03:33:23'),
(217, 12, NULL, 32, NULL, 'in', 58, '23787', '2025-05-27 03:36:00', '2025-05-31 03:37:29'),
(218, NULL, 36, 32, 223, 'out', 58, '23787', '2025-05-27 03:37:00', '2025-05-31 03:38:05'),
(219, 12, NULL, 33, NULL, 'in', 422, 'সাবেক ব্যালেন্স ', '2025-03-28 06:53:00', '2025-06-18 06:57:16'),
(220, NULL, 36, 33, 231, 'out', 422, 'সাবেক ব্যালেন্স ', '2025-03-28 06:58:00', '2025-06-18 06:59:05');

--
-- Indexes for dumped tables
--

--
-- Indexes for table `addresses`
--
ALTER TABLE `addresses`
  ADD PRIMARY KEY (`id`),
  ADD KEY `addreshCascad` (`user_id`);

--
-- Indexes for table `bims`
--
ALTER TABLE `bims`
  ADD PRIMARY KEY (`id`);

--
-- Indexes for table `bim_stocks`
--
ALTER TABLE `bim_stocks`
  ADD PRIMARY KEY (`id`),
  ADD KEY `bim_stocks_client_id_foreign` (`client_id`),
  ADD KEY `bim_stocks_branch_id_foreign` (`branch_id`),
  ADD KEY `bim_stocks_bim_id_foreign` (`bim_id`),
  ADD KEY `bim_stocks_branch_bim_stock_id_forain` (`branch_bim_stock_id`);

--
-- Indexes for table `branches`
--
ALTER TABLE `branches`
  ADD PRIMARY KEY (`id`),
  ADD UNIQUE KEY `branches_email_unique` (`email`);

--
-- Indexes for table `branch_bim_stocks`
--
ALTER TABLE `branch_bim_stocks`
  ADD PRIMARY KEY (`id`),
  ADD KEY `branch_bim_stocks_bim_stock_id_foreign` (`bim_stock_id`),
  ADD KEY `branch_bim_stocks_unit_id_foreign` (`unit_id`),
  ADD KEY `branch_bim_stocks_branch_id_foreign` (`branch_id`),
  ADD KEY `branch_bim_stocks_bim_id_foreign` (`bim_id`);

--
-- Indexes for table `branch_cloth_stocks`
--
ALTER TABLE `branch_cloth_stocks`
  ADD PRIMARY KEY (`id`),
  ADD KEY `branch_cloth_stocks_unit_id_foreign` (`unit_id`),
  ADD KEY `branch_cloth_stocks_cloth_stock_id_foreign` (`cloth_stock_id`),
  ADD KEY `branch_cloth_stocks_cloth_id_foreign` (`cloth_id`),
  ADD KEY `branch_cloth_stocks_branch_id_foreign` (`branch_id`);

--
-- Indexes for table `branch_user`
--
ALTER TABLE `branch_user`
  ADD PRIMARY KEY (`id`),
  ADD KEY `branch_user_branch_id_foreign` (`branch_id`),
  ADD KEY `user_id` (`user_id`);

--
-- Indexes for table `branch_yarn_stocks`
--
ALTER TABLE `branch_yarn_stocks`
  ADD PRIMARY KEY (`id`),
  ADD KEY `branch_yarn_stocks_yarn_stock_id_foreign` (`yarn_stock_id`),
  ADD KEY `branch_yarn_stocks_unit_id_foreign` (`unit_id`),
  ADD KEY `branch_yarn_stocks_yarn_id_foreign` (`yarn_id`),
  ADD KEY `branch_yarn_stocks_branch_id_foreign` (`branch_id`);

--
-- Indexes for table `chemicals`
--
ALTER TABLE `chemicals`
  ADD PRIMARY KEY (`id`);

--
-- Indexes for table `chemical_stocks`
--
ALTER TABLE `chemical_stocks`
  ADD PRIMARY KEY (`id`),
  ADD KEY `chemical_stocks_client_id_foreign` (`client_id`),
  ADD KEY `chemical_stocks_chemical_id_foreign` (`chemical_id`);

--
-- Indexes for table `clients`
--
ALTER TABLE `clients`
  ADD PRIMARY KEY (`id`),
  ADD UNIQUE KEY `clients_email_unique` (`email`);

--
-- Indexes for table `client_types`
--
ALTER TABLE `client_types`
  ADD PRIMARY KEY (`id`),
  ADD UNIQUE KEY `client_types_name_unique` (`name`);

--
-- Indexes for table `client_type_assigns`
--
ALTER TABLE `client_type_assigns`
  ADD PRIMARY KEY (`id`),
  ADD KEY `client_type_assigns_client_type_id_foreign` (`client_type_id`);

--
-- Indexes for table `client_type_pivot`
--
ALTER TABLE `client_type_pivot`
  ADD PRIMARY KEY (`id`),
  ADD KEY `client_type_pivot_client_id_foreign` (`client_id`),
  ADD KEY `client_type_pivot_type_id_foreign` (`type_id`);

--
-- Indexes for table `cloth`
--
ALTER TABLE `cloth`
  ADD PRIMARY KEY (`id`);

--
-- Indexes for table `cloth_stocks`
--
ALTER TABLE `cloth_stocks`
  ADD PRIMARY KEY (`id`),
  ADD KEY `cloth_stocks_client_id_foreign` (`client_id`),
  ADD KEY `cloth_stocks_cloth_id_foreign` (`cloth_id`),
  ADD KEY `cloth_stocks_branch_id_foreign` (`branch_id`),
  ADD KEY `branch_yarn_stock_id` (`branch_cloth_stock_id`);

--
-- Indexes for table `events`
--
ALTER TABLE `events`
  ADD PRIMARY KEY (`id`),
  ADD KEY `events_user_id_foreign` (`user_id`);

--
-- Indexes for table `failed_jobs`
--
ALTER TABLE `failed_jobs`
  ADD PRIMARY KEY (`id`),
  ADD UNIQUE KEY `failed_jobs_uuid_unique` (`uuid`);

--
-- Indexes for table `ledger_entries`
--
ALTER TABLE `ledger_entries`
  ADD PRIMARY KEY (`id`),
  ADD KEY `ledger_entries_client_id_foreign` (`client_id`),
  ADD KEY `ledger_entries_type_index` (`type`);

--
-- Indexes for table `migrations`
--
ALTER TABLE `migrations`
  ADD PRIMARY KEY (`id`);

--
-- Indexes for table `model_has_permissions`
--
ALTER TABLE `model_has_permissions`
  ADD PRIMARY KEY (`permission_id`,`model_id`,`model_type`),
  ADD KEY `model_has_permissions_model_id_model_type_index` (`model_id`,`model_type`);

--
-- Indexes for table `model_has_roles`
--
ALTER TABLE `model_has_roles`
  ADD PRIMARY KEY (`role_id`,`model_id`,`model_type`),
  ADD KEY `model_has_roles_model_id_model_type_index` (`model_id`,`model_type`);

--
-- Indexes for table `permissions`
--
ALTER TABLE `permissions`
  ADD PRIMARY KEY (`id`),
  ADD UNIQUE KEY `permissions_name_guard_name_unique` (`name`,`guard_name`);

--
-- Indexes for table `roles`
--
ALTER TABLE `roles`
  ADD PRIMARY KEY (`id`),
  ADD UNIQUE KEY `roles_name_guard_name_unique` (`name`,`guard_name`);

--
-- Indexes for table `role_has_permissions`
--
ALTER TABLE `role_has_permissions`
  ADD PRIMARY KEY (`permission_id`,`role_id`),
  ADD KEY `role_has_permissions_role_id_foreign` (`role_id`);

--
-- Indexes for table `sessions`
--
ALTER TABLE `sessions`
  ADD PRIMARY KEY (`id`),
  ADD KEY `sessions_user_id_index` (`user_id`),
  ADD KEY `sessions_last_activity_index` (`last_activity`);

--
-- Indexes for table `sizing_bims`
--
ALTER TABLE `sizing_bims`
  ADD PRIMARY KEY (`id`);

--
-- Indexes for table `sizing_bim_stocks`
--
ALTER TABLE `sizing_bim_stocks`
  ADD PRIMARY KEY (`id`),
  ADD KEY `sizing_bim_stocks_client_id_foreign` (`client_id`),
  ADD KEY `sizing_bim_stocks_bim_id_foreign` (`bim_id`);

--
-- Indexes for table `sizing_ledger_entries`
--
ALTER TABLE `sizing_ledger_entries`
  ADD PRIMARY KEY (`id`),
  ADD KEY `sizing_ledger_entries_client_id_foreign` (`client_id`),
  ADD KEY `sizing_ledger_entries_type_index` (`type`);

--
-- Indexes for table `sizing_yarns`
--
ALTER TABLE `sizing_yarns`
  ADD PRIMARY KEY (`id`);

--
-- Indexes for table `sizing_yarn_stocks`
--
ALTER TABLE `sizing_yarn_stocks`
  ADD PRIMARY KEY (`id`),
  ADD KEY `sizing_yarn_stocks_client_id_foreign` (`client_id`),
  ADD KEY `sizing_yarn_stocks_yarn_id_foreign` (`yarn_id`);

--
-- Indexes for table `units`
--
ALTER TABLE `units`
  ADD PRIMARY KEY (`id`),
  ADD UNIQUE KEY `units_email_unique` (`email`),
  ADD KEY `units_branch_id_foreign` (`branch_id`);

--
-- Indexes for table `unit_types`
--
ALTER TABLE `unit_types`
  ADD PRIMARY KEY (`id`),
  ADD KEY `unit_types_name_index` (`name`);

--
-- Indexes for table `unit_type_assigns`
--
ALTER TABLE `unit_type_assigns`
  ADD PRIMARY KEY (`id`),
  ADD KEY `unit_type_assigns_unit_type_id_foreign` (`unit_type_id`),
  ADD KEY `unit_type_assigns_name_index` (`name`);

--
-- Indexes for table `unit_type_pivot`
--
ALTER TABLE `unit_type_pivot`
  ADD PRIMARY KEY (`id`),
  ADD KEY `unit_type_pivot_unit_id_foreign` (`unit_id`),
  ADD KEY `unit_type_pivot_type_id_foreign` (`type_id`);

--
-- Indexes for table `yarns`
--
ALTER TABLE `yarns`
  ADD PRIMARY KEY (`id`);

--
-- Indexes for table `yarn_stocks`
--
ALTER TABLE `yarn_stocks`
  ADD PRIMARY KEY (`id`),
  ADD KEY `yarn_stocks_client_id_foreign` (`client_id`),
  ADD KEY `yarn_stocks_branch_id_foreign` (`branch_id`),
  ADD KEY `yarn_stock_yarn_id_foreign` (`yarn_id`),
  ADD KEY `branch_yarn_stocks_id_foren_key` (`branch_yarn_stock_id`);

--
-- AUTO_INCREMENT for dumped tables
--

--
-- AUTO_INCREMENT for table `addresses`
--
ALTER TABLE `addresses`
  MODIFY `id` bigint(20) UNSIGNED NOT NULL AUTO_INCREMENT, AUTO_INCREMENT=3;

--
-- AUTO_INCREMENT for table `bims`
--
ALTER TABLE `bims`
  MODIFY `id` bigint(20) UNSIGNED NOT NULL AUTO_INCREMENT, AUTO_INCREMENT=14;

--
-- AUTO_INCREMENT for table `bim_stocks`
--
ALTER TABLE `bim_stocks`
  MODIFY `id` bigint(20) UNSIGNED NOT NULL AUTO_INCREMENT, AUTO_INCREMENT=26;

--
-- AUTO_INCREMENT for table `branches`
--
ALTER TABLE `branches`
  MODIFY `id` bigint(20) UNSIGNED NOT NULL AUTO_INCREMENT, AUTO_INCREMENT=44;

--
-- AUTO_INCREMENT for table `branch_bim_stocks`
--
ALTER TABLE `branch_bim_stocks`
  MODIFY `id` bigint(20) UNSIGNED NOT NULL AUTO_INCREMENT, AUTO_INCREMENT=26;

--
-- AUTO_INCREMENT for table `branch_cloth_stocks`
--
ALTER TABLE `branch_cloth_stocks`
  MODIFY `id` bigint(20) UNSIGNED NOT NULL AUTO_INCREMENT, AUTO_INCREMENT=57;

--
-- AUTO_INCREMENT for table `branch_user`
--
ALTER TABLE `branch_user`
  MODIFY `id` bigint(20) UNSIGNED NOT NULL AUTO_INCREMENT, AUTO_INCREMENT=26;

--
-- AUTO_INCREMENT for table `branch_yarn_stocks`
--
ALTER TABLE `branch_yarn_stocks`
  MODIFY `id` bigint(20) UNSIGNED NOT NULL AUTO_INCREMENT, AUTO_INCREMENT=233;

--
-- AUTO_INCREMENT for table `chemicals`
--
ALTER TABLE `chemicals`
  MODIFY `id` bigint(20) UNSIGNED NOT NULL AUTO_INCREMENT, AUTO_INCREMENT=13;

--
-- AUTO_INCREMENT for table `chemical_stocks`
--
ALTER TABLE `chemical_stocks`
  MODIFY `id` bigint(20) UNSIGNED NOT NULL AUTO_INCREMENT, AUTO_INCREMENT=96;

--
-- AUTO_INCREMENT for table `clients`
--
ALTER TABLE `clients`
  MODIFY `id` bigint(20) UNSIGNED NOT NULL AUTO_INCREMENT, AUTO_INCREMENT=155;

--
-- AUTO_INCREMENT for table `client_types`
--
ALTER TABLE `client_types`
  MODIFY `id` bigint(20) UNSIGNED NOT NULL AUTO_INCREMENT, AUTO_INCREMENT=14;

--
-- AUTO_INCREMENT for table `client_type_assigns`
--
ALTER TABLE `client_type_assigns`
  MODIFY `id` bigint(20) UNSIGNED NOT NULL AUTO_INCREMENT, AUTO_INCREMENT=11;

--
-- AUTO_INCREMENT for table `client_type_pivot`
--
ALTER TABLE `client_type_pivot`
  MODIFY `id` bigint(20) UNSIGNED NOT NULL AUTO_INCREMENT, AUTO_INCREMENT=240;

--
-- AUTO_INCREMENT for table `cloth`
--
ALTER TABLE `cloth`
  MODIFY `id` bigint(20) UNSIGNED NOT NULL AUTO_INCREMENT, AUTO_INCREMENT=17;

--
-- AUTO_INCREMENT for table `cloth_stocks`
--
ALTER TABLE `cloth_stocks`
  MODIFY `id` bigint(20) UNSIGNED NOT NULL AUTO_INCREMENT, AUTO_INCREMENT=63;

--
-- AUTO_INCREMENT for table `events`
--
ALTER TABLE `events`
  MODIFY `id` bigint(20) UNSIGNED NOT NULL AUTO_INCREMENT, AUTO_INCREMENT=22;

--
-- AUTO_INCREMENT for table `failed_jobs`
--
ALTER TABLE `failed_jobs`
  MODIFY `id` bigint(20) UNSIGNED NOT NULL AUTO_INCREMENT;

--
-- AUTO_INCREMENT for table `ledger_entries`
--
ALTER TABLE `ledger_entries`
  MODIFY `id` bigint(20) UNSIGNED NOT NULL AUTO_INCREMENT, AUTO_INCREMENT=472;

--
-- AUTO_INCREMENT for table `migrations`
--
ALTER TABLE `migrations`
  MODIFY `id` int(10) UNSIGNED NOT NULL AUTO_INCREMENT, AUTO_INCREMENT=47;

--
-- AUTO_INCREMENT for table `permissions`
--
ALTER TABLE `permissions`
  MODIFY `id` bigint(20) UNSIGNED NOT NULL AUTO_INCREMENT, AUTO_INCREMENT=198;

--
-- AUTO_INCREMENT for table `roles`
--
ALTER TABLE `roles`
  MODIFY `id` bigint(20) UNSIGNED NOT NULL AUTO_INCREMENT, AUTO_INCREMENT=22;

--
-- AUTO_INCREMENT for table `sizing_bims`
--
ALTER TABLE `sizing_bims`
  MODIFY `id` bigint(20) UNSIGNED NOT NULL AUTO_INCREMENT, AUTO_INCREMENT=29;

--
-- AUTO_INCREMENT for table `sizing_bim_stocks`
--
ALTER TABLE `sizing_bim_stocks`
  MODIFY `id` bigint(20) UNSIGNED NOT NULL AUTO_INCREMENT, AUTO_INCREMENT=10;

--
-- AUTO_INCREMENT for table `sizing_ledger_entries`
--
ALTER TABLE `sizing_ledger_entries`
  MODIFY `id` bigint(20) UNSIGNED NOT NULL AUTO_INCREMENT, AUTO_INCREMENT=1858;

--
-- AUTO_INCREMENT for table `sizing_yarns`
--
ALTER TABLE `sizing_yarns`
  MODIFY `id` bigint(20) UNSIGNED NOT NULL AUTO_INCREMENT, AUTO_INCREMENT=6;

--
-- AUTO_INCREMENT for table `sizing_yarn_stocks`
--
ALTER TABLE `sizing_yarn_stocks`
  MODIFY `id` bigint(20) UNSIGNED NOT NULL AUTO_INCREMENT, AUTO_INCREMENT=22;

--
-- AUTO_INCREMENT for table `units`
--
ALTER TABLE `units`
  MODIFY `id` bigint(20) UNSIGNED NOT NULL AUTO_INCREMENT, AUTO_INCREMENT=25;

--
-- AUTO_INCREMENT for table `unit_types`
--
ALTER TABLE `unit_types`
  MODIFY `id` bigint(20) UNSIGNED NOT NULL AUTO_INCREMENT, AUTO_INCREMENT=11;

--
-- AUTO_INCREMENT for table `unit_type_assigns`
--
ALTER TABLE `unit_type_assigns`
  MODIFY `id` bigint(20) UNSIGNED NOT NULL AUTO_INCREMENT, AUTO_INCREMENT=4;

--
-- AUTO_INCREMENT for table `unit_type_pivot`
--
ALTER TABLE `unit_type_pivot`
  MODIFY `id` bigint(20) UNSIGNED NOT NULL AUTO_INCREMENT, AUTO_INCREMENT=78;

--
-- AUTO_INCREMENT for table `yarns`
--
ALTER TABLE `yarns`
  MODIFY `id` bigint(20) UNSIGNED NOT NULL AUTO_INCREMENT, AUTO_INCREMENT=39;

--
-- AUTO_INCREMENT for table `yarn_stocks`
--
ALTER TABLE `yarn_stocks`
  MODIFY `id` bigint(20) UNSIGNED NOT NULL AUTO_INCREMENT, AUTO_INCREMENT=221;

--
-- Constraints for dumped tables
--

--
-- Constraints for table `addresses`
--
ALTER TABLE `addresses`
  ADD CONSTRAINT `addreshCascad` FOREIGN KEY (`user_id`) REFERENCES `users` (`id`) ON DELETE CASCADE ON UPDATE CASCADE;

--
-- Constraints for table `bim_stocks`
--
ALTER TABLE `bim_stocks`
  ADD CONSTRAINT `bim_stocks_bim_id_foreign` FOREIGN KEY (`bim_id`) REFERENCES `bims` (`id`) ON DELETE CASCADE,
  ADD CONSTRAINT `bim_stocks_branch_bim_stock_id_forain` FOREIGN KEY (`branch_bim_stock_id`) REFERENCES `branch_bim_stocks` (`id`) ON DELETE CASCADE,
  ADD CONSTRAINT `bim_stocks_branch_id_foreign` FOREIGN KEY (`branch_id`) REFERENCES `branches` (`id`) ON DELETE CASCADE,
  ADD CONSTRAINT `bim_stocks_client_id_foreign` FOREIGN KEY (`client_id`) REFERENCES `clients` (`id`) ON DELETE CASCADE;

--
-- Constraints for table `branch_bim_stocks`
--
ALTER TABLE `branch_bim_stocks`
  ADD CONSTRAINT `branch_bim_stocks_bim_id_foreign` FOREIGN KEY (`bim_id`) REFERENCES `bims` (`id`) ON DELETE CASCADE,
  ADD CONSTRAINT `branch_bim_stocks_bim_stock_id_foreign` FOREIGN KEY (`bim_stock_id`) REFERENCES `bim_stocks` (`id`) ON DELETE CASCADE,
  ADD CONSTRAINT `branch_bim_stocks_branch_id_foreign` FOREIGN KEY (`branch_id`) REFERENCES `branches` (`id`) ON DELETE CASCADE,
  ADD CONSTRAINT `branch_bim_stocks_unit_id_foreign` FOREIGN KEY (`unit_id`) REFERENCES `units` (`id`) ON DELETE CASCADE;

--
-- Constraints for table `branch_cloth_stocks`
--
ALTER TABLE `branch_cloth_stocks`
  ADD CONSTRAINT `branch_cloth_stocks_branch_id_foreign` FOREIGN KEY (`branch_id`) REFERENCES `branches` (`id`) ON DELETE CASCADE,
  ADD CONSTRAINT `branch_cloth_stocks_cloth_id_foreign` FOREIGN KEY (`cloth_id`) REFERENCES `cloth` (`id`) ON DELETE CASCADE,
  ADD CONSTRAINT `branch_cloth_stocks_cloth_stock_id_foreign` FOREIGN KEY (`cloth_stock_id`) REFERENCES `cloth_stocks` (`id`) ON DELETE CASCADE,
  ADD CONSTRAINT `branch_cloth_stocks_unit_id_foreign` FOREIGN KEY (`unit_id`) REFERENCES `units` (`id`) ON DELETE CASCADE;

--
-- Constraints for table `branch_user`
--
ALTER TABLE `branch_user`
  ADD CONSTRAINT `branch_user_branch_id_foreign` FOREIGN KEY (`branch_id`) REFERENCES `branches` (`id`) ON DELETE CASCADE ON UPDATE CASCADE,
  ADD CONSTRAINT `branch_user_ibfk_1` FOREIGN KEY (`user_id`) REFERENCES `users` (`id`);

--
-- Constraints for table `branch_yarn_stocks`
--
ALTER TABLE `branch_yarn_stocks`
  ADD CONSTRAINT `branch_yarn_stocks_branch_id_foreign` FOREIGN KEY (`branch_id`) REFERENCES `branches` (`id`) ON DELETE CASCADE,
  ADD CONSTRAINT `branch_yarn_stocks_unit_id_foreign` FOREIGN KEY (`unit_id`) REFERENCES `units` (`id`) ON DELETE CASCADE,
  ADD CONSTRAINT `branch_yarn_stocks_yarn_id_foreign` FOREIGN KEY (`yarn_id`) REFERENCES `yarns` (`id`) ON DELETE CASCADE,
  ADD CONSTRAINT `branch_yarn_stocks_yarn_stock_id_foreign` FOREIGN KEY (`yarn_stock_id`) REFERENCES `yarn_stocks` (`id`) ON DELETE CASCADE;

--
-- Constraints for table `chemical_stocks`
--
ALTER TABLE `chemical_stocks`
  ADD CONSTRAINT `chemical_stocks_chemical_id_foreign` FOREIGN KEY (`chemical_id`) REFERENCES `chemicals` (`id`) ON DELETE CASCADE,
  ADD CONSTRAINT `chemical_stocks_client_id_foreign` FOREIGN KEY (`client_id`) REFERENCES `clients` (`id`) ON DELETE CASCADE;

--
-- Constraints for table `client_type_assigns`
--
ALTER TABLE `client_type_assigns`
  ADD CONSTRAINT `client_type_assigns_client_type_id_foreign` FOREIGN KEY (`client_type_id`) REFERENCES `client_types` (`id`) ON DELETE CASCADE;

--
-- Constraints for table `client_type_pivot`
--
ALTER TABLE `client_type_pivot`
  ADD CONSTRAINT `client_type_pivot_client_id_foreign` FOREIGN KEY (`client_id`) REFERENCES `clients` (`id`) ON DELETE CASCADE,
  ADD CONSTRAINT `client_type_pivot_type_id_foreign` FOREIGN KEY (`type_id`) REFERENCES `client_types` (`id`) ON DELETE CASCADE;

--
-- Constraints for table `cloth_stocks`
--
ALTER TABLE `cloth_stocks`
  ADD CONSTRAINT `branch_yarn_stock_id` FOREIGN KEY (`branch_cloth_stock_id`) REFERENCES `branch_cloth_stocks` (`id`) ON DELETE CASCADE,
  ADD CONSTRAINT `cloth_stocks_branch_id_foreign` FOREIGN KEY (`branch_id`) REFERENCES `branches` (`id`) ON DELETE CASCADE,
  ADD CONSTRAINT `cloth_stocks_client_id_foreign` FOREIGN KEY (`client_id`) REFERENCES `clients` (`id`) ON DELETE CASCADE,
  ADD CONSTRAINT `cloth_stocks_cloth_id_foreign` FOREIGN KEY (`cloth_id`) REFERENCES `cloth` (`id`) ON DELETE CASCADE;

--
-- Constraints for table `events`
--
ALTER TABLE `events`
  ADD CONSTRAINT `events_user_id_foreign` FOREIGN KEY (`user_id`) REFERENCES `users` (`id`) ON DELETE CASCADE ON UPDATE CASCADE;

--
-- Constraints for table `ledger_entries`
--
ALTER TABLE `ledger_entries`
  ADD CONSTRAINT `ledger_entries_client_id_foreign` FOREIGN KEY (`client_id`) REFERENCES `clients` (`id`) ON DELETE CASCADE;

--
-- Constraints for table `model_has_permissions`
--
ALTER TABLE `model_has_permissions`
  ADD CONSTRAINT `model_has_permissions_permission_id_foreign` FOREIGN KEY (`permission_id`) REFERENCES `permissions` (`id`) ON DELETE CASCADE;

--
-- Constraints for table `model_has_roles`
--
ALTER TABLE `model_has_roles`
  ADD CONSTRAINT `model_has_roles_role_id_foreign` FOREIGN KEY (`role_id`) REFERENCES `roles` (`id`) ON DELETE CASCADE;

--
-- Constraints for table `role_has_permissions`
--
ALTER TABLE `role_has_permissions`
  ADD CONSTRAINT `role_has_permissions_permission_id_foreign` FOREIGN KEY (`permission_id`) REFERENCES `permissions` (`id`) ON DELETE CASCADE,
  ADD CONSTRAINT `role_has_permissions_role_id_foreign` FOREIGN KEY (`role_id`) REFERENCES `roles` (`id`) ON DELETE CASCADE;

--
-- Constraints for table `sizing_bim_stocks`
--
ALTER TABLE `sizing_bim_stocks`
  ADD CONSTRAINT `sizing_bim_stocks_bim_id_foreign` FOREIGN KEY (`bim_id`) REFERENCES `sizing_bims` (`id`) ON DELETE CASCADE,
  ADD CONSTRAINT `sizing_bim_stocks_client_id_foreign` FOREIGN KEY (`client_id`) REFERENCES `clients` (`id`) ON DELETE CASCADE;

--
-- Constraints for table `sizing_ledger_entries`
--
ALTER TABLE `sizing_ledger_entries`
  ADD CONSTRAINT `sizing_ledger_entries_client_id_foreign` FOREIGN KEY (`client_id`) REFERENCES `clients` (`id`) ON DELETE CASCADE;

--
-- Constraints for table `sizing_yarn_stocks`
--
ALTER TABLE `sizing_yarn_stocks`
  ADD CONSTRAINT `sizing_yarn_stocks_client_id_foreign` FOREIGN KEY (`client_id`) REFERENCES `clients` (`id`) ON DELETE CASCADE,
  ADD CONSTRAINT `sizing_yarn_stocks_yarn_id_foreign` FOREIGN KEY (`yarn_id`) REFERENCES `sizing_yarns` (`id`) ON DELETE CASCADE;

--
-- Constraints for table `units`
--
ALTER TABLE `units`
  ADD CONSTRAINT `units_branch_id_foreign` FOREIGN KEY (`branch_id`) REFERENCES `branches` (`id`) ON DELETE CASCADE;

--
-- Constraints for table `unit_type_assigns`
--
ALTER TABLE `unit_type_assigns`
  ADD CONSTRAINT `unit_type_assigns_unit_type_id_foreign` FOREIGN KEY (`unit_type_id`) REFERENCES `unit_types` (`id`) ON DELETE CASCADE;

--
-- Constraints for table `unit_type_pivot`
--
ALTER TABLE `unit_type_pivot`
  ADD CONSTRAINT `unit_type_pivot_type_id_foreign` FOREIGN KEY (`type_id`) REFERENCES `unit_types` (`id`) ON DELETE CASCADE,
  ADD CONSTRAINT `unit_type_pivot_unit_id_foreign` FOREIGN KEY (`unit_id`) REFERENCES `units` (`id`) ON DELETE CASCADE;

--
-- Constraints for table `yarn_stocks`
--
ALTER TABLE `yarn_stocks`
  ADD CONSTRAINT `branch_yarn_stocks_id_foren_key` FOREIGN KEY (`branch_yarn_stock_id`) REFERENCES `branch_yarn_stocks` (`id`) ON DELETE CASCADE,
  ADD CONSTRAINT `yarn_stock_yarn_id_foreign` FOREIGN KEY (`yarn_id`) REFERENCES `yarns` (`id`) ON DELETE CASCADE,
  ADD CONSTRAINT `yarn_stocks_branch_id_foreign` FOREIGN KEY (`branch_id`) REFERENCES `branches` (`id`) ON DELETE CASCADE,
  ADD CONSTRAINT `yarn_stocks_client_id_foreign` FOREIGN KEY (`client_id`) REFERENCES `clients` (`id`) ON DELETE CASCADE;
COMMIT;

